Last updated on 2025-02-23 19:51:12 CET.
Flavor | Version | Tinstall | Tcheck | Ttotal | Status | Flags |
---|---|---|---|---|---|---|
r-devel-linux-x86_64-debian-clang | 0.5.1 | 9.05 | 85.18 | 94.23 | NOTE | |
r-devel-linux-x86_64-debian-gcc | 0.5.1 | 6.15 | 61.10 | 67.25 | NOTE | |
r-devel-linux-x86_64-fedora-clang | 0.5.1 | 135.60 | ERROR | |||
r-devel-linux-x86_64-fedora-gcc | 0.5.1 | 143.70 | ERROR | |||
r-devel-macos-arm64 | 0.5.1 | 57.00 | OK | |||
r-devel-macos-x86_64 | 0.5.1 | 102.00 | OK | |||
r-devel-windows-x86_64 | 0.5.1 | 10.00 | 94.00 | 104.00 | NOTE | |
r-patched-linux-x86_64 | 0.5.1 | 16.71 | 79.93 | 96.64 | OK | |
r-release-linux-x86_64 | 0.5.1 | 7.19 | 79.67 | 86.86 | OK | |
r-release-macos-arm64 | 0.5.1 | 50.00 | OK | |||
r-release-macos-x86_64 | 0.5.1 | 71.00 | OK | |||
r-release-windows-x86_64 | 0.5.1 | 10.00 | 93.00 | 103.00 | OK | |
r-oldrel-macos-arm64 | 0.5.1 | 56.00 | OK | |||
r-oldrel-macos-x86_64 | 0.5.1 | 81.00 | OK | |||
r-oldrel-windows-x86_64 | 0.5.1 | 12.00 | 114.00 | 126.00 | OK |
Version: 0.5.1
Check: Rd cross-references
Result: NOTE
Found the following Rd file(s) with Rd \link{} targets missing package
anchors:
mdmr.Rd: davies
mixed.mdmr.Rd: lmer, lme4, davies
Please provide package anchors for all Rd \link{} targets not in the
package itself and the base packages.
Flavors: r-devel-linux-x86_64-debian-clang, r-devel-linux-x86_64-debian-gcc, r-devel-windows-x86_64
Version: 0.5.1
Check: examples
Result: ERROR
Running examples in ‘MDMR-Ex.R’ failed
The error most likely occurred in:
> ### Name: MDMR-package
> ### Title: Multivariate Distance Matrix Regression
> ### Aliases: MDMR-package MDMR
>
> ### ** Examples
>
> ################################################################
> ## Conducting MDMR on data comprised of independent observations
> ################################################################
> # Source data
> data(mdmrdata)
>
> # Get distance matrix
> D <- dist(Y.mdmr, method = 'euclidean')
>
> # Conduct MDMR
> mdmr.res <- mdmr(X = X.mdmr, D = D)
> summary(mdmr.res)
Statistic Numer.DF Pseudo.R2 Analytic.p.value
(Omnibus) 0.1602 3 0.1380 < 1e-20 ***
X1 0.0652 1 0.0562 < 1e-13 ***
X2 0.0242 1 0.0208 5.2361e-07 ***
X3 0.0751 1 0.0648 < 1e-14 ***
---
Signif. codes: 0 "***" 0.001 "**" 0.01 "*" 0.05 "." 0.1 " " 1>
> ################################################################
> ## Conducting MDMR on data comprised of dependent observations
> ################################################################
> # Source data
> data("clustmdmrdata")
>
> # Get distance matrix
> D <- dist(Y.clust)
>
> # Conduct mixed-MDMR
> mixed.res <- mixed.mdmr(~ x1 + x2 + (x1 + x2 | grp),
+ data = X.clust, D = D)
Warning in optwrap(optimizer, devfun, getStart(start, rho$pp), lower = rho$lower, :
convergence code -2 from nloptwrap: NLOPT_INVALID_ARGS: Invalid arguments (e.g. lower bounds are bigger than upper bounds, an unknown algorithm was specified, etcetera).
Warning in optwrap(optimizer, devfun, getStart(start, rho$pp), lower = rho$lower, :
convergence code -2 from nloptwrap: NLOPT_INVALID_ARGS: Invalid arguments (e.g. lower bounds are bigger than upper bounds, an unknown algorithm was specified, etcetera).
Warning in optwrap(optimizer, devfun, getStart(start, rho$pp), lower = rho$lower, :
convergence code -2 from nloptwrap: NLOPT_INVALID_ARGS: Invalid arguments (e.g. lower bounds are bigger than upper bounds, an unknown algorithm was specified, etcetera).
Warning in optwrap(optimizer, devfun, getStart(start, rho$pp), lower = rho$lower, :
convergence code -2 from nloptwrap: NLOPT_INVALID_ARGS: Invalid arguments (e.g. lower bounds are bigger than upper bounds, an unknown algorithm was specified, etcetera).
Warning in optwrap(optimizer, devfun, getStart(start, rho$pp), lower = rho$lower, :
convergence code -2 from nloptwrap: NLOPT_INVALID_ARGS: Invalid arguments (e.g. lower bounds are bigger than upper bounds, an unknown algorithm was specified, etcetera).
Warning in optwrap(optimizer, devfun, getStart(start, rho$pp), lower = rho$lower, :
convergence code -2 from nloptwrap: NLOPT_INVALID_ARGS: Invalid arguments (e.g. lower bounds are bigger than upper bounds, an unknown algorithm was specified, etcetera).
Warning in optwrap(optimizer, devfun, getStart(start, rho$pp), lower = rho$lower, :
convergence code -2 from nloptwrap: NLOPT_INVALID_ARGS: Invalid arguments (e.g. lower bounds are bigger than upper bounds, an unknown algorithm was specified, etcetera).
Warning in optwrap(optimizer, devfun, getStart(start, rho$pp), lower = rho$lower, :
convergence code -2 from nloptwrap: NLOPT_INVALID_ARGS: Invalid arguments (e.g. lower bounds are bigger than upper bounds, an unknown algorithm was specified, etcetera).
Warning in optwrap(optimizer, devfun, getStart(start, rho$pp), lower = rho$lower, :
convergence code -2 from nloptwrap: NLOPT_INVALID_ARGS: Invalid arguments (e.g. lower bounds are bigger than upper bounds, an unknown algorithm was specified, etcetera).
Warning in optwrap(optimizer, devfun, getStart(start, rho$pp), lower = rho$lower, :
convergence code -2 from nloptwrap: NLOPT_INVALID_ARGS: Invalid arguments (e.g. lower bounds are bigger than upper bounds, an unknown algorithm was specified, etcetera).
Warning in optwrap(optimizer, devfun, getStart(start, rho$pp), lower = rho$lower, :
convergence code -2 from nloptwrap: NLOPT_INVALID_ARGS: Invalid arguments (e.g. lower bounds are bigger than upper bounds, an unknown algorithm was specified, etcetera).
Warning in optwrap(optimizer, devfun, getStart(start, rho$pp), lower = rho$lower, :
convergence code -2 from nloptwrap: NLOPT_INVALID_ARGS: Invalid arguments (e.g. lower bounds are bigger than upper bounds, an unknown algorithm was specified, etcetera).
Warning in optwrap(optimizer, devfun, getStart(start, rho$pp), lower = rho$lower, :
convergence code -2 from nloptwrap: NLOPT_INVALID_ARGS: Invalid arguments (e.g. lower bounds are bigger than upper bounds, an unknown algorithm was specified, etcetera).
Warning in optwrap(optimizer, devfun, getStart(start, rho$pp), lower = rho$lower, :
convergence code -2 from nloptwrap: NLOPT_INVALID_ARGS: Invalid arguments (e.g. lower bounds are bigger than upper bounds, an unknown algorithm was specified, etcetera).
Warning in optwrap(optimizer, devfun, getStart(start, rho$pp), lower = rho$lower, :
convergence code -2 from nloptwrap: NLOPT_INVALID_ARGS: Invalid arguments (e.g. lower bounds are bigger than upper bounds, an unknown algorithm was specified, etcetera).
Warning in optwrap(optimizer, devfun, getStart(start, rho$pp), lower = rho$lower, :
convergence code -2 from nloptwrap: NLOPT_INVALID_ARGS: Invalid arguments (e.g. lower bounds are bigger than upper bounds, an unknown algorithm was specified, etcetera).
Warning in optwrap(optimizer, devfun, getStart(start, rho$pp), lower = rho$lower, :
convergence code -2 from nloptwrap: NLOPT_INVALID_ARGS: Invalid arguments (e.g. lower bounds are bigger than upper bounds, an unknown algorithm was specified, etcetera).
Warning in optwrap(optimizer, devfun, getStart(start, rho$pp), lower = rho$lower, :
convergence code -2 from nloptwrap: NLOPT_INVALID_ARGS: Invalid arguments (e.g. lower bounds are bigger than upper bounds, an unknown algorithm was specified, etcetera).
Warning in optwrap(optimizer, devfun, getStart(start, rho$pp), lower = rho$lower, :
convergence code -2 from nloptwrap: NLOPT_INVALID_ARGS: Invalid arguments (e.g. lower bounds are bigger than upper bounds, an unknown algorithm was specified, etcetera).
Warning in optwrap(optimizer, devfun, getStart(start, rho$pp), lower = rho$lower, :
convergence code -2 from nloptwrap: NLOPT_INVALID_ARGS: Invalid arguments (e.g. lower bounds are bigger than upper bounds, an unknown algorithm was specified, etcetera).
Warning in optwrap(optimizer, devfun, getStart(start, rho$pp), lower = rho$lower, :
convergence code -2 from nloptwrap: NLOPT_INVALID_ARGS: Invalid arguments (e.g. lower bounds are bigger than upper bounds, an unknown algorithm was specified, etcetera).
Warning in optwrap(optimizer, devfun, getStart(start, rho$pp), lower = rho$lower, :
convergence code -2 from nloptwrap: NLOPT_INVALID_ARGS: Invalid arguments (e.g. lower bounds are bigger than upper bounds, an unknown algorithm was specified, etcetera).
Warning in optwrap(optimizer, devfun, getStart(start, rho$pp), lower = rho$lower, :
convergence code -2 from nloptwrap: NLOPT_INVALID_ARGS: Invalid arguments (e.g. lower bounds are bigger than upper bounds, an unknown algorithm was specified, etcetera).
Warning in optwrap(optimizer, devfun, getStart(start, rho$pp), lower = rho$lower, :
convergence code -2 from nloptwrap: NLOPT_INVALID_ARGS: Invalid arguments (e.g. lower bounds are bigger than upper bounds, an unknown algorithm was specified, etcetera).
Error in CompQuadForm::davies(tilde.l[k], lambda = lambda, h = rep(df, :
NA/NaN/Inf in foreign function call (arg 6)
Calls: mixed.mdmr ... unlist -> <Anonymous> -> lapply -> FUN -> <Anonymous>
Execution halted
Flavors: r-devel-linux-x86_64-fedora-clang, r-devel-linux-x86_64-fedora-gcc
These binaries (installable software) and packages are in development.
They may not be fully stable and should be used with caution. We make no claims about them.
Health stats visible at Monitor.