CRAN Package Check Results for Package MCID

Last updated on 2025-05-15 11:50:06 CEST.

Flavor Version Tinstall Tcheck Ttotal Status Flags
r-devel-linux-x86_64-debian-clang 0.1.0 2.04 22.37 24.41 NOTE
r-devel-linux-x86_64-debian-gcc 0.1.0 1.62 17.62 19.24 NOTE
r-devel-linux-x86_64-fedora-clang 0.1.0 36.27 OK
r-devel-linux-x86_64-fedora-gcc 0.1.0 34.65 OK
r-devel-windows-x86_64 0.1.0 3.00 43.00 46.00 OK
r-patched-linux-x86_64 0.1.0 1.93 20.53 22.46 OK
r-release-linux-x86_64 0.1.0 2.24 20.11 22.35 OK
r-release-macos-arm64 0.1.0 28.00 OK
r-release-macos-x86_64 0.1.0 25.00 OK
r-release-windows-x86_64 0.1.0 3.00 44.00 47.00 OK
r-oldrel-macos-arm64 0.1.0 16.00 OK
r-oldrel-macos-x86_64 0.1.0 31.00 OK
r-oldrel-windows-x86_64 0.1.0 4.00 43.00 47.00 OK

Check Details

Version: 0.1.0
Check: CRAN incoming feasibility
Result: NOTE Maintainer: ‘Zehua Zhou <zehuazho@buffalo.edu>’ The Description field contains Bisson and Jiwei Zhao (2021) <arXiv:2108.11589>. Please refer to arXiv e-prints via their arXiv DOI <doi:10.48550/arXiv.YYMM.NNNNN>. Flavors: r-devel-linux-x86_64-debian-clang, r-devel-linux-x86_64-debian-gcc

These binaries (installable software) and packages are in development.
They may not be fully stable and should be used with caution. We make no claims about them.
Health stats visible at Monitor.