Last updated on 2025-02-23 19:51:12 CET.
Flavor | Version | Tinstall | Tcheck | Ttotal | Status | Flags |
---|---|---|---|---|---|---|
r-devel-linux-x86_64-debian-clang | 2.6.1 | 6.64 | 56.61 | 63.25 | NOTE | |
r-devel-linux-x86_64-debian-gcc | 2.6.1 | 4.23 | 39.81 | 44.04 | NOTE | |
r-devel-linux-x86_64-fedora-clang | 2.6.1 | 96.58 | NOTE | |||
r-devel-linux-x86_64-fedora-gcc | 2.6.1 | 90.89 | NOTE | |||
r-devel-macos-arm64 | 2.6.1 | 29.00 | NOTE | |||
r-devel-macos-x86_64 | 2.6.1 | 56.00 | NOTE | |||
r-devel-windows-x86_64 | 2.6.1 | 8.00 | 69.00 | 77.00 | NOTE | |
r-patched-linux-x86_64 | 2.6.1 | 6.01 | 50.47 | 56.48 | NOTE | |
r-release-linux-x86_64 | 2.6.1 | 5.85 | 51.59 | 57.44 | NOTE | |
r-release-macos-arm64 | 2.6.1 | 29.00 | NOTE | |||
r-release-macos-x86_64 | 2.6.1 | 46.00 | NOTE | |||
r-release-windows-x86_64 | 2.6.1 | 10.00 | 68.00 | 78.00 | NOTE | |
r-oldrel-macos-arm64 | 2.6.1 | 28.00 | OK | |||
r-oldrel-macos-x86_64 | 2.6.1 | 52.00 | OK | |||
r-oldrel-windows-x86_64 | 2.6.1 | 11.00 | 82.00 | 93.00 | OK |
Version: 2.6.1
Check: Rd files
Result: NOTE
checkRd: (-1) satisfaction.Rd:28: Lost braces
28 | Della Valle E (2010) Della Valle E 2010 Analisi Multidimensionale dei Dati: la Qualit\'{a} del Lavoro nelle Cooperative Sociali.
| ^
checkRd: (-1) satisfaction.Rd:29: Lost braces
29 | Unpublished thesis, Seconda Universit\'{a} degli Studi di Napoli, Capua Italy.
| ^
Flavors: r-devel-linux-x86_64-debian-clang, r-devel-linux-x86_64-debian-gcc, r-devel-linux-x86_64-fedora-clang, r-devel-linux-x86_64-fedora-gcc, r-devel-macos-arm64, r-devel-macos-x86_64, r-devel-windows-x86_64, r-patched-linux-x86_64, r-release-linux-x86_64, r-release-macos-arm64, r-release-macos-x86_64, r-release-windows-x86_64
These binaries (installable software) and packages are in development.
They may not be fully stable and should be used with caution. We make no claims about them.
Health stats visible at Monitor.