CRAN Package Check Results for Package MBHdesign

Last updated on 2025-05-17 15:50:47 CEST.

Flavor Version Tinstall Tcheck Ttotal Status Flags
r-devel-linux-x86_64-debian-clang 2.3.15 26.93 254.61 281.54 NOTE
r-devel-linux-x86_64-debian-gcc 2.3.15 15.78 159.52 175.30 NOTE
r-devel-linux-x86_64-fedora-clang 2.3.15 446.15 NOTE
r-devel-linux-x86_64-fedora-gcc 2.3.15 440.38 NOTE
r-devel-windows-x86_64 2.3.15 23.00 209.00 232.00 NOTE
r-patched-linux-x86_64 2.3.15 25.37 234.31 259.68 NOTE
r-release-linux-x86_64 2.3.15 23.00 237.54 260.54 NOTE
r-release-macos-arm64 2.3.15 112.00 NOTE
r-release-macos-x86_64 2.3.15 223.00 NOTE
r-release-windows-x86_64 2.3.15 22.00 208.00 230.00 NOTE
r-oldrel-macos-arm64 2.3.15 96.00 NOTE
r-oldrel-macos-x86_64 2.3.15 279.00 NOTE
r-oldrel-windows-x86_64 2.3.15 34.00 283.00 317.00 NOTE

Check Details

Version: 2.3.15
Check: CRAN incoming feasibility
Result: NOTE Maintainer: ‘Scott Foster <scott.foster@data61.csiro.au>’ No Authors@R field in DESCRIPTION. Please add one, modifying Authors@R: c(person(given = c("Scott", "D."), family = "Foster", role = "aut"), person(given = "Scott", family = "Foster", role = "cre", email = "scott.foster@data61.csiro.au")) as necessary. Flavors: r-devel-linux-x86_64-debian-clang, r-devel-linux-x86_64-debian-gcc

Version: 2.3.15
Check: Rd files
Result: NOTE checkRd: (-1) findDescendingTrans.Rd:29: Lost braces 29 | Foster, S.D., Hosack, G.R., J. Monk, Lawrence, E., Barrett, N.S., Williams, A. and Przeslawski, P. (2020) Spatially-Balanced Designs for Transect-Based Surveys. Methods in Ecology and Evolution. emph{11}: 95--105 | ^ Flavors: r-devel-linux-x86_64-debian-clang, r-devel-linux-x86_64-debian-gcc, r-devel-linux-x86_64-fedora-clang, r-devel-linux-x86_64-fedora-gcc, r-devel-windows-x86_64, r-patched-linux-x86_64, r-release-linux-x86_64, r-release-macos-arm64, r-release-macos-x86_64, r-release-windows-x86_64, r-oldrel-macos-arm64, r-oldrel-macos-x86_64, r-oldrel-windows-x86_64

These binaries (installable software) and packages are in development.
They may not be fully stable and should be used with caution. We make no claims about them.
Health stats visible at Monitor.