Last updated on 2025-05-17 15:50:47 CEST.
Flavor | Version | Tinstall | Tcheck | Ttotal | Status | Flags |
---|---|---|---|---|---|---|
r-devel-linux-x86_64-debian-clang | 0.0.2 | 15.61 | 54.73 | 70.34 | NOTE | |
r-devel-linux-x86_64-debian-gcc | 0.0.2 | 10.46 | 40.73 | 51.19 | NOTE | |
r-devel-linux-x86_64-fedora-clang | 0.0.2 | 118.01 | OK | |||
r-devel-linux-x86_64-fedora-gcc | 0.0.2 | 126.74 | OK | |||
r-devel-windows-x86_64 | 0.0.2 | 19.00 | 359.00 | 378.00 | OK | |
r-patched-linux-x86_64 | 0.0.2 | 14.08 | 52.76 | 66.84 | OK | |
r-release-linux-x86_64 | 0.0.2 | 15.30 | 53.24 | 68.54 | OK | |
r-release-macos-arm64 | 0.0.2 | 130.00 | OK | |||
r-release-macos-x86_64 | 0.0.2 | 290.00 | OK | |||
r-release-windows-x86_64 | 0.0.2 | 18.00 | 357.00 | 375.00 | OK | |
r-oldrel-macos-arm64 | 0.0.2 | 115.00 | OK | |||
r-oldrel-macos-x86_64 | 0.0.2 | 217.00 | OK | |||
r-oldrel-windows-x86_64 | 0.0.2 | 23.00 | 445.00 | 468.00 | OK |
Version: 0.0.2
Check: CRAN incoming feasibility
Result: NOTE
Maintainer: ‘Meilin Jiang <meilin.jiang@ufl.edu>’
The Description field contains
<arXiv:2301.10064> for more details.
Please refer to arXiv e-prints via their arXiv DOI <doi:10.48550/arXiv.YYMM.NNNNN>.
Flavors: r-devel-linux-x86_64-debian-clang, r-devel-linux-x86_64-debian-gcc
These binaries (installable software) and packages are in development.
They may not be fully stable and should be used with caution. We make no claims about them.
Health stats visible at Monitor.