Last updated on 2025-02-23 15:49:47 CET.
Flavor | Version | Tinstall | Tcheck | Ttotal | Status | Flags |
---|---|---|---|---|---|---|
r-devel-linux-x86_64-debian-clang | 1.2.2 | 3.25 | 51.22 | 54.47 | NOTE | |
r-devel-linux-x86_64-debian-gcc | 1.2.2 | 2.70 | 39.81 | 42.51 | NOTE | |
r-devel-linux-x86_64-fedora-clang | 1.2.2 | 84.20 | NOTE | |||
r-devel-linux-x86_64-fedora-gcc | 1.2.2 | 94.37 | NOTE | |||
r-devel-macos-arm64 | 1.2.2 | 33.00 | NOTE | |||
r-devel-macos-x86_64 | 1.2.2 | 72.00 | NOTE | |||
r-devel-windows-x86_64 | 1.2.2 | 5.00 | 76.00 | 81.00 | NOTE | |
r-patched-linux-x86_64 | 1.2.2 | 4.26 | 48.73 | 52.99 | NOTE | |
r-release-linux-x86_64 | 1.2.2 | 3.20 | 48.43 | 51.63 | NOTE | |
r-release-macos-arm64 | 1.2.2 | 32.00 | NOTE | |||
r-release-macos-x86_64 | 1.2.2 | 53.00 | NOTE | |||
r-release-windows-x86_64 | 1.2.2 | 5.00 | 74.00 | 79.00 | NOTE | |
r-oldrel-macos-arm64 | 1.2.2 | 33.00 | OK | |||
r-oldrel-macos-x86_64 | 1.2.2 | 53.00 | OK | |||
r-oldrel-windows-x86_64 | 1.2.2 | 6.00 | 82.00 | 88.00 | OK |
Version: 1.2.2
Check: Rd files
Result: NOTE
checkRd: (-1) hr_levels.Rd:9-12: Lost braces
9 | kernelBiweight <- function(x, mean = 0, sd = 1) {
| ^
checkRd: (-1) hr_levels.Rd:33-36: Lost braces
33 | kernelCosine <- function(x, mean = 0, sd = 1) {
| ^
checkRd: (-1) hr_levels.Rd:41-44: Lost braces
41 | kernelEpanechnikov <- function(x, mean = 0, sd = 1) {
| ^
checkRd: (-1) hr_levels.Rd:58-61: Lost braces
58 | kernelOptCosine <- function(x, mean = 0, sd = 1) {
| ^
checkRd: (-1) hr_levels.Rd:65-68: Lost braces
65 | kernelRectangular <- function(x, mean = 0, sd = 1) {
| ^
checkRd: (-1) hr_levels.Rd:72-75: Lost braces
72 | kernelSquaredCosine <- function(x, mean = 0, sd = 1) {
| ^
checkRd: (-1) hr_levels.Rd:79-82: Lost braces
79 | kernelTriangular <- function(x, mean = 0, sd = 1) {
| ^
checkRd: (-1) hr_levels.Rd:86-89: Lost braces
86 | kernelTricube <- function(x, mean = 0, sd = 1) {
| ^
checkRd: (-1) hr_levels.Rd:93-96: Lost braces
93 | kernelTriweight <- function(x, mean = 0, sd = 1) {
| ^
checkRd: (-1) hr_levels.Rd:100-103: Lost braces
100 | kernelUniform <- function(x, mean = 0, sd = 1) {
| ^
Flavors: r-devel-linux-x86_64-debian-clang, r-devel-linux-x86_64-debian-gcc, r-devel-linux-x86_64-fedora-clang, r-devel-linux-x86_64-fedora-gcc, r-devel-macos-arm64, r-devel-macos-x86_64, r-devel-windows-x86_64, r-patched-linux-x86_64, r-release-linux-x86_64, r-release-macos-arm64, r-release-macos-x86_64, r-release-windows-x86_64
These binaries (installable software) and packages are in development.
They may not be fully stable and should be used with caution. We make no claims about them.
Health stats visible at Monitor.