Last updated on 2025-02-23 15:49:46 CET.
Flavor | Version | Tinstall | Tcheck | Ttotal | Status | Flags |
---|---|---|---|---|---|---|
r-devel-linux-x86_64-debian-clang | 3.0.0 | 4.07 | 34.59 | 38.66 | NOTE | |
r-devel-linux-x86_64-debian-gcc | 3.0.0 | 2.90 | 24.43 | 27.33 | NOTE | |
r-devel-linux-x86_64-fedora-clang | 3.0.0 | 60.77 | NOTE | |||
r-devel-linux-x86_64-fedora-gcc | 3.0.0 | 58.77 | NOTE | |||
r-devel-macos-arm64 | 3.0.0 | 19.00 | NOTE | |||
r-devel-macos-x86_64 | 3.0.0 | 34.00 | NOTE | |||
r-devel-windows-x86_64 | 3.0.0 | 7.00 | 78.00 | 85.00 | NOTE | |
r-patched-linux-x86_64 | 3.0.0 | 6.65 | 31.75 | 38.40 | NOTE | |
r-release-linux-x86_64 | 3.0.0 | 4.26 | 32.35 | 36.61 | NOTE | |
r-release-macos-arm64 | 3.0.0 | 21.00 | NOTE | |||
r-release-macos-x86_64 | 3.0.0 | 28.00 | NOTE | |||
r-release-windows-x86_64 | 3.0.0 | 7.00 | 77.00 | 84.00 | NOTE | |
r-oldrel-macos-arm64 | 3.0.0 | 23.00 | NOTE | |||
r-oldrel-macos-x86_64 | 3.0.0 | 30.00 | NOTE | |||
r-oldrel-windows-x86_64 | 3.0.0 | 9.00 | 81.00 | 90.00 | NOTE |
Version: 3.0.0
Check: Rd files
Result: NOTE
checkRd: (-1) FootballBrain.Rd:15: Lost braces; missing escapes or markup?
15 | { } \tab {or \code{FBConcuss}=football player with concussion history} \cr
| ^
checkRd: (-1) HappyPlanetIndex.Rd:14: Lost braces; missing escapes or markup?
14 | { } \tab {\code{5}=South Asia, \code{6}=East Asia, \code{7}=former Communist countries}\cr
| ^
checkRd: (-1) RockandRoll2012.Rd:17: Lost braces; missing escapes or markup?
17 | { } \tab {\code{Lifetime Achievement}, \code{Sideman}} \cr
| ^
checkRd: (-1) RockandRoll2015.Rd:17: Lost braces; missing escapes or markup?
17 | { } \tab {\code{Lifetime Achievement}, \code{Sideman}} \cr
| ^
checkRd: (-1) StudentSurvey.Rd:12: Lost braces; missing escapes or markup?
12 | \item{\code{Sex}}{code {F}=female or \code{M}=male}
| ^
checkRd: (-1) SynchronizedMovement.Rd:16: Lost braces; missing escapes or markup?
16 | { } \tab {for High/Low Synchronization + High/Low Exertion}\cr
| ^
checkRd: (-1) TrafficFlow.Rd:25: Escaped LaTeX specials: \#
Flavors: r-devel-linux-x86_64-debian-clang, r-devel-linux-x86_64-debian-gcc, r-devel-linux-x86_64-fedora-clang, r-devel-linux-x86_64-fedora-gcc, r-devel-macos-arm64, r-devel-macos-x86_64, r-devel-windows-x86_64, r-patched-linux-x86_64, r-release-linux-x86_64, r-release-macos-arm64, r-release-macos-x86_64, r-release-windows-x86_64
Version: 3.0.0
Check: Rd files
Result: NOTE
checkRd: (-1) TrafficFlow.Rd:25: Escaped LaTeX specials: \#
Flavors: r-oldrel-macos-arm64, r-oldrel-macos-x86_64, r-oldrel-windows-x86_64
These binaries (installable software) and packages are in development.
They may not be fully stable and should be used with caution. We make no claims about them.
Health stats visible at Monitor.