CRAN Package Check Results for Package LightningR

Last updated on 2025-05-15 07:49:43 CEST.

Flavor Version Tinstall Tcheck Ttotal Status Flags
r-devel-linux-x86_64-debian-clang 1.0.2 3.81 23.47 27.28 NOTE
r-devel-linux-x86_64-debian-gcc 1.0.2 2.65 18.74 21.39 NOTE
r-devel-linux-x86_64-fedora-clang 1.0.2 42.53 OK
r-devel-linux-x86_64-fedora-gcc 1.0.2 40.77 OK
r-devel-windows-x86_64 1.0.2 5.00 44.00 49.00 NOTE
r-patched-linux-x86_64 1.0.2 2.99 22.74 25.73 NOTE
r-release-linux-x86_64 1.0.2 3.77 22.91 26.68 NOTE
r-release-macos-arm64 1.0.2 OK
r-release-macos-x86_64 1.0.2 31.00 OK
r-release-windows-x86_64 1.0.2 5.00 43.00 48.00 NOTE
r-oldrel-macos-arm64 1.0.2 17.00 OK
r-oldrel-macos-x86_64 1.0.2 31.00 OK
r-oldrel-windows-x86_64 1.0.2 6.00 47.00 53.00 OK

Check Details

Version: 1.0.2
Check: CRAN incoming feasibility
Result: NOTE Maintainer: ‘Kolodziejski Kamil <kolodziejski.kamil@hotmail.com>’ No Authors@R field in DESCRIPTION. Please add one, modifying Authors@R: c(person(family = "Ermlab", role = "aut"), person(given = "Kolodziejski", family = "Kamil", role = "cre", email = "kolodziejski.kamil@hotmail.com")) as necessary. The Description field contains http://lightning-viz.org/ and is required to work with this package. Please enclose URLs in angle brackets (<...>). Flavors: r-devel-linux-x86_64-debian-clang, r-devel-linux-x86_64-debian-gcc

Version: 1.0.2
Check: Rd cross-references
Result: NOTE Found the following Rd file(s) with Rd \link{} targets missing package anchors: Lightning.Rd: R6Class Please provide package anchors for all Rd \link{} targets not in the package itself and the base packages. Flavors: r-devel-linux-x86_64-debian-clang, r-devel-linux-x86_64-debian-gcc, r-devel-windows-x86_64, r-patched-linux-x86_64, r-release-linux-x86_64, r-release-windows-x86_64

These binaries (installable software) and packages are in development.
They may not be fully stable and should be used with caution. We make no claims about them.
Health stats visible at Monitor.