Last updated on 2025-02-02 05:48:27 CET.
Flavor | Version | Tinstall | Tcheck | Ttotal | Status | Flags |
---|---|---|---|---|---|---|
r-devel-linux-x86_64-debian-clang | 0.1.0 | 10.49 | 50.14 | 60.63 | NOTE | |
r-devel-linux-x86_64-debian-gcc | 0.1.0 | 7.20 | 33.08 | 40.28 | NOTE | |
r-devel-linux-x86_64-fedora-clang | 0.1.0 | 99.64 | NOTE | |||
r-devel-linux-x86_64-fedora-gcc | 0.1.0 | 90.20 | NOTE | |||
r-devel-windows-x86_64 | 0.1.0 | 11.00 | 68.00 | 79.00 | NOTE | |
r-patched-linux-x86_64 | 0.1.0 | 11.69 | 46.71 | 58.40 | NOTE | |
r-release-linux-x86_64 | 0.1.0 | 10.77 | 46.71 | 57.48 | NOTE | |
r-release-macos-arm64 | 0.1.0 | 28.00 | NOTE | |||
r-release-macos-x86_64 | 0.1.0 | 40.00 | NOTE | |||
r-release-windows-x86_64 | 0.1.0 | 11.00 | 67.00 | 78.00 | NOTE | |
r-oldrel-macos-arm64 | 0.1.0 | 30.00 | OK | |||
r-oldrel-macos-x86_64 | 0.1.0 | 50.00 | OK | |||
r-oldrel-windows-x86_64 | 0.1.0 | 15.00 | 75.00 | 90.00 | OK |
Version: 0.1.0
Check: Rd files
Result: NOTE
checkRd: (-1) S2mu.Rd:18: Lost braces; missing escapes or markup?
18 | \code{S2mu} computes a estimation of the variance, given a sample {x} with known population mean (denoted by \code{mu}).
| ^
checkRd: (-1) sample.quantile.Rd:20: Lost braces; missing escapes or markup?
20 | \code{sample.quantile} computes a estimation of different quantiles, given a sample {x}, using order statistics.
| ^
Flavors: r-devel-linux-x86_64-debian-clang, r-devel-linux-x86_64-debian-gcc, r-devel-linux-x86_64-fedora-clang, r-devel-linux-x86_64-fedora-gcc, r-devel-windows-x86_64, r-patched-linux-x86_64, r-release-linux-x86_64, r-release-macos-arm64, r-release-macos-x86_64, r-release-windows-x86_64
These binaries (installable software) and packages are in development.
They may not be fully stable and should be used with caution. We make no claims about them.
Health stats visible at Monitor.