Last updated on 2024-05-02 11:51:25 CEST.
Flavor | Version | Tinstall | Tcheck | Ttotal | Status | Flags |
---|---|---|---|---|---|---|
r-devel-linux-x86_64-debian-clang | 0.8.3 | 23.55 | 34.25 | 57.80 | OK | |
r-devel-linux-x86_64-debian-gcc | 0.8.3 | 15.27 | 26.03 | 41.30 | OK | |
r-devel-linux-x86_64-fedora-clang | 0.8.3 | 75.39 | NOTE | |||
r-devel-linux-x86_64-fedora-gcc | 0.8.3 | 72.86 | NOTE | |||
r-devel-windows-x86_64 | 0.8.3 | 19.00 | 68.00 | 87.00 | OK | |
r-patched-linux-x86_64 | 0.8.3 | 19.86 | 33.40 | 53.26 | OK | |
r-release-linux-x86_64 | 0.8.3 | 20.63 | 32.00 | 52.63 | OK | |
r-release-macos-arm64 | 0.8.3 | 24.00 | OK | |||
r-release-windows-x86_64 | 0.8.3 | 20.00 | 82.00 | 102.00 | OK | |
r-oldrel-macos-arm64 | 0.8.3 | 27.00 | OK | |||
r-oldrel-macos-x86_64 | 0.8.3 | 39.00 | OK | |||
r-oldrel-windows-x86_64 | 0.8.3 | 16.00 | 73.00 | 89.00 | OK |
Version: 0.8.3
Check: Rd cross-references
Result: NOTE
Undeclared package ‘glmnet’ in Rd xrefs
Flavor: r-devel-linux-x86_64-fedora-clang
Version: 0.8.3
Check: compiled code
Result: NOTE
File ‘LassoNet/libs/LassoNet.so’:
Found no calls to: ‘R_registerRoutines’, ‘R_useDynamicSymbols’
It is good practice to register native routines and to disable symbol
search.
See ‘Writing portable packages’ in the ‘Writing R Extensions’ manual.
Flavors: r-devel-linux-x86_64-fedora-clang, r-devel-linux-x86_64-fedora-gcc
These binaries (installable software) and packages are in development.
They may not be fully stable and should be used with caution. We make no claims about them.
Health stats visible at Monitor.