Last updated on 2025-02-08 19:49:22 CET.
Flavor | Version | Tinstall | Tcheck | Ttotal | Status | Flags |
---|---|---|---|---|---|---|
r-devel-linux-x86_64-debian-clang | 16.1.6 | 45.26 | 244.75 | 290.01 | NOTE | |
r-devel-linux-x86_64-debian-gcc | 16.1.6 | 27.61 | 151.61 | 179.22 | NOTE | |
r-devel-linux-x86_64-fedora-clang | 16.1.6 | 476.82 | NOTE | |||
r-devel-linux-x86_64-fedora-gcc | 16.1.6 | 458.34 | NOTE | |||
r-devel-windows-x86_64 | 16.1.6 | 38.00 | 306.00 | 344.00 | NOTE | |
r-patched-linux-x86_64 | 16.1.6 | 50.07 | 227.01 | 277.08 | NOTE | |
r-release-linux-x86_64 | 16.1.6 | 37.92 | 233.65 | 271.57 | NOTE | |
r-release-macos-arm64 | 16.1.6 | 103.00 | NOTE | |||
r-release-macos-x86_64 | 16.1.6 | 180.00 | NOTE | |||
r-release-windows-x86_64 | 16.1.6 | 40.00 | 310.00 | 350.00 | NOTE | |
r-oldrel-macos-arm64 | 16.1.6 | 114.00 | NOTE | |||
r-oldrel-macos-x86_64 | 16.1.6 | 207.00 | NOTE | |||
r-oldrel-windows-x86_64 | 16.1.6 | 46.00 | 345.00 | 391.00 | NOTE |
Version: 16.1.6
Check: Rd files
Result: NOTE
checkRd: (-1) LML.Rd:43: Lost braces
43 | is specified only with the \code{GD}, code{HME}, or \code{NSIS}
| ^
checkRd: (-1) LaplaceApproximation.Rd:485: Escaped LaTeX specials: \&
checkRd: (-1) LossMatrix.Rd:115: Escaped LaTeX specials: \&
checkRd: (-1) LossMatrix.Rd:117: Escaped LaTeX specials: \&
checkRd: (-1) MISS.Rd:106: Lost braces
106 | code{Fit$Imp}. In the presence of numerous missing values, say more
| ^
checkRd: (-1) Matrices.Rd:316: Lost braces
316 | Gauss-Hermite quadrature rules. A grid of order eqn{K} provides an
| ^
checkRd: (-1) PMC.Rd:214: Lost braces
214 | item{nu}{This is the degrees of freedom parameter \eqn{\nu}{nu} for
| ^
checkRd: (-1) PMC.Rd:214-215: Lost braces
214 | item{nu}{This is the degrees of freedom parameter \eqn{\nu}{nu} for
| ^
checkRd: (-1) caterpillar.plot.Rd:15: Lost braces
15 | code{demonoid.hpc}, \code{iterquad}, \code{laplace}, \code{pmc},
| ^
Flavors: r-devel-linux-x86_64-debian-clang, r-devel-linux-x86_64-debian-gcc, r-devel-linux-x86_64-fedora-clang, r-devel-linux-x86_64-fedora-gcc, r-devel-windows-x86_64, r-patched-linux-x86_64, r-release-linux-x86_64, r-release-macos-arm64, r-release-macos-x86_64, r-release-windows-x86_64
Version: 16.1.6
Check: installed package size
Result: NOTE
installed size is 5.4Mb
sub-directories of 1Mb or more:
R 2.0Mb
doc 1.7Mb
help 1.1Mb
Flavors: r-release-macos-arm64, r-release-macos-x86_64, r-oldrel-macos-arm64, r-oldrel-macos-x86_64
Version: 16.1.6
Check: Rd files
Result: NOTE
checkRd: (-1) LaplaceApproximation.Rd:485: Escaped LaTeX specials: \&
checkRd: (-1) LossMatrix.Rd:115: Escaped LaTeX specials: \&
checkRd: (-1) LossMatrix.Rd:117: Escaped LaTeX specials: \&
Flavors: r-oldrel-macos-arm64, r-oldrel-macos-x86_64, r-oldrel-windows-x86_64
These binaries (installable software) and packages are in development.
They may not be fully stable and should be used with caution. We make no claims about them.
Health stats visible at Monitor.