Last updated on 2025-05-15 07:49:42 CEST.
Flavor | Version | Tinstall | Tcheck | Ttotal | Status | Flags |
---|---|---|---|---|---|---|
r-devel-linux-x86_64-debian-clang | 0.1.0 | 1.97 | 24.26 | 26.23 | NOTE | |
r-devel-linux-x86_64-debian-gcc | 0.1.0 | 1.60 | 19.79 | 21.39 | NOTE | |
r-devel-linux-x86_64-fedora-clang | 0.1.0 | 39.88 | NOTE | |||
r-devel-linux-x86_64-fedora-gcc | 0.1.0 | 40.12 | NOTE | |||
r-devel-windows-x86_64 | 0.1.0 | 3.00 | 48.00 | 51.00 | OK | |
r-patched-linux-x86_64 | 0.1.0 | 2.43 | 23.44 | 25.87 | NOTE | |
r-release-linux-x86_64 | 0.1.0 | 1.93 | 22.71 | 24.64 | NOTE | |
r-release-macos-arm64 | 0.1.0 | OK | ||||
r-release-macos-x86_64 | 0.1.0 | 41.00 | OK | |||
r-release-windows-x86_64 | 0.1.0 | 3.00 | 50.00 | 53.00 | OK | |
r-oldrel-macos-arm64 | 0.1.0 | 17.00 | OK | |||
r-oldrel-macos-x86_64 | 0.1.0 | 24.00 | OK | |||
r-oldrel-windows-x86_64 | 0.1.0 | 4.00 | 53.00 | 57.00 | OK |
Version: 0.1.0
Check: CRAN incoming feasibility
Result: NOTE
Maintainer: ‘Agnese Vardanega <avardanega@unite.it>’
No Authors@R field in DESCRIPTION.
Please add one, modifying
Authors@R: person(given = "Agnese",
family = "Vardanega",
role = c("aut", "cre"),
email = "avardanega@unite.it")
as necessary.
Package CITATION file contains call(s) to old-style personList() or
as.personList(). Please use c() on person objects instead.
Package CITATION file contains call(s) to old-style citEntry(). Please
use bibentry() instead.
Flavors: r-devel-linux-x86_64-debian-clang, r-devel-linux-x86_64-debian-gcc
Version: 0.1.0
Check: for non-standard things in the check directory
Result: NOTE
Found the following files/directories:
‘MYSLID.csv’ ‘tabelle.csv’
Flavors: r-devel-linux-x86_64-debian-clang, r-devel-linux-x86_64-debian-gcc, r-devel-linux-x86_64-fedora-clang, r-devel-linux-x86_64-fedora-gcc, r-patched-linux-x86_64, r-release-linux-x86_64
These binaries (installable software) and packages are in development.
They may not be fully stable and should be used with caution. We make no claims about them.
Health stats visible at Monitor.