CRAN Package Check Results for Package LTPDvar

Last updated on 2025-05-15 11:50:05 CEST.

Flavor Version Tinstall Tcheck Ttotal Status Flags
r-devel-linux-x86_64-debian-clang 1.2.1 2.22 30.29 32.51 NOTE
r-devel-linux-x86_64-debian-gcc 1.2.1 1.82 22.40 24.22 NOTE
r-devel-linux-x86_64-fedora-clang 1.2.1 51.78 NOTE
r-devel-linux-x86_64-fedora-gcc 1.2.1 51.44 NOTE
r-devel-windows-x86_64 1.2.1 3.00 50.00 53.00 NOTE
r-patched-linux-x86_64 1.2.1 2.48 28.98 31.46 NOTE
r-release-linux-x86_64 1.2.1 2.23 28.53 30.76 NOTE
r-release-macos-arm64 1.2.1 21.00 NOTE
r-release-macos-x86_64 1.2.1 39.00 NOTE
r-release-windows-x86_64 1.2.1 5.00 49.00 54.00 NOTE
r-oldrel-macos-arm64 1.2.1 19.00 NOTE
r-oldrel-macos-x86_64 1.2.1 30.00 NOTE
r-oldrel-windows-x86_64 1.2.1 3.00 50.00 53.00 NOTE

Check Details

Version: 1.2.1
Check: CRAN incoming feasibility
Result: NOTE Maintainer: ‘Nikola Kasprikova <nikola.kasprikova@lf1.cuni.cz>’ No Authors@R field in DESCRIPTION. Please add one, modifying Authors@R: person(given = "Nikola", family = "Kasprikova", role = c("aut", "cre"), email = "nikola.kasprikova@lf1.cuni.cz") as necessary. Flavors: r-devel-linux-x86_64-debian-clang, r-devel-linux-x86_64-debian-gcc

Version: 1.2.1
Check: Rd files
Result: NOTE checkRd: (-1) k.Rd:27: Lost braces 27 | code{\link{ACSPlan-class}}, | ^ Flavors: r-devel-linux-x86_64-debian-clang, r-devel-linux-x86_64-debian-gcc, r-devel-linux-x86_64-fedora-clang, r-devel-linux-x86_64-fedora-gcc, r-devel-windows-x86_64, r-patched-linux-x86_64, r-release-linux-x86_64, r-release-macos-arm64, r-release-macos-x86_64, r-release-windows-x86_64, r-oldrel-macos-arm64, r-oldrel-macos-x86_64, r-oldrel-windows-x86_64

These binaries (installable software) and packages are in development.
They may not be fully stable and should be used with caution. We make no claims about them.
Health stats visible at Monitor.