Last updated on 2025-02-02 07:50:14 CET.
Flavor | Version | Tinstall | Tcheck | Ttotal | Status | Flags |
---|---|---|---|---|---|---|
r-devel-linux-x86_64-debian-clang | 0.6 | 13.87 | 86.17 | 100.04 | NOTE | |
r-devel-linux-x86_64-debian-gcc | 0.6 | 10.41 | 60.21 | 70.62 | NOTE | |
r-devel-linux-x86_64-fedora-clang | 0.6 | 159.33 | NOTE | |||
r-devel-linux-x86_64-fedora-gcc | 0.6 | 171.80 | NOTE | |||
r-devel-windows-x86_64 | 0.6 | 19.00 | 105.00 | 124.00 | NOTE | |
r-patched-linux-x86_64 | 0.6 | 13.72 | 78.42 | 92.14 | OK | |
r-release-linux-x86_64 | 0.6 | 13.62 | 77.99 | 91.61 | OK | |
r-release-macos-arm64 | 0.6 | 73.00 | WARN | |||
r-release-macos-x86_64 | 0.6 | 144.00 | WARN | |||
r-release-windows-x86_64 | 0.6 | 18.00 | 106.00 | 124.00 | OK | |
r-oldrel-macos-arm64 | 0.6 | 68.00 | WARN | |||
r-oldrel-macos-x86_64 | 0.6 | 120.00 | WARN | |||
r-oldrel-windows-x86_64 | 0.6 | 20.00 | 124.00 | 144.00 | OK |
Version: 0.6
Check: DESCRIPTION meta-information
Result: NOTE
Missing dependency on R >= 4.1.0 because package code uses the pipe
|> or function shorthand \(...) syntax added in R 4.1.0.
File(s) using such syntax:
‘datasim_helpers.R’ ‘model_eval.R’ ‘model_plot.R’ ‘model_values.R’
‘ntiles.R’ ‘point_plot.R’ ‘print.R’ ‘sims.R’ ‘trials.R’
Flavors: r-devel-linux-x86_64-debian-clang, r-devel-linux-x86_64-debian-gcc, r-devel-linux-x86_64-fedora-clang, r-devel-linux-x86_64-fedora-gcc, r-devel-windows-x86_64
Version: 0.6
Check: loading without being on the library search path
Result: WARN
Error: package or namespace load failed for ‘LSTbook’:
.onLoad failed in loadNamespace() for 'LSTbook', details:
call: loadNamespace(name)
error: there is no package called ‘mosaicData’
Execution halted
It looks like this package has a loading problem when not on .libPaths:
see the messages for details.
Flavors: r-release-macos-arm64, r-release-macos-x86_64, r-oldrel-macos-arm64, r-oldrel-macos-x86_64
These binaries (installable software) and packages are in development.
They may not be fully stable and should be used with caution. We make no claims about them.
Health stats visible at Monitor.