Last updated on 2025-05-03 13:51:01 CEST.
Flavor | Version | Tinstall | Tcheck | Ttotal | Status | Flags |
---|---|---|---|---|---|---|
r-devel-linux-x86_64-debian-clang | 0.2.0 | 1.75 | 17.20 | 18.95 | NOTE | |
r-devel-linux-x86_64-debian-gcc | 0.2.0 | 1.23 | 14.02 | 15.25 | NOTE | |
r-devel-linux-x86_64-fedora-clang | 0.2.0 | 29.71 | OK | |||
r-devel-linux-x86_64-fedora-gcc | 0.2.0 | 29.03 | OK | |||
r-devel-windows-x86_64 | 0.2.0 | 2.00 | 40.00 | 42.00 | OK | |
r-patched-linux-x86_64 | 0.2.0 | 1.84 | 16.71 | 18.55 | OK | |
r-release-linux-x86_64 | OK | |||||
r-release-macos-arm64 | 0.2.0 | 15.00 | OK | |||
r-release-macos-x86_64 | 0.2.0 | 36.00 | OK | |||
r-release-windows-x86_64 | 0.2.0 | 2.00 | 39.00 | 41.00 | OK | |
r-oldrel-macos-arm64 | 0.2.0 | 14.00 | NOTE | |||
r-oldrel-macos-x86_64 | 0.2.0 | 19.00 | NOTE | |||
r-oldrel-windows-x86_64 | 0.2.0 | 2.00 | 42.00 | 44.00 | NOTE |
Version: 0.2.0
Check: CRAN incoming feasibility
Result: NOTE
Maintainer: ‘Mehdi Sarparast <mehdisarparast@gmail.com>’
No Authors@R field in DESCRIPTION.
Please add one, modifying
Authors@R: person(given = "Mehdi",
family = "Sarparast",
role = c("aut", "cre"),
email = "mehdisarparast@gmail.com")
as necessary.
Flavors: r-devel-linux-x86_64-debian-clang, r-devel-linux-x86_64-debian-gcc
Version: 0.2.0
Check: LazyData
Result: NOTE
'LazyData' is specified without a 'data' directory
Flavors: r-oldrel-macos-arm64, r-oldrel-macos-x86_64, r-oldrel-windows-x86_64
These binaries (installable software) and packages are in development.
They may not be fully stable and should be used with caution. We make no claims about them.
Health stats visible at Monitor.