Last updated on 2025-05-03 22:49:59 CEST.
Flavor | Version | Tinstall | Tcheck | Ttotal | Status | Flags |
---|---|---|---|---|---|---|
r-devel-linux-x86_64-debian-clang | 0.1.3 | 8.07 | 72.89 | 80.96 | NOTE | |
r-devel-linux-x86_64-debian-gcc | 0.1.3 | 5.29 | 49.08 | 54.37 | NOTE | |
r-devel-linux-x86_64-fedora-clang | 0.1.3 | 113.80 | OK | |||
r-devel-linux-x86_64-fedora-gcc | 0.1.3 | 126.18 | OK | |||
r-devel-windows-x86_64 | 0.1.3 | 10.00 | 84.00 | 94.00 | OK | |
r-patched-linux-x86_64 | 0.1.3 | 7.77 | 67.90 | 75.67 | OK | |
r-release-linux-x86_64 | OK | |||||
r-release-macos-arm64 | 0.1.3 | 35.00 | OK | |||
r-release-macos-x86_64 | 0.1.3 | 91.00 | OK | |||
r-release-windows-x86_64 | 0.1.3 | 9.00 | 85.00 | 94.00 | OK | |
r-oldrel-macos-arm64 | 0.1.3 | 36.00 | NOTE | |||
r-oldrel-macos-x86_64 | 0.1.3 | 48.00 | NOTE | |||
r-oldrel-windows-x86_64 | 0.1.3 | 14.00 | 103.00 | 117.00 | NOTE |
Version: 0.1.3
Check: CRAN incoming feasibility
Result: NOTE
Maintainer: ‘Xiangyu Zhang <zhan6004@umn.edu>’
No Authors@R field in DESCRIPTION.
Please add one, modifying
Authors@R: c(person(given = "Xiangyu",
family = "Zhang",
role = c("aut", "cre"),
email = "zhan6004@umn.edu"),
person(given = "Sara",
family = "Algeri",
role = "aut",
email = "salgeri@umn.edu"))
as necessary.
The Description field contains
Algeri S. and Zhang X. (2020) <arXiv:2005.13011>.
Please refer to arXiv e-prints via their arXiv DOI <doi:10.48550/arXiv.YYMM.NNNNN>.
Flavors: r-devel-linux-x86_64-debian-clang, r-devel-linux-x86_64-debian-gcc
Version: 0.1.3
Check: LazyData
Result: NOTE
'LazyData' is specified without a 'data' directory
Flavors: r-oldrel-macos-arm64, r-oldrel-macos-x86_64, r-oldrel-windows-x86_64
These binaries (installable software) and packages are in development.
They may not be fully stable and should be used with caution. We make no claims about them.
Health stats visible at Monitor.