Last updated on 2025-10-30 19:53:28 CET.
| Flavor | Version | Tinstall | Tcheck | Ttotal | Status | Flags | 
|---|---|---|---|---|---|---|
| r-devel-linux-x86_64-debian-clang | 1.0 | 2.45 | 29.05 | 31.50 | NOTE | |
| r-devel-linux-x86_64-debian-gcc | 1.0 | 2.04 | 23.16 | 25.20 | NOTE | |
| r-devel-linux-x86_64-fedora-clang | 1.0 | 27.00 | 22.89 | 49.89 | OK | |
| r-devel-linux-x86_64-fedora-gcc | 1.0 | 44.15 | OK | |||
| r-devel-windows-x86_64 | 1.0 | 4.00 | 49.00 | 53.00 | OK | |
| r-patched-linux-x86_64 | 1.0 | 2.79 | 26.68 | 29.47 | OK | |
| r-release-linux-x86_64 | 1.0 | 2.81 | 26.80 | 29.61 | OK | |
| r-release-macos-arm64 | 1.0 | 2.00 | 20.00 | 22.00 | OK | |
| r-release-macos-x86_64 | 1.0 | 3.00 | 30.00 | 33.00 | OK | |
| r-release-windows-x86_64 | 1.0 | 5.00 | 53.00 | 58.00 | OK | |
| r-oldrel-macos-arm64 | 1.0 | 2.00 | 17.00 | 19.00 | OK | |
| r-oldrel-macos-x86_64 | 1.0 | 2.00 | 28.00 | 30.00 | OK | |
| r-oldrel-windows-x86_64 | 1.0 | 5.00 | 56.00 | 61.00 | OK | 
Version: 1.0
Check: CRAN incoming feasibility
Result: NOTE
  Maintainer: ‘Jialu Ran <jialuran422@gmail.com>’
  
  The Description field contains
    was proposed in Wang and Guo (2023) <arXiv:2008.08915>. For brain
  Please refer to arXiv e-prints via their arXiv DOI <doi:10.48550/arXiv.YYMM.NNNNN>.
Flavors: r-devel-linux-x86_64-debian-clang, r-devel-linux-x86_64-debian-gcc
These binaries (installable software) and packages are in development.
They may not be fully stable and should be used with caution. We make no claims about them.
Health stats visible at Monitor.