CRAN Package Check Results for Package LIStest

Last updated on 2025-05-15 11:50:05 CEST.

Flavor Version Tinstall Tcheck Ttotal Status Flags
r-devel-linux-x86_64-debian-clang 2.1 11.95 21.21 33.16 NOTE
r-devel-linux-x86_64-debian-gcc 2.1 9.41 16.87 26.28 NOTE
r-devel-linux-x86_64-fedora-clang 2.1 51.94 OK
r-devel-linux-x86_64-fedora-gcc 2.1 52.32 OK
r-devel-windows-x86_64 2.1 12.00 41.00 53.00 OK
r-patched-linux-x86_64 2.1 12.07 20.24 32.31 OK
r-release-linux-x86_64 2.1 11.33 20.19 31.52 OK
r-release-macos-arm64 2.1 21.00 OK
r-release-macos-x86_64 2.1 38.00 OK
r-release-windows-x86_64 2.1 13.00 46.00 59.00 OK
r-oldrel-macos-arm64 2.1 22.00 NOTE
r-oldrel-macos-x86_64 2.1 30.00 NOTE
r-oldrel-windows-x86_64 2.1 11.00 40.00 51.00 NOTE

Check Details

Version: 2.1
Check: CRAN incoming feasibility
Result: NOTE Maintainer: ‘J. E. Garcia <jg@ime.unicamp.br>’ No Authors@R field in DESCRIPTION. Please add one, modifying Authors@R: c(person(given = c("J.", "E."), family = "Garcia", role = c("aut", "cre"), email = "jg@ime.unicamp.br"), person(given = c("V.", "A."), family = "Gonzalez-Lopez", role = "aut")) as necessary. File 'R/LIStest-internal.R' sets .Random.seed. This is usually neither needed nor wanted. Found the following URLs which should use \doi (with the DOI name only): File ‘JLMn.Rd’: http://dx.doi.org/10.1016/j.jmva.2014.02.010 File ‘JLn.Rd’: http://dx.doi.org/10.1016/j.jmva.2014.02.010 File ‘LIStest-package.Rd’: http://dx.doi.org/10.1016/j.jmva.2014.02.010 File ‘Ln.Rd’: http://dx.doi.org/10.1016/j.jmva.2014.02.010 File ‘TJLMN.Rd’: http://dx.doi.org/10.1016/j.jmva.2014.02.010 File ‘TJLN.Rd’: http://dx.doi.org/10.1016/j.jmva.2014.02.010 File ‘TLN.Rd’: http://dx.doi.org/10.1016/j.jmva.2014.02.010 File ‘lis.Rd’: http://dx.doi.org/10.1016/j.jmva.2014.02.010 File ‘lis.test.Rd’: http://dx.doi.org/10.1016/j.jmva.2014.02.010 Flavors: r-devel-linux-x86_64-debian-clang, r-devel-linux-x86_64-debian-gcc

Version: 2.1
Check: LazyData
Result: NOTE 'LazyData' is specified without a 'data' directory Flavors: r-oldrel-macos-arm64, r-oldrel-macos-x86_64, r-oldrel-windows-x86_64

These binaries (installable software) and packages are in development.
They may not be fully stable and should be used with caution. We make no claims about them.
Health stats visible at Monitor.