Last updated on 2025-10-31 07:51:49 CET.
| Flavor | Version | Tinstall | Tcheck | Ttotal | Status | Flags | 
|---|---|---|---|---|---|---|
| r-devel-linux-x86_64-debian-clang | 1.4.1 | 10.44 | 252.57 | 263.01 | NOTE | |
| r-devel-linux-x86_64-debian-gcc | 1.4.1 | 7.99 | 167.53 | 175.52 | NOTE | |
| r-devel-linux-x86_64-fedora-clang | 1.4.1 | 53.00 | 406.49 | 459.49 | NOTE | |
| r-devel-linux-x86_64-fedora-gcc | 1.4.1 | 50.00 | 415.16 | 465.16 | NOTE | |
| r-devel-windows-x86_64 | 1.4.1 | 13.00 | 229.00 | 242.00 | OK | |
| r-patched-linux-x86_64 | 1.4.1 | 11.82 | 243.62 | 255.44 | OK | |
| r-release-linux-x86_64 | 1.4.1 | 8.37 | 243.12 | 251.49 | OK | |
| r-release-macos-arm64 | 1.4.1 | 5.00 | 109.00 | 114.00 | OK | |
| r-release-macos-x86_64 | 1.4.1 | 9.00 | 224.00 | 233.00 | OK | |
| r-release-windows-x86_64 | 1.4.1 | 13.00 | 230.00 | 243.00 | OK | |
| r-oldrel-macos-arm64 | 1.4.1 | 5.00 | 110.00 | 115.00 | OK | |
| r-oldrel-macos-x86_64 | 1.4.1 | 7.00 | 183.00 | 190.00 | OK | |
| r-oldrel-windows-x86_64 | 1.4.1 | 16.00 | 325.00 | 341.00 | OK | 
Version: 1.4.1
Check: CRAN incoming feasibility
Result: NOTE
  Maintainer: ‘Alexia Jolicoeur-Martineau <alexia.jolicoeur-martineau@mail.mcgill.ca>’
  
  No Authors@R field in DESCRIPTION.
  Please add one, modifying
    Authors@R: person(given = "Alexia",
                      family = "Jolicoeur-Martineau",
                      role = c("aut", "cre"),
                      email = "alexia.jolicoeur-martineau@mail.mcgill.ca")
  as necessary.
  
  The Description field contains
    <arXiv:1703.08111>. This approach has greatly enhanced predictive power
    are available <arXiv:1712.04058>. The software can now produce
  Please refer to arXiv e-prints via their arXiv DOI <doi:10.48550/arXiv.YYMM.NNNNN>.
Flavors: r-devel-linux-x86_64-debian-clang, r-devel-linux-x86_64-debian-gcc
Version: 1.4.1
Check: Rd files
Result: NOTE
  checkRd: (-1) example_2way.Rd:30-33: Only 2 columns allowed in this table (row 1 has 1)
  checkRd: (-1) example_2way.Rd:30-33: Only 2 columns allowed in this table (row 2 has 1)
  checkRd: (-1) example_2way_lme4.Rd:33-36: Only 2 columns allowed in this table (row 1 has 1)
  checkRd: (-1) example_2way_lme4.Rd:33-36: Only 2 columns allowed in this table (row 2 has 1)
  checkRd: (-1) example_3way.Rd:31-34: Only 2 columns allowed in this table (row 1 has 1)
  checkRd: (-1) example_3way.Rd:31-34: Only 2 columns allowed in this table (row 2 has 1)
  checkRd: (-1) example_3way_3latent.Rd:33-36: Only 2 columns allowed in this table (row 1 has 1)
  checkRd: (-1) example_3way_3latent.Rd:33-36: Only 2 columns allowed in this table (row 2 has 1)
  checkRd: (-1) example_with_crossover.Rd:50-53: Only 2 columns allowed in this table (row 1 has 1)
  checkRd: (-1) example_with_crossover.Rd:50-53: Only 2 columns allowed in this table (row 2 has 1)
Flavors: r-devel-linux-x86_64-debian-clang, r-devel-linux-x86_64-debian-gcc, r-devel-linux-x86_64-fedora-clang, r-devel-linux-x86_64-fedora-gcc
These binaries (installable software) and packages are in development.
They may not be fully stable and should be used with caution. We make no claims about them.
Health stats visible at Monitor.