Last updated on 2025-02-23 19:51:08 CET.
Flavor | Version | Tinstall | Tcheck | Ttotal | Status | Flags |
---|---|---|---|---|---|---|
r-devel-linux-x86_64-debian-clang | 2.0.3 | 8.65 | 72.02 | 80.67 | NOTE | |
r-devel-linux-x86_64-debian-gcc | 2.0.3 | 5.99 | 52.13 | 58.12 | NOTE | |
r-devel-linux-x86_64-fedora-clang | 2.0.3 | 125.78 | NOTE | |||
r-devel-linux-x86_64-fedora-gcc | 2.0.3 | 136.97 | NOTE | |||
r-devel-macos-arm64 | 2.0.3 | 41.00 | NOTE | |||
r-devel-macos-x86_64 | 2.0.3 | 82.00 | NOTE | |||
r-devel-windows-x86_64 | 2.0.3 | 10.00 | 99.00 | 109.00 | NOTE | |
r-patched-linux-x86_64 | 2.0.3 | 7.49 | 65.33 | 72.82 | NOTE | |
r-release-linux-x86_64 | 2.0.3 | 7.71 | 66.41 | 74.12 | NOTE | |
r-release-macos-arm64 | 2.0.3 | 41.00 | NOTE | |||
r-release-macos-x86_64 | 2.0.3 | 81.00 | NOTE | |||
r-release-windows-x86_64 | 2.0.3 | 10.00 | 92.00 | 102.00 | NOTE | |
r-oldrel-macos-arm64 | 2.0.3 | 41.00 | OK | |||
r-oldrel-macos-x86_64 | 2.0.3 | 105.00 | OK | |||
r-oldrel-windows-x86_64 | 2.0.3 | 13.00 | 105.00 | 118.00 | OK |
Version: 2.0.3
Check: Rd files
Result: NOTE
checkRd: (-1) conn.Rd:300: Lost braces
300 | Soranno et al. (2017) \doi{10.1093/gigascience/gix101}{Gigascience 6:12}
| ^
checkRd: (-1) lakes_limno.Rd:36: Lost braces
36 | Soranno et al. (2017) \doi{10.1093/gigascience/gix101}{Gigascience 6:12}
| ^
Flavors: r-devel-linux-x86_64-debian-clang, r-devel-linux-x86_64-debian-gcc, r-devel-linux-x86_64-fedora-clang, r-devel-linux-x86_64-fedora-gcc, r-devel-macos-arm64, r-devel-macos-x86_64, r-devel-windows-x86_64, r-patched-linux-x86_64, r-release-linux-x86_64, r-release-macos-arm64, r-release-macos-x86_64, r-release-windows-x86_64
These binaries (installable software) and packages are in development.
They may not be fully stable and should be used with caution. We make no claims about them.
Health stats visible at Monitor.