Last updated on 2025-02-23 15:49:46 CET.
Flavor | Version | Tinstall | Tcheck | Ttotal | Status | Flags |
---|---|---|---|---|---|---|
r-devel-linux-x86_64-debian-clang | 2.1.0 | 165.72 | 140.01 | 305.73 | NOTE | |
r-devel-linux-x86_64-debian-gcc | 2.1.0 | 130.40 | 101.38 | 231.78 | NOTE | |
r-devel-linux-x86_64-fedora-clang | 2.1.0 | 540.22 | NOTE | |||
r-devel-linux-x86_64-fedora-gcc | 2.1.0 | 558.67 | NOTE | |||
r-devel-macos-arm64 | 2.1.0 | 139.00 | NOTE | |||
r-devel-macos-x86_64 | 2.1.0 | 217.00 | NOTE | |||
r-devel-windows-x86_64 | 2.1.0 | 180.00 | 170.00 | 350.00 | NOTE | |
r-patched-linux-x86_64 | 2.1.0 | 173.97 | 132.74 | 306.71 | NOTE | |
r-release-linux-x86_64 | 2.1.0 | 164.68 | 132.36 | 297.04 | NOTE | |
r-release-macos-arm64 | 2.1.0 | 136.00 | NOTE | |||
r-release-macos-x86_64 | 2.1.0 | 162.00 | NOTE | |||
r-release-windows-x86_64 | 2.1.0 | 178.00 | 158.00 | 336.00 | NOTE | |
r-oldrel-macos-arm64 | 2.1.0 | 162.00 | NOTE | |||
r-oldrel-macos-x86_64 | 2.1.0 | 269.00 | NOTE | |||
r-oldrel-windows-x86_64 | 2.1.0 | 214.00 | 204.00 | 418.00 | OK |
Version: 2.1.0
Check: Rd files
Result: NOTE
checkRd: (-1) GenSyntheticLogistic.Rd:46: Lost braces; missing escapes or markup?
46 | 3) Every coordinate yi of the outcome vector y exists in {-1, 1}^n is sampled
| ^
checkRd: (-1) L0Learn-package.Rd:20: Lost braces in \itemize; meant \describe ?
checkRd: (-1) L0Learn-package.Rd:21: Lost braces in \itemize; meant \describe ?
checkRd: (-1) L0Learn-package.Rd:22: Lost braces in \itemize; meant \describe ?
checkRd: (-1) L0Learn-package.Rd:23: Lost braces in \itemize; meant \describe ?
checkRd: (-1) L0Learn-package.Rd:24: Lost braces in \itemize; meant \describe ?
checkRd: (-1) L0Learn-package.Rd:25: Lost braces in \itemize; meant \describe ?
Flavors: r-devel-linux-x86_64-debian-clang, r-devel-linux-x86_64-debian-gcc, r-devel-linux-x86_64-fedora-clang, r-devel-linux-x86_64-fedora-gcc, r-devel-macos-arm64, r-devel-macos-x86_64, r-devel-windows-x86_64, r-patched-linux-x86_64, r-release-linux-x86_64, r-release-macos-arm64, r-release-macos-x86_64, r-release-windows-x86_64
Version: 2.1.0
Check: installed package size
Result: NOTE
installed size is 13.0Mb
sub-directories of 1Mb or more:
doc 2.4Mb
libs 10.4Mb
Flavors: r-release-macos-arm64, r-release-macos-x86_64, r-oldrel-macos-arm64, r-oldrel-macos-x86_64
These binaries (installable software) and packages are in development.
They may not be fully stable and should be used with caution. We make no claims about them.
Health stats visible at Monitor.