Last updated on 2025-05-15 07:49:42 CEST.
Flavor | Version | Tinstall | Tcheck | Ttotal | Status | Flags |
---|---|---|---|---|---|---|
r-devel-linux-x86_64-debian-clang | 1.4.0 | 2.61 | 28.95 | 31.56 | NOTE | |
r-devel-linux-x86_64-debian-gcc | 1.4.0 | 1.96 | 21.89 | 23.85 | NOTE | |
r-devel-linux-x86_64-fedora-clang | 1.4.0 | 48.73 | NOTE | |||
r-devel-linux-x86_64-fedora-gcc | 1.4.0 | 49.56 | NOTE | |||
r-devel-windows-x86_64 | 1.4.0 | 3.00 | 48.00 | 51.00 | NOTE | |
r-patched-linux-x86_64 | 1.4.0 | 2.58 | 27.57 | 30.15 | NOTE | |
r-release-linux-x86_64 | 1.4.0 | 2.83 | 27.80 | 30.63 | NOTE | |
r-release-macos-arm64 | 1.4.0 | NOTE | ||||
r-release-macos-x86_64 | 1.4.0 | 40.00 | NOTE | |||
r-release-windows-x86_64 | 1.4.0 | 3.00 | 49.00 | 52.00 | NOTE | |
r-oldrel-macos-arm64 | 1.4.0 | 17.00 | NOTE | |||
r-oldrel-macos-x86_64 | 1.4.0 | 28.00 | NOTE | |||
r-oldrel-windows-x86_64 | 1.4.0 | 4.00 | 54.00 | 58.00 | NOTE |
Version: 1.4.0
Check: CRAN incoming feasibility
Result: NOTE
Maintainer: ‘Phil Novack-Gottshall <pnovack-gottshall@ben.edu>’
No Authors@R field in DESCRIPTION.
Please add one, modifying
Authors@R: c(person(given = "Phil",
family = "Novack-Gottshall",
role = c("aut", "cre"),
email = "pnovack-gottshall@ben.edu"),
person(given = c("Steve", "C."),
family = "Wang",
role = "aut"))
as necessary.
Flavors: r-devel-linux-x86_64-debian-clang, r-devel-linux-x86_64-debian-gcc
Version: 1.4.0
Check: Rd files
Result: NOTE
checkRd: (-1) ks_test_stat.Rd:14: Lost braces
14 | are valid. See /code{LcKS} for accepted functions.}
| ^
Flavors: r-devel-linux-x86_64-debian-clang, r-devel-linux-x86_64-debian-gcc, r-devel-linux-x86_64-fedora-clang, r-devel-linux-x86_64-fedora-gcc, r-devel-windows-x86_64, r-patched-linux-x86_64, r-release-linux-x86_64, r-release-macos-arm64, r-release-macos-x86_64, r-release-windows-x86_64, r-oldrel-macos-arm64, r-oldrel-macos-x86_64, r-oldrel-windows-x86_64
Version: 1.4.0
Check: LazyData
Result: NOTE
'LazyData' is specified without a 'data' directory
Flavors: r-oldrel-macos-arm64, r-oldrel-macos-x86_64, r-oldrel-windows-x86_64
These binaries (installable software) and packages are in development.
They may not be fully stable and should be used with caution. We make no claims about them.
Health stats visible at Monitor.