Last updated on 2025-02-02 05:48:26 CET.
Flavor | Version | Tinstall | Tcheck | Ttotal | Status | Flags |
---|---|---|---|---|---|---|
r-devel-linux-x86_64-debian-clang | 0.1.2-2 | 3.57 | 44.40 | 47.97 | OK | |
r-devel-linux-x86_64-debian-gcc | 0.1.2-2 | 2.82 | 33.79 | 36.61 | OK | |
r-devel-linux-x86_64-fedora-clang | 0.1.2-2 | 80.32 | OK | |||
r-devel-linux-x86_64-fedora-gcc | 0.1.2-2 | 87.28 | OK | |||
r-devel-windows-x86_64 | 0.1.2-2 | 5.00 | 80.00 | 85.00 | OK | |
r-patched-linux-x86_64 | 0.1.2-2 | 4.39 | 41.83 | 46.22 | OK | |
r-release-linux-x86_64 | 0.1.2-2 | 3.78 | 41.89 | 45.67 | OK | |
r-release-macos-arm64 | 0.1.2-2 | 33.00 | WARN | |||
r-release-macos-x86_64 | 0.1.2-2 | 124.00 | OK | |||
r-release-windows-x86_64 | 0.1.2-2 | 10.00 | 81.00 | 91.00 | OK | |
r-oldrel-macos-arm64 | 0.1.2-2 | 33.00 | WARN | |||
r-oldrel-macos-x86_64 | 0.1.2-2 | 96.00 | OK | |||
r-oldrel-windows-x86_64 | 0.1.2-2 | 7.00 | 89.00 | 96.00 | OK |
Version: 0.1.2-2
Check: re-building of vignette outputs
Result: WARN
Error(s) in re-building vignettes:
--- re-building ‘Instruction_of_functions_of_R_package_KINSIMU.Rnw’ using Sweave
Error: processing vignette 'Instruction_of_functions_of_R_package_KINSIMU.Rnw' failed with diagnostics:
Running 'texi2dvi' on 'Instruction_of_functions_of_R_package_KINSIMU.tex' failed.
LaTeX errors:
! LaTeX Error: Command \gather already defined.
Or name \end... illegal, see p.192 of the manual.
See the LaTeX manual or LaTeX Companion for explanation.
Type H <return> for immediate help.
! Emergency stop.
...
l.1560 }
! ==> Fatal error occurred, no output PDF file produced!
--- failed re-building ‘Instruction_of_functions_of_R_package_KINSIMU.Rnw’
SUMMARY: processing the following file failed:
‘Instruction_of_functions_of_R_package_KINSIMU.Rnw’
Error: Vignette re-building failed.
Execution halted
Flavor: r-release-macos-arm64
Version: 0.1.2-2
Check: re-building of vignette outputs
Result: WARN
Error(s) in re-building vignettes:
...
--- re-building ‘Instruction_of_functions_of_R_package_KINSIMU.Rnw’ using Sweave
Error: processing vignette 'Instruction_of_functions_of_R_package_KINSIMU.Rnw' failed with diagnostics:
Running 'texi2dvi' on 'Instruction_of_functions_of_R_package_KINSIMU.tex' failed.
LaTeX errors:
! LaTeX Error: Command \gather already defined.
Or name \end... illegal, see p.192 of the manual.
See the LaTeX manual or LaTeX Companion for explanation.
Type H <return> for immediate help.
! Emergency stop.
...
l.1560 }
! ==> Fatal error occurred, no output PDF file produced!
--- failed re-building ‘Instruction_of_functions_of_R_package_KINSIMU.Rnw’
SUMMARY: processing the following file failed:
‘Instruction_of_functions_of_R_package_KINSIMU.Rnw’
Error: Vignette re-building failed.
Execution halted
Flavor: r-oldrel-macos-arm64
These binaries (installable software) and packages are in development.
They may not be fully stable and should be used with caution. We make no claims about them.
Health stats visible at Monitor.