Last updated on 2025-05-03 22:49:57 CEST.
Flavor | Version | Tinstall | Tcheck | Ttotal | Status | Flags |
---|---|---|---|---|---|---|
r-devel-linux-x86_64-debian-clang | 1.0.3 | 394.02 | 135.60 | 529.62 | NOTE | |
r-devel-linux-x86_64-debian-gcc | 1.0.3 | 306.56 | 123.41 | 429.97 | NOTE | |
r-devel-linux-x86_64-fedora-clang | 1.0.3 | 932.83 | OK | |||
r-devel-linux-x86_64-fedora-gcc | 1.0.3 | 1231.28 | OK | |||
r-devel-windows-x86_64 | 1.0.3 | 387.00 | 187.00 | 574.00 | OK | |
r-patched-linux-x86_64 | 1.0.3 | 402.63 | 170.53 | 573.16 | OK | |
r-release-linux-x86_64 | OK | |||||
r-release-macos-arm64 | 1.0.3 | 217.00 | OK | |||
r-release-macos-x86_64 | 1.0.3 | 227.00 | OK | |||
r-release-windows-x86_64 | 1.0.3 | 384.00 | 176.00 | 560.00 | OK | |
r-oldrel-macos-arm64 | 1.0.3 | 221.00 | NOTE | |||
r-oldrel-macos-x86_64 | 1.0.3 | 199.00 | NOTE | |||
r-oldrel-windows-x86_64 | 1.0.3 | 454.00 | 216.00 | 670.00 | OK |
Version: 1.0.3
Check: CRAN incoming feasibility
Result: NOTE
Maintainer: ‘Shanpeng Li <lishanpeng0913@ucla.edu>’
The Description field contains
<arXiv:2301.06584>. The proposed method models the within-subject
Please refer to arXiv e-prints via their arXiv DOI <doi:10.48550/arXiv.YYMM.NNNNN>.
Flavors: r-devel-linux-x86_64-debian-clang, r-devel-linux-x86_64-debian-gcc
Version: 1.0.3
Check: installed package size
Result: NOTE
installed size is 40.0Mb
sub-directories of 1Mb or more:
libs 39.5Mb
Flavors: r-oldrel-macos-arm64, r-oldrel-macos-x86_64
These binaries (installable software) and packages are in development.
They may not be fully stable and should be used with caution. We make no claims about them.
Health stats visible at Monitor.