Last updated on 2025-02-23 19:51:08 CET.
Flavor | Version | Tinstall | Tcheck | Ttotal | Status | Flags |
---|---|---|---|---|---|---|
r-devel-linux-x86_64-debian-clang | 6.5 | 25.69 | 129.87 | 155.56 | OK | |
r-devel-linux-x86_64-debian-gcc | 6.5 | 16.15 | 78.62 | 94.77 | OK | |
r-devel-linux-x86_64-fedora-clang | 6.5 | 256.62 | OK | |||
r-devel-linux-x86_64-fedora-gcc | 6.5 | 243.20 | OK | |||
r-devel-macos-arm64 | 6.5 | 51.00 | OK | |||
r-devel-macos-x86_64 | 6.5 | 144.00 | OK | |||
r-devel-windows-x86_64 | 6.5 | 20.00 | 119.00 | 139.00 | OK | |
r-patched-linux-x86_64 | 6.5 | 24.39 | 123.21 | 147.60 | OK | |
r-release-linux-x86_64 | 6.5 | 21.69 | 121.14 | 142.83 | OK | |
r-release-macos-arm64 | 6.5 | 47.00 | WARN | |||
r-release-macos-x86_64 | 6.5 | 172.00 | OK | |||
r-release-windows-x86_64 | 6.5 | 21.00 | 120.00 | 141.00 | OK | |
r-oldrel-macos-arm64 | 6.4 | 57.00 | OK | |||
r-oldrel-macos-x86_64 | 6.5 | 177.00 | OK | |||
r-oldrel-windows-x86_64 | 6.5 | 24.00 | 137.00 | 161.00 | OK |
Version: 6.5
Check: for unstated dependencies in examples
Result: WARN
Warning in file(outFile, "wt") :
cannot open file 'IsoplotR-Ex.R': No space left on device
Error in file(outFile, "wt") : cannot open the connection
Execution halted
Flavor: r-release-macos-arm64
These binaries (installable software) and packages are in development.
They may not be fully stable and should be used with caution. We make no claims about them.
Health stats visible at Monitor.