Last updated on 2024-05-02 04:00:22 CEST.
Flavor | Version | Tinstall | Tcheck | Ttotal | Status | Flags |
---|---|---|---|---|---|---|
r-devel-linux-x86_64-debian-clang | 2.1.0 | 23.43 | 157.47 | 180.90 | NOTE | |
r-devel-linux-x86_64-debian-gcc | 2.1.0 | 16.93 | 110.90 | 127.83 | NOTE | |
r-devel-linux-x86_64-fedora-clang | 2.1.0 | 213.81 | NOTE | |||
r-devel-linux-x86_64-fedora-gcc | 2.1.0 | 201.32 | NOTE | |||
r-devel-windows-x86_64 | 2.1.0 | 17.00 | 124.00 | 141.00 | NOTE | |
r-patched-linux-x86_64 | 2.1.0 | 27.33 | 146.74 | 174.07 | NOTE | |
r-release-linux-x86_64 | 2.1.0 | 12.62 | 145.13 | 157.75 | NOTE | |
r-release-macos-arm64 | 2.1.0 | 59.00 | NOTE | |||
r-release-windows-x86_64 | 2.1.0 | 17.00 | 123.00 | 140.00 | NOTE | |
r-oldrel-macos-arm64 | 2.1.0 | 56.00 | OK | |||
r-oldrel-macos-x86_64 | 2.1.0 | 121.00 | OK | |||
r-oldrel-windows-x86_64 | 2.1.0 | 24.00 | 158.00 | 182.00 | OK |
Version: 2.1.0
Check: Rd files
Result: NOTE
checkRd: (-1) write_workflow.Rd:8: Lost braces
8 | code{write_workflow} writes a workflow script for inference. Beyond possibly saving some typing, this suggests what may be a reasonably good starting workflow. One should not expect to control all options of the workflow through the \code{write_workflow} arguments.
| ^
Flavors: r-devel-linux-x86_64-debian-clang, r-devel-linux-x86_64-debian-gcc, r-devel-linux-x86_64-fedora-clang, r-devel-linux-x86_64-fedora-gcc, r-devel-windows-x86_64, r-patched-linux-x86_64, r-release-linux-x86_64, r-release-macos-arm64, r-release-windows-x86_64
These binaries (installable software) and packages are in development.
They may not be fully stable and should be used with caution. We make no claims about them.
Health stats visible at Monitor.