CRAN Package Check Results for Package InfoTrad

Last updated on 2025-05-17 15:50:45 CEST.

Flavor Version Tinstall Tcheck Ttotal Status Flags
r-devel-linux-x86_64-debian-clang 1.2 1.94 22.27 24.21 NOTE
r-devel-linux-x86_64-debian-gcc 1.2 1.63 16.77 18.40 NOTE
r-devel-linux-x86_64-fedora-clang 1.2 38.40 OK
r-devel-linux-x86_64-fedora-gcc 1.2 38.34 OK
r-devel-windows-x86_64 1.2 3.00 44.00 47.00 OK
r-patched-linux-x86_64 1.2 2.25 21.02 23.27 OK
r-release-linux-x86_64 1.2 2.00 20.68 22.68 OK
r-release-macos-arm64 1.2 16.00 OK
r-release-macos-x86_64 1.2 25.00 OK
r-release-windows-x86_64 1.2 4.00 45.00 49.00 OK
r-oldrel-macos-arm64 1.2 18.00 OK
r-oldrel-macos-x86_64 1.2 24.00 OK
r-oldrel-windows-x86_64 1.2 3.00 47.00 50.00 OK

Check Details

Version: 1.2
Check: CRAN incoming feasibility
Result: NOTE Maintainer: ‘Murat Tinic <tinic@bilkent.edu.tr>’ No Authors@R field in DESCRIPTION. Please add one, modifying Authors@R: c(person(given = "Duygu", family = "Celik", role = "aut"), person(given = "Murat", family = "Tinic", role = c("aut", "cre"), email = "tinic@bilkent.edu.tr")) as necessary. Found the following \keyword or \concept entries which likely give several index terms: File ‘InfoTrad-package.Rd’: \keyword{Probability of Informed Trading (PIN), LK [TRUNCATED] Flavors: r-devel-linux-x86_64-debian-clang, r-devel-linux-x86_64-debian-gcc

These binaries (installable software) and packages are in development.
They may not be fully stable and should be used with caution. We make no claims about them.
Health stats visible at Monitor.