CRAN Package Check Results for Package INSPIRE

Last updated on 2025-05-03 22:49:57 CEST.

Flavor Version Tinstall Tcheck Ttotal Status Flags
r-devel-linux-x86_64-debian-clang 1.5 12.53 97.28 109.81 NOTE
r-devel-linux-x86_64-debian-gcc 1.5 9.39 68.56 77.95 NOTE
r-devel-linux-x86_64-fedora-clang 1.5 160.79 NOTE
r-devel-linux-x86_64-fedora-gcc 1.5 170.61 NOTE
r-devel-windows-x86_64 1.5 17.00 103.00 120.00 OK
r-patched-linux-x86_64 1.5 12.34 90.74 103.08 OK
r-release-linux-x86_64 OK
r-release-macos-arm64 1.5 48.00 OK
r-release-macos-x86_64 1.5 89.00 OK
r-release-windows-x86_64 1.5 17.00 100.00 117.00 OK
r-oldrel-macos-arm64 1.5 47.00 OK
r-oldrel-macos-x86_64 1.5 74.00 OK
r-oldrel-windows-x86_64 1.5 23.00 125.00 148.00 OK

Check Details

Version: 1.5
Check: CRAN incoming feasibility
Result: NOTE Maintainer: ‘Safiye Celik <safiye@cs.washington.edu>’ No Authors@R field in DESCRIPTION. Please add one, modifying Authors@R: person(given = "Safiye", family = "Celik", role = c("aut", "cre"), email = "safiye@cs.washington.edu") as necessary. The URL field contains the following bad parts: inspire.cs.washington.edu The URL field should be a list of URLs separated by commas or whitespace. Flavors: r-devel-linux-x86_64-debian-clang, r-devel-linux-x86_64-debian-gcc

Version: 1.5
Check: compiled code
Result: NOTE File ‘INSPIRE/libs/INSPIRE.so’: Found no calls to: ‘R_registerRoutines’, ‘R_useDynamicSymbols’ It is good practice to register native routines and to disable symbol search. See ‘Writing portable packages’ in the ‘Writing R Extensions’ manual. Flavors: r-devel-linux-x86_64-fedora-clang, r-devel-linux-x86_64-fedora-gcc

These binaries (installable software) and packages are in development.
They may not be fully stable and should be used with caution. We make no claims about them.
Health stats visible at Monitor.