Last updated on 2025-02-23 15:49:45 CET.
Flavor | Version | Tinstall | Tcheck | Ttotal | Status | Flags |
---|---|---|---|---|---|---|
r-devel-linux-x86_64-debian-clang | 1.0 | 27.86 | 230.17 | 258.03 | NOTE | |
r-devel-linux-x86_64-debian-gcc | 1.0 | 17.92 | 157.11 | 175.03 | NOTE | |
r-devel-linux-x86_64-fedora-clang | 1.0 | 421.19 | NOTE | |||
r-devel-linux-x86_64-fedora-gcc | 1.0 | 388.86 | NOTE | |||
r-devel-macos-arm64 | 1.0 | 93.00 | OK | |||
r-devel-macos-x86_64 | 1.0 | 215.00 | OK | |||
r-devel-windows-x86_64 | 1.0 | 25.00 | 201.00 | 226.00 | OK | |
r-patched-linux-x86_64 | 1.0 | 26.98 | 209.28 | 236.26 | NOTE | |
r-release-linux-x86_64 | 1.0 | 23.42 | 209.59 | 233.01 | NOTE | |
r-release-macos-arm64 | 1.0 | 95.00 | OK | |||
r-release-macos-x86_64 | 1.0 | 162.00 | OK | |||
r-release-windows-x86_64 | 1.0 | 26.00 | 200.00 | 226.00 | OK | |
r-oldrel-macos-arm64 | 1.0 | 7.00 | ERROR | |||
r-oldrel-macos-x86_64 | 1.0 | 273.00 | OK | |||
r-oldrel-windows-x86_64 | 1.0 | 30.00 | 271.00 | 301.00 | OK |
Version: 1.0
Check: for non-standard things in the check directory
Result: NOTE
Found the following files/directories:
‘INCA_DEG combined table.txt’
‘INCA_DEG_LIMMA_significant_transEff.txt’
‘INCA_DEG_LIMMA_transEff.txt’ ‘INCA_DEG_LIMMA_volcano_transEff.jpg’
‘INCA_DEG_RP_transEff.txt’ ‘INCA_DEG_RP_transEff_significant.txt’
‘INCA_DEG_RP_volcano_transEff.jpg’
‘INCA_DEG_SAM_significant_transEff.txt’ ‘INCA_DEG_SAM_transEff.txt’
‘INCA_DEG_SAM_volcano_transEff.jpg’
‘INCA_DEG_TTEST_significant_transEff.txt’
‘INCA_DEG_TTEST_transEff.txt’ ‘INCA_DEG_TTEST_volcano_transEff.jpg’
‘MAplot1.jpg’ ‘MAplot10.jpg’ ‘MAplot11.jpg’ ‘MAplot12.jpg’
‘MAplot2.jpg’ ‘MAplot3.jpg’ ‘MAplot4.jpg’ ‘MAplot5.jpg’ ‘MAplot6.jpg’
‘MAplot7.jpg’ ‘MAplot8.jpg’ ‘MAplot9.jpg’
‘MAplot_post-INCANormIC_1.jpg’ ‘MAplot_post-INCANormIC_10.jpg’
‘MAplot_post-INCANormIC_11.jpg’ ‘MAplot_post-INCANormIC_12.jpg’
‘MAplot_post-INCANormIC_2.jpg’ ‘MAplot_post-INCANormIC_3.jpg’
‘MAplot_post-INCANormIC_4.jpg’ ‘MAplot_post-INCANormIC_5.jpg’
‘MAplot_post-INCANormIC_6.jpg’ ‘MAplot_post-INCANormIC_7.jpg’
‘MAplot_post-INCANormIC_8.jpg’ ‘MAplot_post-INCANormIC_9.jpg’
‘MAplot_post-INCANormSI_1.jpg’ ‘MAplot_post-INCANormSI_10.jpg’
‘MAplot_post-INCANormSI_11.jpg’ ‘MAplot_post-INCANormSI_12.jpg’
‘MAplot_post-INCANormSI_2.jpg’ ‘MAplot_post-INCANormSI_3.jpg’
‘MAplot_post-INCANormSI_4.jpg’ ‘MAplot_post-INCANormSI_5.jpg’
‘MAplot_post-INCANormSI_6.jpg’ ‘MAplot_post-INCANormSI_7.jpg’
‘MAplot_post-INCANormSI_8.jpg’ ‘MAplot_post-INCANormSI_9.jpg’
‘MAplot_pre-INCANormIC_1.jpg’ ‘MAplot_pre-INCANormIC_10.jpg’
‘MAplot_pre-INCANormIC_11.jpg’ ‘MAplot_pre-INCANormIC_12.jpg’
‘MAplot_pre-INCANormIC_2.jpg’ ‘MAplot_pre-INCANormIC_3.jpg’
‘MAplot_pre-INCANormIC_4.jpg’ ‘MAplot_pre-INCANormIC_5.jpg’
‘MAplot_pre-INCANormIC_6.jpg’ ‘MAplot_pre-INCANormIC_7.jpg’
‘MAplot_pre-INCANormIC_8.jpg’ ‘MAplot_pre-INCANormIC_9.jpg’
‘MAplot_pre-INCANormSI_1.jpg’ ‘MAplot_pre-INCANormSI_10.jpg’
‘MAplot_pre-INCANormSI_11.jpg’ ‘MAplot_pre-INCANormSI_12.jpg’
‘MAplot_pre-INCANormSI_2.jpg’ ‘MAplot_pre-INCANormSI_3.jpg’
‘MAplot_pre-INCANormSI_4.jpg’ ‘MAplot_pre-INCANormSI_5.jpg’
‘MAplot_pre-INCANormSI_6.jpg’ ‘MAplot_pre-INCANormSI_7.jpg’
‘MAplot_pre-INCANormSI_8.jpg’ ‘MAplot_pre-INCANormSI_9.jpg’
‘SpikeInPlot1.jpg’ ‘SpikeInPlot10.jpg’ ‘SpikeInPlot11.jpg’
‘SpikeInPlot12.jpg’ ‘SpikeInPlot2.jpg’ ‘SpikeInPlot3.jpg’
‘SpikeInPlot4.jpg’ ‘SpikeInPlot5.jpg’ ‘SpikeInPlot6.jpg’
‘SpikeInPlot7.jpg’ ‘SpikeInPlot8.jpg’ ‘SpikeInPlot9.jpg’
Flavors: r-devel-linux-x86_64-debian-clang, r-devel-linux-x86_64-debian-gcc, r-devel-linux-x86_64-fedora-clang, r-devel-linux-x86_64-fedora-gcc, r-patched-linux-x86_64, r-release-linux-x86_64
Version: 1.0
Check: package dependencies
Result: ERROR
Packages required but not available: 'siggenes', 'RankProd'
See section ‘The DESCRIPTION file’ in the ‘Writing R Extensions’
manual.
Flavor: r-oldrel-macos-arm64
These binaries (installable software) and packages are in development.
They may not be fully stable and should be used with caution. We make no claims about them.
Health stats visible at Monitor.