Last updated on 2025-05-15 11:50:03 CEST.
Flavor | Version | Tinstall | Tcheck | Ttotal | Status | Flags |
---|---|---|---|---|---|---|
r-devel-linux-x86_64-debian-clang | 0.1.4 | 9.29 | 50.16 | 59.45 | NOTE | |
r-devel-linux-x86_64-debian-gcc | 0.1.4 | 8.01 | 36.19 | 44.20 | NOTE | |
r-devel-linux-x86_64-fedora-clang | 0.1.4 | 90.16 | NOTE | |||
r-devel-linux-x86_64-fedora-gcc | 0.1.4 | 92.00 | NOTE | |||
r-devel-windows-x86_64 | 0.1.4 | 13.00 | 73.00 | 86.00 | NOTE | |
r-patched-linux-x86_64 | 0.1.4 | 10.23 | 46.28 | 56.51 | NOTE | |
r-release-linux-x86_64 | 0.1.4 | 8.62 | 47.01 | 55.63 | NOTE | |
r-release-macos-arm64 | 0.1.4 | 44.00 | NOTE | |||
r-release-macos-x86_64 | 0.1.4 | 70.00 | NOTE | |||
r-release-windows-x86_64 | 0.1.4 | 13.00 | 72.00 | 85.00 | NOTE | |
r-oldrel-macos-arm64 | 0.1.4 | 35.00 | NOTE | |||
r-oldrel-macos-x86_64 | 0.1.4 | 58.00 | NOTE | |||
r-oldrel-windows-x86_64 | 0.1.4 | 17.00 | 89.00 | 106.00 | NOTE |
Version: 0.1.4
Check: CRAN incoming feasibility
Result: NOTE
Maintainer: ‘Jacob R. Bradley <cobrbradley@gmail.com>’
The Description field contains
and Cannings (2021) <arXiv:2102.04296>. This package allows the user to
Please refer to arXiv e-prints via their arXiv DOI <doi:10.48550/arXiv.YYMM.NNNNN>.
Flavors: r-devel-linux-x86_64-debian-clang, r-devel-linux-x86_64-debian-gcc
Version: 0.1.4
Check: Rd files
Result: NOTE
checkRd: (-1) get_p.Rd:29: Lost braces; missing escapes or markup?
29 | \item A numeric p_norm, giving the factor between p_{gs} and phi_{0gs} (see paper for details).
| ^
checkRd: (-1) get_p.Rd:29: Lost braces; missing escapes or markup?
29 | \item A numeric p_norm, giving the factor between p_{gs} and phi_{0gs} (see paper for details).
| ^
Flavors: r-devel-linux-x86_64-debian-clang, r-devel-linux-x86_64-debian-gcc, r-devel-linux-x86_64-fedora-clang, r-devel-linux-x86_64-fedora-gcc, r-devel-windows-x86_64, r-patched-linux-x86_64, r-release-linux-x86_64, r-release-macos-arm64, r-release-macos-x86_64, r-release-windows-x86_64, r-oldrel-macos-arm64, r-oldrel-macos-x86_64, r-oldrel-windows-x86_64
These binaries (installable software) and packages are in development.
They may not be fully stable and should be used with caution. We make no claims about them.
Health stats visible at Monitor.