Last updated on 2025-02-23 19:51:07 CET.
Flavor | Version | Tinstall | Tcheck | Ttotal | Status | Flags |
---|---|---|---|---|---|---|
r-devel-linux-x86_64-debian-clang | 0.1.4 | 8.75 | 47.62 | 56.37 | NOTE | |
r-devel-linux-x86_64-debian-gcc | 0.1.4 | 6.40 | 35.43 | 41.83 | NOTE | |
r-devel-linux-x86_64-fedora-clang | 0.1.4 | 95.55 | NOTE | |||
r-devel-linux-x86_64-fedora-gcc | 0.1.4 | 87.33 | NOTE | |||
r-devel-macos-arm64 | 0.1.4 | 34.00 | NOTE | |||
r-devel-macos-x86_64 | 0.1.4 | 76.00 | NOTE | |||
r-devel-windows-x86_64 | 0.1.4 | 12.00 | 74.00 | 86.00 | NOTE | |
r-patched-linux-x86_64 | 0.1.4 | 10.17 | 44.85 | 55.02 | NOTE | |
r-release-linux-x86_64 | 0.1.4 | 9.21 | 45.09 | 54.30 | NOTE | |
r-release-macos-arm64 | 0.1.4 | 35.00 | NOTE | |||
r-release-macos-x86_64 | 0.1.4 | 58.00 | NOTE | |||
r-release-windows-x86_64 | 0.1.4 | 13.00 | 70.00 | 83.00 | NOTE | |
r-oldrel-macos-arm64 | 0.1.4 | 41.00 | OK | |||
r-oldrel-macos-x86_64 | 0.1.4 | 53.00 | OK | |||
r-oldrel-windows-x86_64 | 0.1.4 | 18.00 | 85.00 | 103.00 | OK |
Version: 0.1.4
Check: Rd files
Result: NOTE
checkRd: (-1) get_p.Rd:29: Lost braces; missing escapes or markup?
29 | \item A numeric p_norm, giving the factor between p_{gs} and phi_{0gs} (see paper for details).
| ^
checkRd: (-1) get_p.Rd:29: Lost braces; missing escapes or markup?
29 | \item A numeric p_norm, giving the factor between p_{gs} and phi_{0gs} (see paper for details).
| ^
Flavors: r-devel-linux-x86_64-debian-clang, r-devel-linux-x86_64-debian-gcc, r-devel-linux-x86_64-fedora-clang, r-devel-linux-x86_64-fedora-gcc, r-devel-macos-arm64, r-devel-macos-x86_64, r-devel-windows-x86_64, r-patched-linux-x86_64, r-release-linux-x86_64, r-release-macos-arm64, r-release-macos-x86_64, r-release-windows-x86_64
These binaries (installable software) and packages are in development.
They may not be fully stable and should be used with caution. We make no claims about them.
Health stats visible at Monitor.