Last updated on 2025-10-09 20:04:09 CEST.
Flavor | Version | Tinstall | Tcheck | Ttotal | Status | Flags |
---|---|---|---|---|---|---|
r-devel-linux-x86_64-debian-clang | 5.2-4 | 57.16 | 336.09 | 393.25 | NOTE | |
r-devel-linux-x86_64-debian-gcc | 5.2-4 | 31.03 | 203.94 | 234.97 | NOTE | |
r-devel-linux-x86_64-fedora-clang | 5.2-4 | 609.36 | NOTE | |||
r-devel-linux-x86_64-fedora-gcc | 5.2-4 | 594.51 | NOTE | |||
r-devel-windows-x86_64 | 5.2-4 | 65.00 | 368.00 | 433.00 | NOTE | |
r-patched-linux-x86_64 | 5.2-4 | 57.24 | 314.80 | 372.04 | NOTE | |
r-release-linux-x86_64 | 5.2-3 | 50.36 | 316.33 | 366.69 | NOTE | |
r-release-macos-arm64 | 5.2-4 | 130.00 | NOTE | |||
r-release-macos-x86_64 | 5.2-4 | 338.00 | NOTE | |||
r-release-windows-x86_64 | 5.2-4 | 68.00 | 392.00 | 460.00 | NOTE | |
r-oldrel-macos-arm64 | 5.2-4 | 134.00 | NOTE | |||
r-oldrel-macos-x86_64 | 5.2-4 | 288.00 | NOTE | |||
r-oldrel-windows-x86_64 | 5.2-4 | 81.00 | 478.00 | 559.00 | NOTE |
Version: 5.2-4
Check: R code for possible problems
Result: NOTE
Fdebug: multiple local function definitions for ‘deb’ with different
formal arguments
html_describe_con: multiple local function definitions for ‘g’ with
different formal arguments
Flavors: r-devel-linux-x86_64-debian-clang, r-devel-linux-x86_64-debian-gcc, r-devel-linux-x86_64-fedora-clang, r-devel-linux-x86_64-fedora-gcc, r-devel-windows-x86_64, r-patched-linux-x86_64, r-release-macos-arm64, r-release-macos-x86_64, r-release-windows-x86_64, r-oldrel-macos-arm64, r-oldrel-macos-x86_64, r-oldrel-windows-x86_64
Version: 5.2-3
Check: R code for possible problems
Result: NOTE
Fdebug: multiple local function definitions for ‘deb’ with different
formal arguments
html_describe_con: multiple local function definitions for ‘g’ with
different formal arguments
Flavor: r-release-linux-x86_64
Version: 5.2-4
Check: installed package size
Result: NOTE
installed size is 5.1Mb
sub-directories of 1Mb or more:
R 2.0Mb
help 2.3Mb
Flavor: r-oldrel-macos-x86_64
These binaries (installable software) and packages are in development.
They may not be fully stable and should be used with caution. We make no claims about them.
Health stats visible at Monitor.