CRAN Package Check Results for Package HellCor

Last updated on 2025-05-17 21:49:30 CEST.

Flavor Version Tinstall Tcheck Ttotal Status Flags
r-devel-linux-x86_64-debian-clang 1.3 5.54 32.96 38.50 NOTE
r-devel-linux-x86_64-debian-gcc 1.3 4.30 24.87 29.17 NOTE
r-devel-linux-x86_64-fedora-clang 1.3 60.00 OK
r-devel-linux-x86_64-fedora-gcc 1.3 60.35 OK
r-devel-windows-x86_64 1.3 8.00 56.00 64.00 OK
r-patched-linux-x86_64 1.3 5.25 31.67 36.92 OK
r-release-linux-x86_64 1.3 5.76 31.48 37.24 OK
r-release-macos-arm64 1.3 23.00 OK
r-release-macos-x86_64 1.3 40.00 OK
r-release-windows-x86_64 1.3 9.00 61.00 70.00 OK
r-oldrel-macos-arm64 1.3 23.00 OK
r-oldrel-macos-x86_64 1.3 34.00 OK
r-oldrel-windows-x86_64 1.3 9.00 69.00 78.00 OK

Check Details

Version: 1.3
Check: CRAN incoming feasibility
Result: NOTE Maintainer: ‘Pierre Lafaye De Micheaux <lafaye@unsw.edu.au>’ Package CITATION file contains call(s) to old-style personList() or as.personList(). Please use c() on person objects instead. Package CITATION file contains call(s) to old-style citEntry(). Please use bibentry() instead. The Description field contains Geenens and Lafaye De Micheaux (2019) <arXiv:1810.10276v4>. Please refer to arXiv e-prints via their arXiv DOI <doi:10.48550/arXiv.YYMM.NNNNN>. Flavors: r-devel-linux-x86_64-debian-clang, r-devel-linux-x86_64-debian-gcc

These binaries (installable software) and packages are in development.
They may not be fully stable and should be used with caution. We make no claims about them.
Health stats visible at Monitor.