CRAN Package Check Results for Package Harvest.Tree

Last updated on 2025-05-17 13:49:39 CEST.

Flavor Version Tinstall Tcheck Ttotal Status Flags
r-devel-linux-x86_64-debian-clang 1.1 2.47 28.29 30.76 NOTE
r-devel-linux-x86_64-debian-gcc 1.1 1.83 20.97 22.80 NOTE
r-devel-linux-x86_64-fedora-clang 1.1 47.93 OK
r-devel-linux-x86_64-fedora-gcc 1.1 46.45 OK
r-devel-windows-x86_64 1.1 3.00 48.00 51.00 OK
r-patched-linux-x86_64 1.1 2.25 26.89 29.14 OK
r-release-linux-x86_64 1.1 2.33 26.82 29.15 OK
r-release-macos-arm64 1.1 18.00 OK
r-release-macos-x86_64 1.1 31.00 OK
r-release-windows-x86_64 1.1 4.00 48.00 52.00 OK
r-oldrel-macos-arm64 1.1 16.00 OK
r-oldrel-macos-x86_64 1.1 24.00 OK
r-oldrel-windows-x86_64 1.1 3.00 52.00 55.00 OK

Check Details

Version: 1.1
Check: CRAN incoming feasibility
Result: NOTE Maintainer: ‘Bingyuan Liu <adler1016@gmail.com>’ No Authors@R field in DESCRIPTION. Please add one, modifying Authors@R: c(person(given = c("Bingyuan", "Liu/Yan", "Yuan/Qian"), family = "Shi", role = "aut"), person(given = "Bingyuan", family = "Liu", role = "cre", email = "adler1016@gmail.com")) as necessary. The Description field contains to http://www.stat.ubc.ca/Research/TechReports/techreports/220.pdf for Please enclose URLs in angle brackets (<...>). Flavors: r-devel-linux-x86_64-debian-clang, r-devel-linux-x86_64-debian-gcc

These binaries (installable software) and packages are in development.
They may not be fully stable and should be used with caution. We make no claims about them.
Health stats visible at Monitor.