CRAN Package Check Results for Package HanStat

Last updated on 2025-05-17 15:50:44 CEST.

Flavor Version Tinstall Tcheck Ttotal Status Flags
r-devel-linux-x86_64-debian-clang 0.90.0 5.42 60.42 65.84 NOTE
r-devel-linux-x86_64-debian-gcc 0.90.0 4.38 42.74 47.12 NOTE
r-devel-linux-x86_64-fedora-clang 0.90.0 105.20 OK
r-devel-linux-x86_64-fedora-gcc 0.90.0 101.01 OK
r-devel-windows-x86_64 0.90.0 10.00 72.00 82.00 OK
r-patched-linux-x86_64 0.90.0 4.62 56.95 61.57 OK
r-release-linux-x86_64 0.90.0 6.80 57.15 63.95 OK
r-release-macos-arm64 0.90.0 34.00 OK
r-release-macos-x86_64 0.90.0 53.00 OK
r-release-windows-x86_64 0.90.0 9.00 74.00 83.00 OK
r-oldrel-macos-arm64 0.90.0 33.00 OK
r-oldrel-macos-x86_64 0.90.0 51.00 OK
r-oldrel-windows-x86_64 0.90.0 11.00 90.00 101.00 OK

Check Details

Version: 0.90.0
Check: CRAN incoming feasibility
Result: NOTE Maintainer: ‘Konrad Krahl <Beratung@Hanseatic-Statistics.de>’ The BugReports field in DESCRIPTION has https://github.com/KonradKrahl/HanStat which should likely be https://github.com/KonradKrahl/HanStat/issues instead. Flavors: r-devel-linux-x86_64-debian-clang, r-devel-linux-x86_64-debian-gcc

These binaries (installable software) and packages are in development.
They may not be fully stable and should be used with caution. We make no claims about them.
Health stats visible at Monitor.