Last updated on 2025-02-23 15:49:45 CET.
Flavor | Version | Tinstall | Tcheck | Ttotal | Status | Flags |
---|---|---|---|---|---|---|
r-devel-linux-x86_64-debian-clang | 2.0 | 12.53 | 35.36 | 47.89 | NOTE | |
r-devel-linux-x86_64-debian-gcc | 2.0 | 10.89 | 28.48 | 39.37 | NOTE | |
r-devel-linux-x86_64-fedora-clang | 2.0 | 88.02 | NOTE | |||
r-devel-linux-x86_64-fedora-gcc | 2.0 | 85.06 | NOTE | |||
r-devel-macos-arm64 | 2.0 | 27.00 | NOTE | |||
r-devel-macos-x86_64 | 2.0 | 50.00 | NOTE | |||
r-devel-windows-x86_64 | 2.0 | 20.00 | 77.00 | 97.00 | NOTE | |
r-patched-linux-x86_64 | 2.0 | 14.25 | 34.24 | 48.49 | NOTE | |
r-release-linux-x86_64 | 2.0 | 13.15 | 33.47 | 46.62 | NOTE | |
r-release-macos-arm64 | 2.0 | 28.00 | NOTE | |||
r-release-macos-x86_64 | 2.0 | 43.00 | NOTE | |||
r-release-windows-x86_64 | 2.0 | 20.00 | 72.00 | 92.00 | NOTE | |
r-oldrel-macos-arm64 | 2.0 | 30.00 | OK | |||
r-oldrel-macos-x86_64 | 2.0 | 42.00 | OK | |||
r-oldrel-windows-x86_64 | 2.0 | 24.00 | 83.00 | 107.00 | OK |
Version: 2.0
Check: Rd files
Result: NOTE
checkRd: (-1) CalcROC.Rd:47: Lost braces
47 | The accuracy of the classifier is the mean value of dQuote{(optSn, optSp)} for two-class problem and the mean value of \dQuote{(optSn, optSp,optS3)} for three-class problem.
| ^
Flavors: r-devel-linux-x86_64-debian-clang, r-devel-linux-x86_64-debian-gcc, r-devel-linux-x86_64-fedora-clang, r-devel-linux-x86_64-fedora-gcc, r-devel-macos-arm64, r-devel-macos-x86_64, r-devel-windows-x86_64, r-patched-linux-x86_64, r-release-linux-x86_64, r-release-macos-arm64, r-release-macos-x86_64, r-release-windows-x86_64
These binaries (installable software) and packages are in development.
They may not be fully stable and should be used with caution. We make no claims about them.
Health stats visible at Monitor.