CRAN Package Check Results for Package HTSCluster

Last updated on 2025-05-17 13:49:39 CEST.

Flavor Version Tinstall Tcheck Ttotal Status Flags
r-devel-linux-x86_64-debian-clang 2.0.11 5.85 45.92 51.77 NOTE
r-devel-linux-x86_64-debian-gcc 2.0.11 3.24 33.79 37.03 NOTE
r-devel-linux-x86_64-fedora-clang 2.0.11 88.39 OK
r-devel-linux-x86_64-fedora-gcc 2.0.11 98.51 OK
r-devel-windows-x86_64 2.0.11 5.00 72.00 77.00 OK
r-patched-linux-x86_64 2.0.11 5.19 43.51 48.70 OK
r-release-linux-x86_64 2.0.11 4.98 44.30 49.28 OK
r-release-macos-arm64 2.0.11 36.00 OK
r-release-macos-x86_64 2.0.11 53.00 OK
r-release-windows-x86_64 2.0.11 5.00 76.00 81.00 OK
r-oldrel-macos-arm64 2.0.11 28.00 OK
r-oldrel-macos-x86_64 2.0.11 52.00 OK
r-oldrel-windows-x86_64 2.0.11 5.00 77.00 82.00 OK

Check Details

Version: 2.0.11
Check: CRAN incoming feasibility
Result: NOTE Maintainer: ‘Andrea Rau <andrea.rau@jouy.inra.fr>’ No Authors@R field in DESCRIPTION. Please add one, modifying Authors@R: c(person(given = "Andrea", family = "Rau", role = c("aut", "cre"), email = "andrea.rau@jouy.inra.fr"), person(given = "Gilles", family = "Celeux", role = "aut"), person(given = "Marie-Laure", family = "Martin-Magniette", role = "aut"), person(given = c("Cathy", "Maugis-"), family = "Rabusseau", role = "aut")) as necessary. Flavors: r-devel-linux-x86_64-debian-clang, r-devel-linux-x86_64-debian-gcc

These binaries (installable software) and packages are in development.
They may not be fully stable and should be used with caution. We make no claims about them.
Health stats visible at Monitor.