CRAN Package Check Results for Package HTLR

Last updated on 2025-05-17 09:49:12 CEST.

Flavor Version Tinstall Tcheck Ttotal Status Flags
r-devel-linux-x86_64-debian-clang 0.4-4 58.32 73.82 132.14 NOTE --no-vignettes
r-devel-linux-x86_64-debian-gcc 0.4-4 41.62 56.13 97.75 NOTE --no-vignettes
r-devel-linux-x86_64-fedora-clang 0.4-4 684.26 NOTE
r-devel-linux-x86_64-fedora-gcc 0.4-4 1226.07 NOTE
r-devel-windows-x86_64 0.4-4 70.00 335.00 405.00 NOTE
r-patched-linux-x86_64 0.4-4 59.15 68.51 127.66 NOTE --no-vignettes
r-release-linux-x86_64 0.4-4 59.28 68.32 127.60 NOTE --no-vignettes
r-release-macos-arm64 0.4-4 172.00 NOTE
r-release-macos-x86_64 0.4-4 354.00 NOTE
r-release-windows-x86_64 0.4-4 70.00 332.00 402.00 NOTE
r-oldrel-macos-arm64 0.4-4 115.00 NOTE
r-oldrel-macos-x86_64 0.4-4 162.00 NOTE
r-oldrel-windows-x86_64 0.4-4 83.00 362.00 445.00 NOTE

Check Details

Version: 0.4-4
Flags: --no-vignettes
Check: CRAN incoming feasibility
Result: NOTE Maintainer: ‘Longhai Li <longhai@math.usask.ca>’ Package CITATION file contains call(s) to old-style citEntry(). Please use bibentry() instead. The Description field contains Computation and Simulation, 88:14, 2827-2851, <arXiv:1405.3319>. Please refer to arXiv e-prints via their arXiv DOI <doi:10.48550/arXiv.YYMM.NNNNN>. Flavors: r-devel-linux-x86_64-debian-clang, r-devel-linux-x86_64-debian-gcc

Version: 0.4-4
Flags: --no-vignettes
Check: C++ specification
Result: NOTE Specified C++11: please drop specification unless essential Flavors: r-devel-linux-x86_64-debian-clang, r-devel-linux-x86_64-debian-gcc, r-patched-linux-x86_64, r-release-linux-x86_64

Version: 0.4-4
Check: C++ specification
Result: NOTE Specified C++11: please drop specification unless essential Flavors: r-devel-linux-x86_64-fedora-clang, r-devel-linux-x86_64-fedora-gcc, r-devel-windows-x86_64, r-release-macos-arm64, r-release-macos-x86_64, r-release-windows-x86_64, r-oldrel-macos-arm64, r-oldrel-macos-x86_64, r-oldrel-windows-x86_64

Version: 0.4-4
Check: installed package size
Result: NOTE installed size is 5.8Mb sub-directories of 1Mb or more: doc 1.1Mb libs 3.5Mb Flavors: r-oldrel-macos-arm64, r-oldrel-macos-x86_64

These binaries (installable software) and packages are in development.
They may not be fully stable and should be used with caution. We make no claims about them.
Health stats visible at Monitor.