Last updated on 2025-05-03 22:49:56 CEST.
Flavor | Version | Tinstall | Tcheck | Ttotal | Status | Flags |
---|---|---|---|---|---|---|
r-devel-linux-x86_64-debian-clang | 1.3-10 | 2.94 | 124.98 | 127.92 | NOTE | |
r-devel-linux-x86_64-debian-gcc | 1.3-11 | 2.18 | 103.63 | 105.81 | OK | |
r-devel-linux-x86_64-fedora-clang | 1.3-11 | 213.51 | OK | |||
r-devel-linux-x86_64-fedora-gcc | 1.3-11 | 225.15 | OK | |||
r-devel-windows-x86_64 | 1.3-10 | 4.00 | 88.00 | 92.00 | OK | --no-vignettes |
r-patched-linux-x86_64 | 1.3-10 | 3.68 | 121.12 | 124.80 | OK | |
r-release-linux-x86_64 | OK | |||||
r-release-macos-arm64 | 1.3-11 | 157.00 | OK | |||
r-release-macos-x86_64 | 1.3-11 | 263.00 | OK | |||
r-release-windows-x86_64 | 1.3-11 | 9.00 | 42.00 | 51.00 | OK | --no-vignettes |
r-oldrel-macos-arm64 | 1.3-11 | 142.00 | OK | |||
r-oldrel-macos-x86_64 | 1.3-11 | 262.00 | OK | |||
r-oldrel-windows-x86_64 | 1.3-10 | 5.00 | 71.00 | 76.00 | OK | --no-vignettes |
Version: 1.3-10
Check: CRAN incoming feasibility
Result: NOTE
Maintainer: ‘Torsten Hothorn <Torsten.Hothorn@R-project.org>’
No Authors@R field in DESCRIPTION.
Please add one, modifying
Authors@R: c(person(given = c("Brian", "S."),
family = "Everitt",
role = "aut"),
person(given = "Torsten",
family = "Hothorn",
role = c("aut", "cre"),
email = "torsten.hothorn@r-project.org"))
as necessary.
Flavor: r-devel-linux-x86_64-debian-clang
These binaries (installable software) and packages are in development.
They may not be fully stable and should be used with caution. We make no claims about them.
Health stats visible at Monitor.