Last updated on 2025-02-23 15:49:44 CET.
Flavor | Version | Tinstall | Tcheck | Ttotal | Status | Flags |
---|---|---|---|---|---|---|
r-devel-linux-x86_64-debian-clang | 0.1.0 | 3.96 | 28.19 | 32.15 | NOTE | |
r-devel-linux-x86_64-debian-gcc | 0.1.0 | 3.11 | 20.47 | 23.58 | NOTE | |
r-devel-linux-x86_64-fedora-clang | 0.1.0 | 51.77 | NOTE | |||
r-devel-linux-x86_64-fedora-gcc | 0.1.0 | 48.78 | NOTE | |||
r-devel-macos-arm64 | 0.1.0 | 20.00 | NOTE | |||
r-devel-macos-x86_64 | 0.1.0 | 40.00 | NOTE | |||
r-devel-windows-x86_64 | 0.1.0 | 7.00 | 51.00 | 58.00 | NOTE | |
r-patched-linux-x86_64 | 0.1.0 | 4.40 | 26.42 | 30.82 | NOTE | |
r-release-linux-x86_64 | 0.1.0 | 3.48 | 26.08 | 29.56 | NOTE | |
r-release-macos-arm64 | 0.1.0 | 19.00 | NOTE | |||
r-release-macos-x86_64 | 0.1.0 | 33.00 | NOTE | |||
r-release-windows-x86_64 | 0.1.0 | 6.00 | 49.00 | 55.00 | NOTE | |
r-oldrel-macos-arm64 | 0.1.0 | 19.00 | OK | |||
r-oldrel-macos-x86_64 | 0.1.0 | 30.00 | OK | |||
r-oldrel-windows-x86_64 | 0.1.0 | 8.00 | 51.00 | 59.00 | OK |
Version: 0.1.0
Check: Rd files
Result: NOTE
checkRd: (-1) HAPT.Rd:8: Lost braces
8 | \item{\samp{1}{X0.043579674}}{a numeric vector}
| ^
checkRd: (-1) HAPT.Rd:9: Lost braces
9 | \item{\samp{2}{X.0.005970221}}{a numeric vector}
| ^
checkRd: (-1) HAPT.Rd:10: Lost braces
10 | \item{\samp{3}{X.0.035054344}}{a numeric vector}
| ^
checkRd: (-1) HAPT.Rd:11: Lost braces
11 | \item{\samp{4}{X.0.99538116}}{a numeric vector}
| ^
checkRd: (-1) HAPT.Rd:12: Lost braces
12 | \item{\samp{5}{X.0.988365863}}{a numeric vector}
| ^
checkRd: (-1) HAPT.Rd:13: Lost braces
13 | \item{\samp{6}{X.0.937382005}}{a numeric vector}
| ^
checkRd: (-1) HAPT.Rd:14: Lost braces
14 | \item{\samp{7}{X.0.995007045}}{a numeric vector}
| ^
checkRd: (-1) HAPT.Rd:15: Lost braces
15 | \item{\samp{8}{X.0.988815577}}{a numeric vector}
| ^
checkRd: (-1) HAPT.Rd:16: Lost braces
16 | \item{\samp{9}{X.0.953325201}}{a numeric vector}
| ^
checkRd: (-1) HAPT.Rd:17: Lost braces
17 | \item{\samp{10}{X.0.794796369}}{a numeric vector}
| ^
checkRd: (-1) HAPT.Rd:18: Lost braces
18 | \item{\samp{11}{X.0.744892817}}{a numeric vector}
| ^
checkRd: (-1) HAPT.Rd:19: Lost braces
19 | \item{\samp{12}{X.0.648447245}}{a numeric vector}
| ^
checkRd: (-1) HAPT.Rd:20: Lost braces
20 | \item{\samp{13}{X0.841795574}}{a numeric vector}
| ^
checkRd: (-1) HAPT.Rd:21: Lost braces
21 | \item{\samp{14}{X0.708440184}}{a numeric vector}
| ^
checkRd: (-1) HAPT.Rd:22: Lost braces
22 | \item{\samp{15}{X0.651716486}}{a numeric vector}
| ^
checkRd: (-1) HAPT.Rd:23: Lost braces
23 | \item{\samp{16}{X.0.975752033}}{a numeric vector}
| ^
checkRd: (-1) HAPT.Rd:24: Lost braces
24 | \item{\samp{17}{X.0.999950218}}{a numeric vector}
| ^
checkRd: (-1) HAPT.Rd:25: Lost braces
25 | \item{\samp{18}{X.0.999888368}}{a numeric vector}
| ^
checkRd: (-1) HAPT.Rd:26: Lost braces
26 | \item{\samp{19}{X.0.998013666}}{a numeric vector}
| ^
checkRd: (-1) HAPT.Rd:27: Lost braces
27 | \item{\samp{20}{X.0.993999294}}{a numeric vector}
| ^
checkRd: (-1) HAPT.Rd:28: Lost braces
28 | \item{\samp{21}{X.0.991979622}}{a numeric vector}
| ^
checkRd: (-1) HAPT.Rd:29: Lost braces
29 | \item{\samp{22}{X.0.970970054}}{a numeric vector}
| ^
checkRd: (-1) HAPT.Rd:30: Lost braces
30 | \item{\samp{23}{X.0.547095381}}{a numeric vector}
| ^
checkRd: (-1) HAPT.Rd:31: Lost braces
31 | \item{\samp{24}{X.0.70097364}}{a numeric vector}
| ^
checkRd: (-1) HAPT.Rd:32: Lost braces
32 | \item{\samp{25}{X.0.622697109}}{a numeric vector}
| ^
checkRd: (-1) HAPT.Rd:33: Lost braces
33 | \item{\samp{26}{X0.921884153}}{a numeric vector}
| ^
checkRd: (-1) HAPT.Rd:34: Lost braces
34 | \item{\samp{27}{X.0.719482881}}{a numeric vector}
| ^
checkRd: (-1) HAPT.Rd:35: Lost braces
35 | \item{\samp{28}{X0.342168007}}{a numeric vector}
| ^
checkRd: (-1) HAPT.Rd:36: Lost braces
36 | \item{\samp{29}{X.0.161317646}}{a numeric vector}
| ^
checkRd: (-1) HAPT.Rd:37: Lost braces
37 | \item{\samp{30}{X0.266048969}}{a numeric vector}
| ^
checkRd: (-1) HAPT.Rd:38: Lost braces
38 | \item{\samp{31}{X.0.274351454}}{a numeric vector}
| ^
checkRd: (-1) HAPT.Rd:39: Lost braces
39 | \item{\samp{32}{X0.26720509}}{a numeric vector}
| ^
checkRd: (-1) HAPT.Rd:40: Lost braces
40 | \item{\samp{33}{X.0.020958427}}{a numeric vector}
| ^
checkRd: (-1) HAPT.Rd:41: Lost braces
41 | \item{\samp{34}{X0.382610239}}{a numeric vector}
| ^
checkRd: (-1) HAPT.Rd:42: Lost braces
42 | \item{\samp{35}{X.0.501748058}}{a numeric vector}
| ^
checkRd: (-1) HAPT.Rd:43: Lost braces
43 | \item{\samp{36}{X0.51246321}}{a numeric vector}
| ^
checkRd: (-1) HAPT.Rd:44: Lost braces
44 | \item{\samp{37}{X.0.206336868}}{a numeric vector}
| ^
checkRd: (-1) HAPT.Rd:45: Lost braces
45 | \item{\samp{38}{X0.376778004}}{a numeric vector}
| ^
checkRd: (-1) HAPT.Rd:46: Lost braces
46 | \item{\samp{39}{X0.435172317}}{a numeric vector}
| ^
checkRd: (-1) HAPT.Rd:47: Lost braces
47 | \item{\samp{40}{X0.66019853}}{a numeric vector}
| ^
checkRd: (-1) HAPT.Rd:48: Lost braces
48 | \item{\samp{41}{X0.960050684}}{a numeric vector}
| ^
checkRd: (-1) HAPT.Rd:49: Lost braces
49 | \item{\samp{42}{X.0.135938708}}{a numeric vector}
| ^
checkRd: (-1) HAPT.Rd:50: Lost braces
50 | \item{\samp{43}{X0.11555554}}{a numeric vector}
| ^
checkRd: (-1) HAPT.Rd:51: Lost braces
51 | \item{\samp{44}{X.0.988134472}}{a numeric vector}
| ^
checkRd: (-1) HAPT.Rd:52: Lost braces
52 | \item{\samp{45}{X.0.982692844}}{a numeric vector}
| ^
checkRd: (-1) HAPT.Rd:53: Lost braces
53 | \item{\samp{46}{X.0.919722675}}{a numeric vector}
| ^
checkRd: (-1) HAPT.Rd:54: Lost braces
54 | \item{\samp{47}{X.0.988361912}}{a numeric vector}
| ^
checkRd: (-1) HAPT.Rd:55: Lost braces
55 | \item{\samp{48}{X.0.985522958}}{a numeric vector}
| ^
checkRd: (-1) HAPT.Rd:56: Lost braces
56 | \item{\samp{49}{X.0.931833779}}{a numeric vector}
| ^
checkRd: (-1) HAPT.Rd:57: Lost braces
57 | \item{\samp{50}{X0.892054508}}{a numeric vector}
| ^
checkRd: (-1) HAPT.Rd:58: Lost braces
58 | \item{\samp{51}{X.0.161350449}}{a numeric vector}
| ^
checkRd: (-1) HAPT.Rd:59: Lost braces
59 | \item{\samp{52}{X0.124659771}}{a numeric vector}
| ^
checkRd: (-1) HAPT.Rd:60: Lost braces
60 | \item{\samp{53}{X0.977436313}}{a numeric vector}
| ^
checkRd: (-1) HAPT.Rd:61: Lost braces
61 | \item{\samp{54}{X.0.121512811}}{a numeric vector}
| ^
checkRd: (-1) HAPT.Rd:62: Lost braces
62 | \item{\samp{55}{X0.056114283}}{a numeric vector}
| ^
checkRd: (-1) HAPT.Rd:63: Lost braces
63 | \item{\samp{56}{X.0.374464221}}{a numeric vector}
| ^
checkRd: (-1) HAPT.Rd:64: Lost braces
64 | \item{\samp{57}{X0.891821485}}{a numeric vector}
| ^
checkRd: (-1) HAPT.Rd:65: Lost braces
65 | \item{\samp{58}{X.0.970835551}}{a numeric vector}
| ^
checkRd: (-1) HAPT.Rd:66: Lost braces
66 | \item{\samp{59}{X.0.975510738}}{a numeric vector}
| ^
checkRd: (-1) HAPT.Rd:67: Lost braces
67 | \item{\samp{60}{X.0.989140808}}{a numeric vector}
| ^
checkRd: (-1) HAPT.Rd:68: Lost braces
68 | \item{\samp{61}{X.0.990444311}}{a numeric vector}
| ^
checkRd: (-1) HAPT.Rd:69: Lost braces
69 | \item{\samp{62}{X.0.948886957}}{a numeric vector}
| ^
checkRd: (-1) HAPT.Rd:70: Lost braces
70 | \item{\samp{63}{X.1}}{a numeric vector}
| ^
checkRd: (-1) HAPT.Rd:71: Lost braces
71 | \item{\samp{64}{X.1.1}}{a numeric vector}
| ^
checkRd: (-1) HAPT.Rd:72: Lost braces
72 | \item{\samp{65}{X0.034248559}}{a numeric vector}
| ^
checkRd: (-1) HAPT.Rd:73: Lost braces
73 | \item{\samp{66}{X.0.593146212}}{a numeric vector}
| ^
checkRd: (-1) HAPT.Rd:74: Lost braces
74 | \item{\samp{67}{X0.59463587}}{a numeric vector}
| ^
checkRd: (-1) HAPT.Rd:75: Lost braces
75 | \item{\samp{68}{X.0.596439899}}{a numeric vector}
| ^
checkRd: (-1) HAPT.Rd:76: Lost braces
76 | \item{\samp{69}{X0.598560307}}{a numeric vector}
| ^
checkRd: (-1) HAPT.Rd:77: Lost braces
77 | \item{\samp{70}{X.0.712209102}}{a numeric vector}
| ^
checkRd: (-1) HAPT.Rd:78: Lost braces
78 | \item{\samp{71}{X0.709630397}}{a numeric vector}
| ^
checkRd: (-1) HAPT.Rd:79: Lost braces
79 | \item{\samp{72}{X.0.707484484}}{a numeric vector}
| ^
checkRd: (-1) HAPT.Rd:80: Lost braces
80 | \item{\samp{73}{X0.705000498}}{a numeric vector}
| ^
checkRd: (-1) HAPT.Rd:81: Lost braces
81 | \item{\samp{74}{X.0.992117053}}{a numeric vector}
| ^
checkRd: (-1) HAPT.Rd:82: Lost braces
82 | \item{\samp{75}{X0.992646866}}{a numeric vector}
| ^
checkRd: (-1) HAPT.Rd:83: Lost braces
83 | \item{\samp{76}{X.0.992885426}}{a numeric vector}
| ^
checkRd: (-1) HAPT.Rd:84: Lost braces
84 | \item{\samp{77}{X0.991747853}}{a numeric vector}
| ^
checkRd: (-1) HAPT.Rd:85: Lost braces
85 | \item{\samp{78}{X0.570268756}}{a numeric vector}
| ^
checkRd: (-1) HAPT.Rd:86: Lost braces
86 | \item{\samp{79}{X0.439065091}}{a numeric vector}
| ^
checkRd: (-1) HAPT.Rd:87: Lost braces
87 | \item{\samp{80}{X0.986912961}}{a numeric vector}
| ^
checkRd: (-1) HAPT.Rd:88: Lost braces
88 | \item{\samp{81}{X0.077996345}}{a numeric vector}
| ^
checkRd: (-1) HAPT.Rd:89: Lost braces
89 | \item{\samp{82}{X0.005000803}}{a numeric vector}
| ^
checkRd: (-1) HAPT.Rd:90: Lost braces
90 | \item{\samp{83}{X.0.097789591}}{a numeric vector}
| ^
checkRd: (-1) HAPT.Rd:91: Lost braces
91 | \item{\samp{84}{X.0.99351906}}{a numeric vector}
| ^
checkRd: (-1) HAPT.Rd:92: Lost braces
92 | \item{\samp{85}{X.0.988359988}}{a numeric vector}
| ^
checkRd: (-1) HAPT.Rd:93: Lost braces
93 | \item{\samp{86}{X.0.993574969}}{a numeric vector}
| ^
checkRd: (-1) HAPT.Rd:94: Lost braces
94 | \item{\samp{87}{X.0.994437381}}{a numeric vector}
| ^
checkRd: (-1) HAPT.Rd:95: Lost braces
95 | \item{\samp{88}{X.0.986206639}}{a numeric vector}
| ^
checkRd: (-1) HAPT.Rd:96: Lost braces
96 | \item{\samp{89}{X.0.992818354}}{a numeric vector}
| ^
checkRd: (-1) HAPT.Rd:97: Lost braces
97 | \item{\samp{90}{X.0.985180095}}{a numeric vector}
| ^
checkRd: (-1) HAPT.Rd:98: Lost braces
98 | \item{\samp{91}{X.0.991994232}}{a numeric vector}
| ^
checkRd: (-1) HAPT.Rd:99: Lost braces
99 | \item{\samp{92}{X.0.993118865}}{a numeric vector}
| ^
checkRd: (-1) HAPT.Rd:100: Lost braces
100 | \item{\samp{93}{X0.98983471}}{a numeric vector}
| ^
checkRd: (-1) HAPT.Rd:101: Lost braces
101 | \item{\samp{94}{X0.991956863}}{a numeric vector}
| ^
checkRd: (-1) HAPT.Rd:102: Lost braces
102 | \item{\samp{95}{X0.990519204}}{a numeric vector}
| ^
checkRd: (-1) HAPT.Rd:103: Lost braces
103 | \item{\samp{96}{X.0.993658164}}{a numeric vector}
| ^
checkRd: (-1) HAPT.Rd:104: Lost braces
104 | \item{\samp{97}{X.0.999934868}}{a numeric vector}
| ^
checkRd: (-1) HAPT.Rd:105: Lost braces
105 | \item{\samp{98}{X.0.999820446}}{a numeric vector}
| ^
checkRd: (-1) HAPT.Rd:106: Lost braces
106 | \item{\samp{99}{X.0.999878465}}{a numeric vector}
| ^
checkRd: (-1) HAPT.Rd:107: Lost braces
107 | \item{\samp{100}{X.0.994406779}}{a numeric vector}
| ^
checkRd: (-1) HAPT.Rd:108: Lost braces
108 | \item{\samp{101}{X.0.986024868}}{a numeric vector}
| ^
checkRd: (-1) HAPT.Rd:109: Lost braces
109 | \item{\samp{102}{X.0.988697635}}{a numeric vector}
| ^
checkRd: (-1) HAPT.Rd:110: Lost braces
110 | \item{\samp{103}{X.0.819949251}}{a numeric vector}
| ^
checkRd: (-1) HAPT.Rd:111: Lost braces
111 | \item{\samp{104}{X.0.793046449}}{a numeric vector}
| ^
checkRd: (-1) HAPT.Rd:112: Lost braces
112 | \item{\samp{105}{X.0.863145219}}{a numeric vector}
| ^
checkRd: (-1) HAPT.Rd:113: Lost braces
113 | \item{\samp{106}{X0.948026335}}{a numeric vector}
| ^
checkRd: (-1) HAPT.Rd:114: Lost braces
114 | \item{\samp{107}{X.0.334807052}}{a numeric vector}
| ^
checkRd: (-1) HAPT.Rd:115: Lost braces
115 | \item{\samp{108}{X0.714201993}}{a numeric vector}
| ^
checkRd: (-1) HAPT.Rd:116: Lost braces
116 | \item{\samp{109}{X0.49868609}}{a numeric vector}
| ^
checkRd: (-1) HAPT.Rd:117: Lost braces
117 | \item{\samp{110}{X0.296680795}}{a numeric vector}
| ^
checkRd: (-1) HAPT.Rd:118: Lost braces
118 | \item{\samp{111}{X.0.18951272}}{a numeric vector}
| ^
checkRd: (-1) HAPT.Rd:119: Lost braces
119 | \item{\samp{112}{X0.310911634}}{a numeric vector}
| ^
checkRd: (-1) HAPT.Rd:120: Lost braces
120 | \item{\samp{113}{X0.237110093}}{a numeric vector}
| ^
checkRd: (-1) HAPT.Rd:121: Lost braces
121 | \item{\samp{114}{X0.410936621}}{a numeric vector}
| ^
checkRd: (-1) HAPT.Rd:122: Lost braces
122 | \item{\samp{115}{X.0.509475111}}{a numeric vector}
| ^
checkRd: (-1) HAPT.Rd:123: Lost braces
123 | \item{\samp{116}{X0.475573642}}{a numeric vector}
| ^
checkRd: (-1) HAPT.Rd:124: Lost braces
124 | \item{\samp{117}{X.0.352207366}}{a numeric vector}
| ^
checkRd: (-1) HAPT.Rd:125: Lost braces
125 | \item{\samp{118}{X.0.394630885}}{a numeric vector}
| ^
checkRd: (-1) HAPT.Rd:126: Lost braces
126 | \item{\samp{119}{X.0.01679047}}{a numeric vector}
| ^
checkRd: (-1) HAPT.Rd:127: Lost braces
127 | \item{\samp{120}{X.0.15823668}}{a numeric vector}
| ^
checkRd: (-1) HAPT.Rd:128: Lost braces
128 | \item{\samp{121}{X.0.006100849}}{a numeric vector}
| ^
checkRd: (-1) HAPT.Rd:129: Lost braces
129 | \item{\samp{122}{X0.007514728}}{a numeric vector}
| ^
checkRd: (-1) HAPT.Rd:130: Lost braces
130 | \item{\samp{123}{X.0.063861644}}{a numeric vector}
| ^
checkRd: (-1) HAPT.Rd:131: Lost braces
131 | \item{\samp{124}{X.0.985312105}}{a numeric vector}
| ^
checkRd: (-1) HAPT.Rd:132: Lost braces
132 | \item{\samp{125}{X.0.976607569}}{a numeric vector}
| ^
checkRd: (-1) HAPT.Rd:133: Lost braces
133 | \item{\samp{126}{X.0.99331883}}{a numeric vector}
| ^
checkRd: (-1) HAPT.Rd:134: Lost braces
134 | \item{\samp{127}{X.0.984589148}}{a numeric vector}
| ^
checkRd: (-1) HAPT.Rd:135: Lost braces
135 | \item{\samp{128}{X.0.976326479}}{a numeric vector}
| ^
checkRd: (-1) HAPT.Rd:136: Lost braces
136 | \item{\samp{129}{X.0.993341427}}{a numeric vector}
| ^
checkRd: (-1) HAPT.Rd:137: Lost braces
137 | \item{\samp{130}{X.0.89756307}}{a numeric vector}
| ^
checkRd: (-1) HAPT.Rd:138: Lost braces
138 | \item{\samp{131}{X.0.936675984}}{a numeric vector}
| ^
checkRd: (-1) HAPT.Rd:139: Lost braces
139 | \item{\samp{132}{X.0.762644342}}{a numeric vector}
| ^
checkRd: (-1) HAPT.Rd:140: Lost braces
140 | \item{\samp{133}{X0.854297167}}{a numeric vector}
| ^
checkRd: (-1) HAPT.Rd:141: Lost braces
141 | \item{\samp{134}{X0.895031593}}{a numeric vector}
| ^
checkRd: (-1) HAPT.Rd:142: Lost braces
142 | \item{\samp{135}{X0.83084054}}{a numeric vector}
| ^
checkRd: (-1) HAPT.Rd:143: Lost braces
143 | \item{\samp{136}{X.0.967121622}}{a numeric vector}
| ^
checkRd: (-1) HAPT.Rd:144: Lost braces
144 | \item{\samp{137}{X.0.999578211}}{a numeric vector}
| ^
checkRd: (-1) HAPT.Rd:145: Lost braces
145 | \item{\samp{138}{X.0.999354327}}{a numeric vector}
| ^
checkRd: (-1) HAPT.Rd:146: Lost braces
146 | \item{\samp{139}{X.0.999818097}}{a numeric vector}
| ^
checkRd: (-1) HAPT.Rd:147: Lost braces
147 | \item{\samp{140}{X.0.984399532}}{a numeric vector}
| ^
checkRd: (-1) HAPT.Rd:148: Lost braces
148 | \item{\samp{141}{X.0.978576803}}{a numeric vector}
| ^
checkRd: (-1) HAPT.Rd:149: Lost braces
149 | \item{\samp{142}{X.0.993052695}}{a numeric vector}
| ^
checkRd: (-1) HAPT.Rd:150: Lost braces
150 | \item{\samp{143}{X0.082631682}}{a numeric vector}
| ^
checkRd: (-1) HAPT.Rd:151: Lost braces
151 | \item{\samp{144}{X0.174515435}}{a numeric vector}
| ^
checkRd: (-1) HAPT.Rd:152: Lost braces
152 | \item{\samp{145}{X.0.218436995}}{a numeric vector}
| ^
checkRd: (-1) HAPT.Rd:153: Lost braces
153 | \item{\samp{146}{X0.320926125}}{a numeric vector}
| ^
checkRd: (-1) HAPT.Rd:154: Lost braces
154 | \item{\samp{147}{X.0.452603567}}{a numeric vector}
| ^
checkRd: (-1) HAPT.Rd:155: Lost braces
155 | \item{\samp{148}{X0.466132542}}{a numeric vector}
| ^
checkRd: (-1) HAPT.Rd:156: Lost braces
156 | \item{\samp{149}{X.0.20363231}}{a numeric vector}
| ^
checkRd: (-1) HAPT.Rd:157: Lost braces
157 | \item{\samp{150}{X1}}{a numeric vector}
| ^
checkRd: (-1) HAPT.Rd:158: Lost braces
158 | \item{\samp{151}{X.1.2}}{a numeric vector}
| ^
checkRd: (-1) HAPT.Rd:159: Lost braces
159 | \item{\samp{152}{X0.352275964}}{a numeric vector}
| ^
checkRd: (-1) HAPT.Rd:160: Lost braces
160 | \item{\samp{153}{X0.448398409}}{a numeric vector}
| ^
checkRd: (-1) HAPT.Rd:161: Lost braces
161 | \item{\samp{154}{X0.757793127}}{a numeric vector}
| ^
checkRd: (-1) HAPT.Rd:162: Lost braces
162 | \item{\samp{155}{X.0.782464781}}{a numeric vector}
| ^
checkRd: (-1) HAPT.Rd:163: Lost braces
163 | \item{\samp{156}{X0.70372469}}{a numeric vector}
| ^
checkRd: (-1) HAPT.Rd:164: Lost braces
164 | \item{\samp{157}{X.0.399106532}}{a numeric vector}
| ^
checkRd: (-1) HAPT.Rd:165: Lost braces
165 | \item{\samp{158}{X0.71227414}}{a numeric vector}
| ^
checkRd: (-1) HAPT.Rd:166: Lost braces
166 | \item{\samp{159}{X0.135603878}}{a numeric vector}
| ^
checkRd: (-1) HAPT.Rd:167: Lost braces
167 | \item{\samp{160}{X0.302777347}}{a numeric vector}
| ^
checkRd: (-1) HAPT.Rd:168: Lost braces
168 | \item{\samp{161}{X.0.0991674}}{a numeric vector}
| ^
checkRd: (-1) HAPT.Rd:169: Lost braces
169 | \item{\samp{162}{X.0.055517369}}{a numeric vector}
| ^
checkRd: (-1) HAPT.Rd:170: Lost braces
170 | \item{\samp{163}{X.0.061985797}}{a numeric vector}
| ^
checkRd: (-1) HAPT.Rd:171: Lost braces
171 | \item{\samp{164}{X.0.991918262}}{a numeric vector}
| ^
checkRd: (-1) HAPT.Rd:172: Lost braces
172 | \item{\samp{165}{X.0.992519273}}{a numeric vector}
| ^
checkRd: (-1) HAPT.Rd:173: Lost braces
173 | \item{\samp{166}{X.0.99235236}}{a numeric vector}
| ^
checkRd: (-1) HAPT.Rd:174: Lost braces
174 | \item{\samp{167}{X.0.991961469}}{a numeric vector}
| ^
checkRd: (-1) HAPT.Rd:175: Lost braces
175 | \item{\samp{168}{X.0.994949185}}{a numeric vector}
| ^
checkRd: (-1) HAPT.Rd:176: Lost braces
176 | \item{\samp{169}{X.0.992834951}}{a numeric vector}
| ^
checkRd: (-1) HAPT.Rd:177: Lost braces
177 | \item{\samp{170}{X.0.991765744}}{a numeric vector}
| ^
checkRd: (-1) HAPT.Rd:178: Lost braces
178 | \item{\samp{171}{X.0.986564774}}{a numeric vector}
| ^
checkRd: (-1) HAPT.Rd:179: Lost braces
179 | \item{\samp{172}{X.0.991893633}}{a numeric vector}
| ^
checkRd: (-1) HAPT.Rd:180: Lost braces
180 | \item{\samp{173}{X0.994225213}}{a numeric vector}
| ^
checkRd: (-1) HAPT.Rd:181: Lost braces
181 | \item{\samp{174}{X0.99176104}}{a numeric vector}
| ^
checkRd: (-1) HAPT.Rd:182: Lost braces
182 | \item{\samp{175}{X0.989351947}}{a numeric vector}
| ^
checkRd: (-1) HAPT.Rd:183: Lost braces
183 | \item{\samp{176}{X.0.994522505}}{a numeric vector}
| ^
checkRd: (-1) HAPT.Rd:184: Lost braces
184 | \item{\samp{177}{X.0.999936809}}{a numeric vector}
| ^
checkRd: (-1) HAPT.Rd:185: Lost braces
185 | \item{\samp{178}{X.0.999953503}}{a numeric vector}
| ^
checkRd: (-1) HAPT.Rd:186: Lost braces
186 | \item{\samp{179}{X.0.999924694}}{a numeric vector}
| ^
checkRd: (-1) HAPT.Rd:187: Lost braces
187 | \item{\samp{180}{X.0.992214405}}{a numeric vector}
| ^
checkRd: (-1) HAPT.Rd:188: Lost braces
188 | \item{\samp{181}{X.0.996938049}}{a numeric vector}
| ^
checkRd: (-1) HAPT.Rd:189: Lost braces
189 | \item{\samp{182}{X.0.992583909}}{a numeric vector}
| ^
checkRd: (-1) HAPT.Rd:190: Lost braces
190 | \item{\samp{183}{X.0.589850963}}{a numeric vector}
| ^
checkRd: (-1) HAPT.Rd:191: Lost braces
191 | \item{\samp{184}{X.0.709836492}}{a numeric vector}
| ^
checkRd: (-1) HAPT.Rd:192: Lost braces
192 | \item{\samp{185}{X.0.572106861}}{a numeric vector}
| ^
checkRd: (-1) HAPT.Rd:193: Lost braces
193 | \item{\samp{186}{X0.374661331}}{a numeric vector}
| ^
checkRd: (-1) HAPT.Rd:194: Lost braces
194 | \item{\samp{187}{X.0.306094434}}{a numeric vector}
| ^
checkRd: (-1) HAPT.Rd:195: Lost braces
195 | \item{\samp{188}{X0.335505508}}{a numeric vector}
| ^
checkRd: (-1) HAPT.Rd:196: Lost braces
196 | \item{\samp{189}{X.0.079307172}}{a numeric vector}
| ^
checkRd: (-1) HAPT.Rd:197: Lost braces
197 | \item{\samp{190}{X0.989559599}}{a numeric vector}
| ^
checkRd: (-1) HAPT.Rd:198: Lost braces
198 | \item{\samp{191}{X.0.454970093}}{a numeric vector}
| ^
checkRd: (-1) HAPT.Rd:199: Lost braces
199 | \item{\samp{192}{X0.384435155}}{a numeric vector}
| ^
checkRd: (-1) HAPT.Rd:200: Lost braces
200 | \item{\samp{193}{X0.307638223}}{a numeric vector}
| ^
checkRd: (-1) HAPT.Rd:201: Lost braces
201 | \item{\samp{194}{X0.936231821}}{a numeric vector}
| ^
checkRd: (-1) HAPT.Rd:202: Lost braces
202 | \item{\samp{195}{X.0.666281656}}{a numeric vector}
| ^
checkRd: (-1) HAPT.Rd:203: Lost braces
203 | \item{\samp{196}{X0.772201678}}{a numeric vector}
| ^
checkRd: (-1) HAPT.Rd:204: Lost braces
204 | \item{\samp{197}{X0.529584895}}{a numeric vector}
| ^
checkRd: (-1) HAPT.Rd:205: Lost braces
205 | \item{\samp{198}{X.0.147221207}}{a numeric vector}
| ^
checkRd: (-1) HAPT.Rd:206: Lost braces
206 | \item{\samp{199}{X.0.094462012}}{a numeric vector}
| ^
checkRd: (-1) HAPT.Rd:207: Lost braces
207 | \item{\samp{200}{X0.351206262}}{a numeric vector}
| ^
checkRd: (-1) HAPT.Rd:208: Lost braces
208 | \item{\samp{201}{X.0.969546337}}{a numeric vector}
| ^
checkRd: (-1) HAPT.Rd:209: Lost braces
209 | \item{\samp{202}{X.0.961539739}}{a numeric vector}
| ^
checkRd: (-1) HAPT.Rd:210: Lost braces
210 | \item{\samp{203}{X.0.967645839}}{a numeric vector}
| ^
checkRd: (-1) HAPT.Rd:211: Lost braces
211 | \item{\samp{204}{X.0.9472362}}{a numeric vector}
| ^
checkRd: (-1) HAPT.Rd:212: Lost braces
212 | \item{\samp{205}{X.0.994174403}}{a numeric vector}
| ^
checkRd: (-1) HAPT.Rd:213: Lost braces
213 | \item{\samp{206}{X.0.969546337.1}}{a numeric vector}
| ^
checkRd: (-1) HAPT.Rd:214: Lost braces
214 | \item{\samp{207}{X.0.999150002}}{a numeric vector}
| ^
checkRd: (-1) HAPT.Rd:215: Lost braces
215 | \item{\samp{208}{X.0.970525396}}{a numeric vector}
| ^
checkRd: (-1) HAPT.Rd:216: Lost braces
216 | \item{\samp{209}{X.0.21961956}}{a numeric vector}
| ^
checkRd: (-1) HAPT.Rd:217: Lost braces
217 | \item{\samp{210}{X.0.124072048}}{a numeric vector}
| ^
checkRd: (-1) HAPT.Rd:218: Lost braces
218 | \item{\samp{211}{X.0.058240845}}{a numeric vector}
| ^
checkRd: (-1) HAPT.Rd:219: Lost braces
219 | \item{\samp{212}{X0.174306353}}{a numeric vector}
| ^
checkRd: (-1) HAPT.Rd:220: Lost braces
220 | \item{\samp{213}{X0.201620464}}{a numeric vector}
| ^
checkRd: (-1) HAPT.Rd:221: Lost braces
221 | \item{\samp{214}{X.0.969546337.2}}{a numeric vector}
| ^
checkRd: (-1) HAPT.Rd:222: Lost braces
222 | \item{\samp{215}{X.0.961539739.1}}{a numeric vector}
| ^
checkRd: (-1) HAPT.Rd:223: Lost braces
223 | \item{\samp{216}{X.0.967645839.1}}{a numeric vector}
| ^
checkRd: (-1) HAPT.Rd:224: Lost braces
224 | \item{\samp{217}{X.0.9472362.1}}{a numeric vector}
| ^
checkRd: (-1) HAPT.Rd:225: Lost braces
225 | \item{\samp{218}{X.0.994174403.1}}{a numeric vector}
| ^
checkRd: (-1) HAPT.Rd:226: Lost braces
226 | \item{\samp{219}{X.0.969546337.3}}{a numeric vector}
| ^
checkRd: (-1) HAPT.Rd:227: Lost braces
227 | \item{\samp{220}{X.0.999150002.1}}{a numeric vector}
| ^
checkRd: (-1) HAPT.Rd:228: Lost braces
228 | \item{\samp{221}{X.0.970525396.1}}{a numeric vector}
| ^
checkRd: (-1) HAPT.Rd:229: Lost braces
229 | \item{\samp{222}{X.0.21961956.1}}{a numeric vector}
| ^
checkRd: (-1) HAPT.Rd:230: Lost braces
230 | \item{\samp{223}{X.0.124072048.1}}{a numeric vector}
| ^
checkRd: (-1) HAPT.Rd:231: Lost braces
231 | \item{\samp{224}{X.0.058240845.1}}{a numeric vector}
| ^
checkRd: (-1) HAPT.Rd:232: Lost braces
232 | \item{\samp{225}{X0.174306353.1}}{a numeric vector}
| ^
checkRd: (-1) HAPT.Rd:233: Lost braces
233 | \item{\samp{226}{X0.201620464.1}}{a numeric vector}
| ^
checkRd: (-1) HAPT.Rd:234: Lost braces
234 | \item{\samp{227}{X.0.994088281}}{a numeric vector}
| ^
checkRd: (-1) HAPT.Rd:235: Lost braces
235 | \item{\samp{228}{X.0.994309239}}{a numeric vector}
| ^
checkRd: (-1) HAPT.Rd:236: Lost braces
236 | \item{\samp{229}{X.0.994421392}}{a numeric vector}
| ^
checkRd: (-1) HAPT.Rd:237: Lost braces
237 | \item{\samp{230}{X.0.992435558}}{a numeric vector}
| ^
checkRd: (-1) HAPT.Rd:238: Lost braces
238 | \item{\samp{231}{X.0.991208465}}{a numeric vector}
| ^
checkRd: (-1) HAPT.Rd:239: Lost braces
239 | \item{\samp{232}{X.0.994088281.1}}{a numeric vector}
| ^
checkRd: (-1) HAPT.Rd:240: Lost braces
240 | \item{\samp{233}{X.0.999901007}}{a numeric vector}
| ^
checkRd: (-1) HAPT.Rd:241: Lost braces
241 | \item{\samp{234}{X.0.992971863}}{a numeric vector}
| ^
checkRd: (-1) HAPT.Rd:242: Lost braces
242 | \item{\samp{235}{X.0.863283735}}{a numeric vector}
| ^
checkRd: (-1) HAPT.Rd:243: Lost braces
243 | \item{\samp{236}{X0.30327694}}{a numeric vector}
| ^
checkRd: (-1) HAPT.Rd:244: Lost braces
244 | \item{\samp{237}{X.0.26616858}}{a numeric vector}
| ^
checkRd: (-1) HAPT.Rd:245: Lost braces
245 | \item{\samp{238}{X.0.199724191}}{a numeric vector}
| ^
checkRd: (-1) HAPT.Rd:246: Lost braces
246 | \item{\samp{239}{X0.067559792}}{a numeric vector}
| ^
checkRd: (-1) HAPT.Rd:247: Lost braces
247 | \item{\samp{240}{X.0.968904091}}{a numeric vector}
| ^
checkRd: (-1) HAPT.Rd:248: Lost braces
248 | \item{\samp{241}{X.0.964335179}}{a numeric vector}
| ^
checkRd: (-1) HAPT.Rd:249: Lost braces
249 | \item{\samp{242}{X.0.959637641}}{a numeric vector}
| ^
checkRd: (-1) HAPT.Rd:250: Lost braces
250 | \item{\samp{243}{X.0.975108238}}{a numeric vector}
| ^
checkRd: (-1) HAPT.Rd:251: Lost braces
251 | \item{\samp{244}{X.0.99500898}}{a numeric vector}
| ^
checkRd: (-1) HAPT.Rd:252: Lost braces
252 | \item{\samp{245}{X.0.968904091.1}}{a numeric vector}
| ^
checkRd: (-1) HAPT.Rd:253: Lost braces
253 | \item{\samp{246}{X.0.99928627}}{a numeric vector}
| ^
checkRd: (-1) HAPT.Rd:254: Lost braces
254 | \item{\samp{247}{X.0.954863924}}{a numeric vector}
| ^
checkRd: (-1) HAPT.Rd:255: Lost braces
255 | \item{\samp{248}{X0.189420069}}{a numeric vector}
| ^
checkRd: (-1) HAPT.Rd:256: Lost braces
256 | \item{\samp{249}{X0.556826973}}{a numeric vector}
| ^
checkRd: (-1) HAPT.Rd:257: Lost braces
257 | \item{\samp{250}{X.0.830368613}}{a numeric vector}
| ^
checkRd: (-1) HAPT.Rd:258: Lost braces
258 | \item{\samp{251}{X0.302198244}}{a numeric vector}
| ^
checkRd: (-1) HAPT.Rd:259: Lost braces
259 | \item{\samp{252}{X0.435743292}}{a numeric vector}
| ^
checkRd: (-1) HAPT.Rd:260: Lost braces
260 | \item{\samp{253}{X.0.994299894}}{a numeric vector}
| ^
checkRd: (-1) HAPT.Rd:261: Lost braces
261 | \item{\samp{254}{X.0.991367611}}{a numeric vector}
| ^
checkRd: (-1) HAPT.Rd:262: Lost braces
262 | \item{\samp{255}{X.0.993142976}}{a numeric vector}
| ^
checkRd: (-1) HAPT.Rd:263: Lost braces
263 | \item{\samp{256}{X.0.988935628}}{a numeric vector}
| ^
checkRd: (-1) HAPT.Rd:264: Lost braces
264 | \item{\samp{257}{X.0.993486031}}{a numeric vector}
| ^
checkRd: (-1) HAPT.Rd:265: Lost braces
265 | \item{\samp{258}{X.0.994299894.1}}{a numeric vector}
| ^
checkRd: (-1) HAPT.Rd:266: Lost braces
266 | \item{\samp{259}{X.0.999949174}}{a numeric vector}
| ^
checkRd: (-1) HAPT.Rd:267: Lost braces
267 | \item{\samp{260}{X.0.994547178}}{a numeric vector}
| ^
checkRd: (-1) HAPT.Rd:268: Lost braces
268 | \item{\samp{261}{X.0.619767633}}{a numeric vector}
| ^
checkRd: (-1) HAPT.Rd:269: Lost braces
269 | \item{\samp{262}{X0.329123565}}{a numeric vector}
| ^
checkRd: (-1) HAPT.Rd:270: Lost braces
270 | \item{\samp{263}{X.0.149681742}}{a numeric vector}
| ^
checkRd: (-1) HAPT.Rd:271: Lost braces
271 | \item{\samp{264}{X.0.218394068}}{a numeric vector}
| ^
checkRd: (-1) HAPT.Rd:272: Lost braces
272 | \item{\samp{265}{X.0.037588387}}{a numeric vector}
| ^
checkRd: (-1) HAPT.Rd:273: Lost braces
273 | \item{\samp{266}{X.0.994809834}}{a numeric vector}
| ^
checkRd: (-1) HAPT.Rd:274: Lost braces
274 | \item{\samp{267}{X.0.982984099}}{a numeric vector}
| ^
checkRd: (-1) HAPT.Rd:275: Lost braces
275 | \item{\samp{268}{X.0.939455343}}{a numeric vector}
| ^
checkRd: (-1) HAPT.Rd:276: Lost braces
276 | \item{\samp{269}{X.0.995272004}}{a numeric vector}
| ^
checkRd: (-1) HAPT.Rd:277: Lost braces
277 | \item{\samp{270}{X.0.989848258}}{a numeric vector}
| ^
checkRd: (-1) HAPT.Rd:278: Lost braces
278 | \item{\samp{271}{X.0.940334491}}{a numeric vector}
| ^
checkRd: (-1) HAPT.Rd:279: Lost braces
279 | \item{\samp{272}{X.0.996824354}}{a numeric vector}
| ^
checkRd: (-1) HAPT.Rd:280: Lost braces
280 | \item{\samp{273}{X.0.984703069}}{a numeric vector}
| ^
checkRd: (-1) HAPT.Rd:281: Lost braces
281 | \item{\samp{274}{X.0.933408785}}{a numeric vector}
| ^
checkRd: (-1) HAPT.Rd:282: Lost braces
282 | \item{\samp{275}{X.0.993663737}}{a numeric vector}
| ^
checkRd: (-1) HAPT.Rd:283: Lost braces
283 | \item{\samp{276}{X.0.990217401}}{a numeric vector}
| ^
checkRd: (-1) HAPT.Rd:284: Lost braces
284 | \item{\samp{277}{X.0.942331996}}{a numeric vector}
| ^
checkRd: (-1) HAPT.Rd:285: Lost braces
285 | \item{\samp{278}{X.0.993952664}}{a numeric vector}
| ^
checkRd: (-1) HAPT.Rd:286: Lost braces
286 | \item{\samp{279}{X.0.993447891}}{a numeric vector}
| ^
checkRd: (-1) HAPT.Rd:287: Lost braces
287 | \item{\samp{280}{X.0.923441387}}{a numeric vector}
| ^
checkRd: (-1) HAPT.Rd:288: Lost braces
288 | \item{\samp{281}{X.0.974732706}}{a numeric vector}
| ^
checkRd: (-1) HAPT.Rd:289: Lost braces
289 | \item{\samp{282}{X.0.999968834}}{a numeric vector}
| ^
checkRd: (-1) HAPT.Rd:290: Lost braces
290 | \item{\samp{283}{X.0.999850408}}{a numeric vector}
| ^
checkRd: (-1) HAPT.Rd:291: Lost braces
291 | \item{\samp{284}{X.0.997308392}}{a numeric vector}
| ^
checkRd: (-1) HAPT.Rd:292: Lost braces
292 | \item{\samp{285}{X.0.996767586}}{a numeric vector}
| ^
checkRd: (-1) HAPT.Rd:293: Lost braces
293 | \item{\samp{286}{X.0.989708889}}{a numeric vector}
| ^
checkRd: (-1) HAPT.Rd:294: Lost braces
294 | \item{\samp{287}{X.0.990807294}}{a numeric vector}
| ^
checkRd: (-1) HAPT.Rd:295: Lost braces
295 | \item{\samp{288}{X.0.94635692}}{a numeric vector}
| ^
checkRd: (-1) HAPT.Rd:296: Lost braces
296 | \item{\samp{289}{X.0.904747763}}{a numeric vector}
| ^
checkRd: (-1) HAPT.Rd:297: Lost braces
297 | \item{\samp{290}{X.0.591302475}}{a numeric vector}
| ^
checkRd: (-1) HAPT.Rd:298: Lost braces
298 | \item{\samp{291}{X.1.3}}{a numeric vector}
| ^
checkRd: (-1) HAPT.Rd:299: Lost braces
299 | \item{\samp{292}{X.1.4}}{a numeric vector}
| ^
checkRd: (-1) HAPT.Rd:300: Lost braces
300 | \item{\samp{293}{X.1.5}}{a numeric vector}
| ^
checkRd: (-1) HAPT.Rd:301: Lost braces
301 | \item{\samp{294}{X0.362081644}}{a numeric vector}
| ^
checkRd: (-1) HAPT.Rd:302: Lost braces
302 | \item{\samp{295}{X0.159191141}}{a numeric vector}
| ^
checkRd: (-1) HAPT.Rd:303: Lost braces
303 | \item{\samp{296}{X0.04834979}}{a numeric vector}
| ^
checkRd: (-1) HAPT.Rd:304: Lost braces
304 | \item{\samp{297}{X0.141770079}}{a numeric vector}
| ^
checkRd: (-1) HAPT.Rd:305: Lost braces
305 | \item{\samp{298}{X.0.151402429}}{a numeric vector}
| ^
checkRd: (-1) HAPT.Rd:306: Lost braces
306 | \item{\samp{299}{X.0.260648523}}{a numeric vector}
| ^
checkRd: (-1) HAPT.Rd:307: Lost braces
307 | \item{\samp{300}{X.0.551541897}}{a numeric vector}
| ^
checkRd: (-1) HAPT.Rd:308: Lost braces
308 | \item{\samp{301}{X0.253213642}}{a numeric vector}
| ^
checkRd: (-1) HAPT.Rd:309: Lost braces
309 | \item{\samp{302}{X.0.019604287}}{a numeric vector}
| ^
checkRd: (-1) HAPT.Rd:310: Lost braces
310 | \item{\samp{303}{X.0.999962575}}{a numeric vector}
| ^
checkRd: (-1) HAPT.Rd:311: Lost braces
311 | \item{\samp{304}{X.0.999987355}}{a numeric vector}
| ^
checkRd: (-1) HAPT.Rd:312: Lost braces
312 | \item{\samp{305}{X.0.999979068}}{a numeric vector}
| ^
checkRd: (-1) HAPT.Rd:313: Lost braces
313 | \item{\samp{306}{X.0.999962451}}{a numeric vector}
| ^
checkRd: (-1) HAPT.Rd:314: Lost braces
314 | \item{\samp{307}{X.0.999932224}}{a numeric vector}
| ^
checkRd: (-1) HAPT.Rd:315: Lost braces
315 | \item{\samp{308}{X.0.999726224}}{a numeric vector}
| ^
checkRd: (-1) HAPT.Rd:316: Lost braces
316 | \item{\samp{309}{X.0.999670333}}{a numeric vector}
| ^
checkRd: (-1) HAPT.Rd:317: Lost braces
317 | \item{\samp{310}{X.0.999985825}}{a numeric vector}
| ^
checkRd: (-1) HAPT.Rd:318: Lost braces
318 | \item{\samp{311}{X.0.999968239}}{a numeric vector}
| ^
checkRd: (-1) HAPT.Rd:319: Lost braces
319 | \item{\samp{312}{X.0.99997686}}{a numeric vector}
| ^
checkRd: (-1) HAPT.Rd:320: Lost braces
320 | \item{\samp{313}{X.0.999868536}}{a numeric vector}
| ^
checkRd: (-1) HAPT.Rd:321: Lost braces
321 | \item{\samp{314}{X.0.999776093}}{a numeric vector}
| ^
checkRd: (-1) HAPT.Rd:322: Lost braces
322 | \item{\samp{315}{X.0.999971375}}{a numeric vector}
| ^
checkRd: (-1) HAPT.Rd:323: Lost braces
323 | \item{\samp{316}{X.0.999917656}}{a numeric vector}
| ^
checkRd: (-1) HAPT.Rd:324: Lost braces
324 | \item{\samp{317}{X.0.999885011}}{a numeric vector}
| ^
checkRd: (-1) HAPT.Rd:325: Lost braces
325 | \item{\samp{318}{X.0.999860464}}{a numeric vector}
| ^
checkRd: (-1) HAPT.Rd:326: Lost braces
326 | \item{\samp{319}{X.0.999868935}}{a numeric vector}
| ^
checkRd: (-1) HAPT.Rd:327: Lost braces
327 | \item{\samp{320}{X.0.999862134}}{a numeric vector}
| ^
checkRd: (-1) HAPT.Rd:328: Lost braces
328 | \item{\samp{321}{X.0.999745894}}{a numeric vector}
| ^
checkRd: (-1) HAPT.Rd:329: Lost braces
329 | \item{\samp{322}{X.0.999721346}}{a numeric vector}
| ^
checkRd: (-1) HAPT.Rd:330: Lost braces
330 | \item{\samp{323}{X.0.9994931}}{a numeric vector}
| ^
checkRd: (-1) HAPT.Rd:331: Lost braces
331 | \item{\samp{324}{X.0.999813634}}{a numeric vector}
| ^
checkRd: (-1) HAPT.Rd:332: Lost braces
332 | \item{\samp{325}{X.0.999860836}}{a numeric vector}
| ^
checkRd: (-1) HAPT.Rd:333: Lost braces
333 | \item{\samp{326}{X.0.999838264}}{a numeric vector}
| ^
checkRd: (-1) HAPT.Rd:334: Lost braces
334 | \item{\samp{327}{X.0.999741864}}{a numeric vector}
| ^
checkRd: (-1) HAPT.Rd:335: Lost braces
335 | \item{\samp{328}{X.0.999615143}}{a numeric vector}
| ^
checkRd: (-1) HAPT.Rd:336: Lost braces
336 | \item{\samp{329}{X.0.999855752}}{a numeric vector}
| ^
checkRd: (-1) HAPT.Rd:337: Lost braces
337 | \item{\samp{330}{X.0.999838629}}{a numeric vector}
| ^
checkRd: (-1) HAPT.Rd:338: Lost braces
338 | \item{\samp{331}{X.0.997422354}}{a numeric vector}
| ^
checkRd: (-1) HAPT.Rd:339: Lost braces
339 | \item{\samp{332}{X.0.999470578}}{a numeric vector}
| ^
checkRd: (-1) HAPT.Rd:340: Lost braces
340 | \item{\samp{333}{X.0.999662043}}{a numeric vector}
| ^
checkRd: (-1) HAPT.Rd:341: Lost braces
341 | \item{\samp{334}{X.0.999642298}}{a numeric vector}
| ^
checkRd: (-1) HAPT.Rd:342: Lost braces
342 | \item{\samp{335}{X.0.999296892}}{a numeric vector}
| ^
checkRd: (-1) HAPT.Rd:343: Lost braces
343 | \item{\samp{336}{X.0.997892219}}{a numeric vector}
| ^
checkRd: (-1) HAPT.Rd:344: Lost braces
344 | \item{\samp{337}{X.0.995932257}}{a numeric vector}
| ^
checkRd: (-1) HAPT.Rd:345: Lost braces
345 | \item{\samp{338}{X.0.995513968}}{a numeric vector}
| ^
checkRd: (-1) HAPT.Rd:346: Lost braces
346 | \item{\samp{339}{X.0.99736675}}{a numeric vector}
| ^
checkRd: (-1) HAPT.Rd:347: Lost braces
347 | \item{\samp{340}{X.0.999685082}}{a numeric vector}
| ^
checkRd: (-1) HAPT.Rd:348: Lost braces
348 | \item{\samp{341}{X.0.998917794}}{a numeric vector}
| ^
checkRd: (-1) HAPT.Rd:349: Lost braces
349 | \item{\samp{342}{X.0.995667147}}{a numeric vector}
| ^
checkRd: (-1) HAPT.Rd:350: Lost braces
350 | \item{\samp{343}{X.0.997347905}}{a numeric vector}
| ^
checkRd: (-1) HAPT.Rd:351: Lost braces
351 | \item{\samp{344}{X.0.999453818}}{a numeric vector}
| ^
checkRd: (-1) HAPT.Rd:352: Lost braces
352 | \item{\samp{345}{X.0.992332448}}{a numeric vector}
| ^
checkRd: (-1) HAPT.Rd:353: Lost braces
353 | \item{\samp{346}{X.0.987169905}}{a numeric vector}
| ^
checkRd: (-1) HAPT.Rd:354: Lost braces
354 | \item{\samp{347}{X.0.989643691}}{a numeric vector}
| ^
checkRd: (-1) HAPT.Rd:355: Lost braces
355 | \item{\samp{348}{X.0.995820679}}{a numeric vector}
| ^
checkRd: (-1) HAPT.Rd:356: Lost braces
356 | \item{\samp{349}{X.0.990936306}}{a numeric vector}
| ^
checkRd: (-1) HAPT.Rd:357: Lost braces
357 | \item{\samp{350}{X.0.996462312}}{a numeric vector}
| ^
checkRd: (-1) HAPT.Rd:358: Lost braces
358 | \item{\samp{351}{X.0.993805471}}{a numeric vector}
| ^
checkRd: (-1) HAPT.Rd:359: Lost braces
359 | \item{\samp{352}{X.0.990518692}}{a numeric vector}
| ^
checkRd: (-1) HAPT.Rd:360: Lost braces
360 | \item{\samp{353}{X.0.997124222}}{a numeric vector}
| ^
checkRd: (-1) HAPT.Rd:361: Lost braces
361 | \item{\samp{354}{X.0.996740158}}{a numeric vector}
| ^
checkRd: (-1) HAPT.Rd:362: Lost braces
362 | \item{\samp{355}{X.0.991975155}}{a numeric vector}
| ^
checkRd: (-1) HAPT.Rd:363: Lost braces
363 | \item{\samp{356}{X.0.993156727}}{a numeric vector}
| ^
checkRd: (-1) HAPT.Rd:364: Lost braces
364 | \item{\samp{357}{X.0.998353298}}{a numeric vector}
| ^
checkRd: (-1) HAPT.Rd:365: Lost braces
365 | \item{\samp{358}{X.0.991107714}}{a numeric vector}
| ^
checkRd: (-1) HAPT.Rd:366: Lost braces
366 | \item{\samp{359}{X.0.959896403}}{a numeric vector}
| ^
checkRd: (-1) HAPT.Rd:367: Lost braces
367 | \item{\samp{360}{X.0.990984417}}{a numeric vector}
| ^
checkRd: (-1) HAPT.Rd:368: Lost braces
368 | \item{\samp{361}{X.0.999934753}}{a numeric vector}
| ^
checkRd: (-1) HAPT.Rd:369: Lost braces
369 | \item{\samp{362}{X.0.99982048}}{a numeric vector}
| ^
checkRd: (-1) HAPT.Rd:370: Lost braces
370 | \item{\samp{363}{X.0.999884492}}{a numeric vector}
| ^
checkRd: (-1) HAPT.Rd:371: Lost braces
371 | \item{\samp{364}{X.0.992164178}}{a numeric vector}
| ^
checkRd: (-1) HAPT.Rd:372: Lost braces
372 | \item{\samp{365}{X.0.991419598}}{a numeric vector}
| ^
checkRd: (-1) HAPT.Rd:373: Lost braces
373 | \item{\samp{366}{X.0.995502344}}{a numeric vector}
| ^
checkRd: (-1) HAPT.Rd:374: Lost braces
374 | \item{\samp{367}{X.1.6}}{a numeric vector}
| ^
checkRd: (-1) HAPT.Rd:375: Lost braces
375 | \item{\samp{368}{X.1.7}}{a numeric vector}
| ^
checkRd: (-1) HAPT.Rd:376: Lost braces
376 | \item{\samp{369}{X.1.8}}{a numeric vector}
| ^
checkRd: (-1) HAPT.Rd:377: Lost braces
377 | \item{\samp{370}{X1.1}}{a numeric vector}
| ^
checkRd: (-1) HAPT.Rd:378: Lost braces
378 | \item{\samp{371}{X.0.24}}{a numeric vector}
| ^
checkRd: (-1) HAPT.Rd:379: Lost braces
379 | \item{\samp{372}{X.1.9}}{a numeric vector}
| ^
checkRd: (-1) HAPT.Rd:380: Lost braces
380 | \item{\samp{373}{X0.700792717}}{a numeric vector}
| ^
checkRd: (-1) HAPT.Rd:381: Lost braces
381 | \item{\samp{374}{X0.212389878}}{a numeric vector}
| ^
checkRd: (-1) HAPT.Rd:382: Lost braces
382 | \item{\samp{375}{X0.36443644}}{a numeric vector}
| ^
checkRd: (-1) HAPT.Rd:383: Lost braces
383 | \item{\samp{376}{X.0.717928666}}{a numeric vector}
| ^
checkRd: (-1) HAPT.Rd:384: Lost braces
384 | \item{\samp{377}{X.0.920370675}}{a numeric vector}
| ^
checkRd: (-1) HAPT.Rd:385: Lost braces
385 | \item{\samp{378}{X.0.643843696}}{a numeric vector}
| ^
checkRd: (-1) HAPT.Rd:386: Lost braces
386 | \item{\samp{379}{X.0.936310054}}{a numeric vector}
| ^
checkRd: (-1) HAPT.Rd:387: Lost braces
387 | \item{\samp{380}{X.0.483802686}}{a numeric vector}
| ^
checkRd: (-1) HAPT.Rd:388: Lost braces
388 | \item{\samp{381}{X.0.818679801}}{a numeric vector}
| ^
checkRd: (-1) HAPT.Rd:389: Lost braces
389 | \item{\samp{382}{X.0.999986577}}{a numeric vector}
| ^
checkRd: (-1) HAPT.Rd:390: Lost braces
390 | \item{\samp{383}{X.0.999980394}}{a numeric vector}
| ^
checkRd: (-1) HAPT.Rd:391: Lost braces
391 | \item{\samp{384}{X.0.999974784}}{a numeric vector}
| ^
checkRd: (-1) HAPT.Rd:392: Lost braces
392 | \item{\samp{385}{X.0.999954986}}{a numeric vector}
| ^
checkRd: (-1) HAPT.Rd:393: Lost braces
393 | \item{\samp{386}{X.0.999918605}}{a numeric vector}
| ^
checkRd: (-1) HAPT.Rd:394: Lost braces
394 | \item{\samp{387}{X.0.999640039}}{a numeric vector}
| ^
checkRd: (-1) HAPT.Rd:395: Lost braces
395 | \item{\samp{388}{X.0.999484091}}{a numeric vector}
| ^
checkRd: (-1) HAPT.Rd:396: Lost braces
396 | \item{\samp{389}{X.0.999960866}}{a numeric vector}
| ^
checkRd: (-1) HAPT.Rd:397: Lost braces
397 | \item{\samp{390}{X.0.999982549}}{a numeric vector}
| ^
checkRd: (-1) HAPT.Rd:398: Lost braces
398 | \item{\samp{391}{X.0.999971294}}{a numeric vector}
| ^
checkRd: (-1) HAPT.Rd:399: Lost braces
399 | \item{\samp{392}{X.0.999816816}}{a numeric vector}
| ^
checkRd: (-1) HAPT.Rd:400: Lost braces
400 | \item{\samp{393}{X.0.999487249}}{a numeric vector}
| ^
checkRd: (-1) HAPT.Rd:401: Lost braces
401 | \item{\samp{394}{X.0.999979215}}{a numeric vector}
| ^
checkRd: (-1) HAPT.Rd:402: Lost braces
402 | \item{\samp{395}{X.0.999853126}}{a numeric vector}
| ^
checkRd: (-1) HAPT.Rd:403: Lost braces
403 | \item{\samp{396}{X.0.99993261}}{a numeric vector}
| ^
checkRd: (-1) HAPT.Rd:404: Lost braces
404 | \item{\samp{397}{X.0.999899927}}{a numeric vector}
| ^
checkRd: (-1) HAPT.Rd:405: Lost braces
405 | \item{\samp{398}{X.0.999824442}}{a numeric vector}
| ^
checkRd: (-1) HAPT.Rd:406: Lost braces
406 | \item{\samp{399}{X.0.999857117}}{a numeric vector}
| ^
checkRd: (-1) HAPT.Rd:407: Lost braces
407 | \item{\samp{400}{X.0.999732888}}{a numeric vector}
| ^
checkRd: (-1) HAPT.Rd:408: Lost braces
408 | \item{\samp{401}{X.0.999727183}}{a numeric vector}
| ^
checkRd: (-1) HAPT.Rd:409: Lost braces
409 | \item{\samp{402}{X.0.999567073}}{a numeric vector}
| ^
checkRd: (-1) HAPT.Rd:410: Lost braces
410 | \item{\samp{403}{X.0.999765245}}{a numeric vector}
| ^
checkRd: (-1) HAPT.Rd:411: Lost braces
411 | \item{\samp{404}{X.0.999900254}}{a numeric vector}
| ^
checkRd: (-1) HAPT.Rd:412: Lost braces
412 | \item{\samp{405}{X.0.999812827}}{a numeric vector}
| ^
checkRd: (-1) HAPT.Rd:413: Lost braces
413 | \item{\samp{406}{X.0.999705237}}{a numeric vector}
| ^
checkRd: (-1) HAPT.Rd:414: Lost braces
414 | \item{\samp{407}{X.0.999596081}}{a numeric vector}
| ^
checkRd: (-1) HAPT.Rd:415: Lost braces
415 | \item{\samp{408}{X.0.999852161}}{a numeric vector}
| ^
checkRd: (-1) HAPT.Rd:416: Lost braces
416 | \item{\samp{409}{X.0.999822101}}{a numeric vector}
| ^
checkRd: (-1) HAPT.Rd:417: Lost braces
417 | \item{\samp{410}{X.0.999398885}}{a numeric vector}
| ^
checkRd: (-1) HAPT.Rd:418: Lost braces
418 | \item{\samp{411}{X.0.999763402}}{a numeric vector}
| ^
checkRd: (-1) HAPT.Rd:419: Lost braces
419 | \item{\samp{412}{X.0.999958458}}{a numeric vector}
| ^
checkRd: (-1) HAPT.Rd:420: Lost braces
420 | \item{\samp{413}{X.0.999943843}}{a numeric vector}
| ^
checkRd: (-1) HAPT.Rd:421: Lost braces
421 | \item{\samp{414}{X.0.99982466}}{a numeric vector}
| ^
checkRd: (-1) HAPT.Rd:422: Lost braces
422 | \item{\samp{415}{X.0.999813509}}{a numeric vector}
| ^
checkRd: (-1) HAPT.Rd:423: Lost braces
423 | \item{\samp{416}{X.0.998775859}}{a numeric vector}
| ^
checkRd: (-1) HAPT.Rd:424: Lost braces
424 | \item{\samp{417}{X.0.998577775}}{a numeric vector}
| ^
checkRd: (-1) HAPT.Rd:425: Lost braces
425 | \item{\samp{418}{X.0.999617411}}{a numeric vector}
| ^
checkRd: (-1) HAPT.Rd:426: Lost braces
426 | \item{\samp{419}{X.0.999983904}}{a numeric vector}
| ^
checkRd: (-1) HAPT.Rd:427: Lost braces
427 | \item{\samp{420}{X.0.999832422}}{a numeric vector}
| ^
checkRd: (-1) HAPT.Rd:428: Lost braces
428 | \item{\samp{421}{X.0.99867621}}{a numeric vector}
| ^
checkRd: (-1) HAPT.Rd:429: Lost braces
429 | \item{\samp{422}{X.0.999844338}}{a numeric vector}
| ^
checkRd: (-1) HAPT.Rd:430: Lost braces
430 | \item{\samp{423}{X.0.9999223}}{a numeric vector}
| ^
checkRd: (-1) HAPT.Rd:431: Lost braces
431 | \item{\samp{424}{X.0.986589704}}{a numeric vector}
| ^
checkRd: (-1) HAPT.Rd:432: Lost braces
432 | \item{\samp{425}{X.0.981771013}}{a numeric vector}
| ^
checkRd: (-1) HAPT.Rd:433: Lost braces
433 | \item{\samp{426}{X.0.989355857}}{a numeric vector}
| ^
checkRd: (-1) HAPT.Rd:434: Lost braces
434 | \item{\samp{427}{X.0.985027674}}{a numeric vector}
| ^
checkRd: (-1) HAPT.Rd:435: Lost braces
435 | \item{\samp{428}{X.0.97390699}}{a numeric vector}
| ^
checkRd: (-1) HAPT.Rd:436: Lost braces
436 | \item{\samp{429}{X.0.994979154}}{a numeric vector}
| ^
checkRd: (-1) HAPT.Rd:437: Lost braces
437 | \item{\samp{430}{X.0.987339664}}{a numeric vector}
| ^
checkRd: (-1) HAPT.Rd:438: Lost braces
438 | \item{\samp{431}{X.0.983652159}}{a numeric vector}
| ^
checkRd: (-1) HAPT.Rd:439: Lost braces
439 | \item{\samp{432}{X.0.99230868}}{a numeric vector}
| ^
checkRd: (-1) HAPT.Rd:440: Lost braces
440 | \item{\samp{433}{X.0.981947863}}{a numeric vector}
| ^
checkRd: (-1) HAPT.Rd:441: Lost braces
441 | \item{\samp{434}{X.0.972297854}}{a numeric vector}
| ^
checkRd: (-1) HAPT.Rd:442: Lost braces
442 | \item{\samp{435}{X.0.99537973}}{a numeric vector}
| ^
checkRd: (-1) HAPT.Rd:443: Lost braces
443 | \item{\samp{436}{X.0.997568877}}{a numeric vector}
| ^
checkRd: (-1) HAPT.Rd:444: Lost braces
444 | \item{\samp{437}{X.0.984087088}}{a numeric vector}
| ^
checkRd: (-1) HAPT.Rd:445: Lost braces
445 | \item{\samp{438}{X.0.994326368}}{a numeric vector}
| ^
checkRd: (-1) HAPT.Rd:446: Lost braces
446 | \item{\samp{439}{X.0.985259304}}{a numeric vector}
| ^
checkRd: (-1) HAPT.Rd:447: Lost braces
447 | \item{\samp{440}{X.0.999863715}}{a numeric vector}
| ^
checkRd: (-1) HAPT.Rd:448: Lost braces
448 | \item{\samp{441}{X.0.999666035}}{a numeric vector}
| ^
checkRd: (-1) HAPT.Rd:449: Lost braces
449 | \item{\samp{442}{X.0.999953128}}{a numeric vector}
| ^
checkRd: (-1) HAPT.Rd:450: Lost braces
450 | \item{\samp{443}{X.0.990216845}}{a numeric vector}
| ^
checkRd: (-1) HAPT.Rd:451: Lost braces
451 | \item{\samp{444}{X.0.994827202}}{a numeric vector}
| ^
checkRd: (-1) HAPT.Rd:452: Lost braces
452 | \item{\samp{445}{X.0.99441158}}{a numeric vector}
| ^
checkRd: (-1) HAPT.Rd:453: Lost braces
453 | \item{\samp{446}{X.0.712402252}}{a numeric vector}
| ^
checkRd: (-1) HAPT.Rd:454: Lost braces
454 | \item{\samp{447}{X.0.644842356}}{a numeric vector}
| ^
checkRd: (-1) HAPT.Rd:455: Lost braces
455 | \item{\samp{448}{X.0.838992978}}{a numeric vector}
| ^
checkRd: (-1) HAPT.Rd:456: Lost braces
456 | \item{\samp{449}{X.1.10}}{a numeric vector}
| ^
checkRd: (-1) HAPT.Rd:457: Lost braces
457 | \item{\samp{450}{X.1.11}}{a numeric vector}
| ^
checkRd: (-1) HAPT.Rd:458: Lost braces
458 | \item{\samp{451}{X.1.12}}{a numeric vector}
| ^
checkRd: (-1) HAPT.Rd:459: Lost braces
459 | \item{\samp{452}{X.0.216907636}}{a numeric vector}
| ^
checkRd: (-1) HAPT.Rd:460: Lost braces
460 | \item{\samp{453}{X0.093167361}}{a numeric vector}
| ^
checkRd: (-1) HAPT.Rd:461: Lost braces
461 | \item{\samp{454}{X0.458656042}}{a numeric vector}
| ^
checkRd: (-1) HAPT.Rd:462: Lost braces
462 | \item{\samp{455}{X0.373538461}}{a numeric vector}
| ^
checkRd: (-1) HAPT.Rd:463: Lost braces
463 | \item{\samp{456}{X0.130112381}}{a numeric vector}
| ^
checkRd: (-1) HAPT.Rd:464: Lost braces
464 | \item{\samp{457}{X0.273330526}}{a numeric vector}
| ^
checkRd: (-1) HAPT.Rd:465: Lost braces
465 | \item{\samp{458}{X.0.086917939}}{a numeric vector}
| ^
checkRd: (-1) HAPT.Rd:466: Lost braces
466 | \item{\samp{459}{X.0.496486316}}{a numeric vector}
| ^
checkRd: (-1) HAPT.Rd:467: Lost braces
467 | \item{\samp{460}{X.0.779179348}}{a numeric vector}
| ^
checkRd: (-1) HAPT.Rd:468: Lost braces
468 | \item{\samp{461}{X.0.99986503}}{a numeric vector}
| ^
checkRd: (-1) HAPT.Rd:469: Lost braces
469 | \item{\samp{462}{X.0.999932213}}{a numeric vector}
| ^
checkRd: (-1) HAPT.Rd:470: Lost braces
470 | \item{\samp{463}{X.0.999972186}}{a numeric vector}
| ^
checkRd: (-1) HAPT.Rd:471: Lost braces
471 | \item{\samp{464}{X.0.999970481}}{a numeric vector}
| ^
checkRd: (-1) HAPT.Rd:472: Lost braces
472 | \item{\samp{465}{X.0.99993176}}{a numeric vector}
| ^
checkRd: (-1) HAPT.Rd:473: Lost braces
473 | \item{\samp{466}{X.0.999958537}}{a numeric vector}
| ^
checkRd: (-1) HAPT.Rd:474: Lost braces
474 | \item{\samp{467}{X.0.99992942}}{a numeric vector}
| ^
checkRd: (-1) HAPT.Rd:475: Lost braces
475 | \item{\samp{468}{X.0.999984651}}{a numeric vector}
| ^
checkRd: (-1) HAPT.Rd:476: Lost braces
476 | \item{\samp{469}{X.0.999863443}}{a numeric vector}
| ^
checkRd: (-1) HAPT.Rd:477: Lost braces
477 | \item{\samp{470}{X.0.999966888}}{a numeric vector}
| ^
checkRd: (-1) HAPT.Rd:478: Lost braces
478 | \item{\samp{471}{X.0.999936974}}{a numeric vector}
| ^
checkRd: (-1) HAPT.Rd:479: Lost braces
479 | \item{\samp{472}{X.0.999953963}}{a numeric vector}
| ^
checkRd: (-1) HAPT.Rd:480: Lost braces
480 | \item{\samp{473}{X.0.99986442}}{a numeric vector}
| ^
checkRd: (-1) HAPT.Rd:481: Lost braces
481 | \item{\samp{474}{X.0.999961892}}{a numeric vector}
| ^
checkRd: (-1) HAPT.Rd:482: Lost braces
482 | \item{\samp{475}{X.0.999568511}}{a numeric vector}
| ^
checkRd: (-1) HAPT.Rd:483: Lost braces
483 | \item{\samp{476}{X.0.999978068}}{a numeric vector}
| ^
checkRd: (-1) HAPT.Rd:484: Lost braces
484 | \item{\samp{477}{X.0.999991587}}{a numeric vector}
| ^
checkRd: (-1) HAPT.Rd:485: Lost braces
485 | \item{\samp{478}{X.0.999990207}}{a numeric vector}
| ^
checkRd: (-1) HAPT.Rd:486: Lost braces
486 | \item{\samp{479}{X.0.99996861}}{a numeric vector}
| ^
checkRd: (-1) HAPT.Rd:487: Lost braces
487 | \item{\samp{480}{X.0.999807285}}{a numeric vector}
| ^
checkRd: (-1) HAPT.Rd:488: Lost braces
488 | \item{\samp{481}{X.0.998346118}}{a numeric vector}
| ^
checkRd: (-1) HAPT.Rd:489: Lost braces
489 | \item{\samp{482}{X.0.99896122}}{a numeric vector}
| ^
checkRd: (-1) HAPT.Rd:490: Lost braces
490 | \item{\samp{483}{X.0.99961866}}{a numeric vector}
| ^
checkRd: (-1) HAPT.Rd:491: Lost braces
491 | \item{\samp{484}{X.0.999989344}}{a numeric vector}
| ^
checkRd: (-1) HAPT.Rd:492: Lost braces
492 | \item{\samp{485}{X.0.999935814}}{a numeric vector}
| ^
checkRd: (-1) HAPT.Rd:493: Lost braces
493 | \item{\samp{486}{X.0.998388009}}{a numeric vector}
| ^
checkRd: (-1) HAPT.Rd:494: Lost braces
494 | \item{\samp{487}{X.0.999642684}}{a numeric vector}
| ^
checkRd: (-1) HAPT.Rd:495: Lost braces
495 | \item{\samp{488}{X.0.99997268}}{a numeric vector}
| ^
checkRd: (-1) HAPT.Rd:496: Lost braces
496 | \item{\samp{489}{X.0.999969823}}{a numeric vector}
| ^
checkRd: (-1) HAPT.Rd:497: Lost braces
497 | \item{\samp{490}{X.0.999975576}}{a numeric vector}
| ^
checkRd: (-1) HAPT.Rd:498: Lost braces
498 | \item{\samp{491}{X.0.999905778}}{a numeric vector}
| ^
checkRd: (-1) HAPT.Rd:499: Lost braces
499 | \item{\samp{492}{X.0.999986109}}{a numeric vector}
| ^
checkRd: (-1) HAPT.Rd:500: Lost braces
500 | \item{\samp{493}{X.0.999937118}}{a numeric vector}
| ^
checkRd: (-1) HAPT.Rd:501: Lost braces
501 | \item{\samp{494}{X.0.999751152}}{a numeric vector}
| ^
checkRd: (-1) HAPT.Rd:502: Lost braces
502 | \item{\samp{495}{X.0.999072274}}{a numeric vector}
| ^
checkRd: (-1) HAPT.Rd:503: Lost braces
503 | \item{\samp{496}{X.0.999927536}}{a numeric vector}
| ^
checkRd: (-1) HAPT.Rd:504: Lost braces
504 | \item{\samp{497}{X.0.99996574}}{a numeric vector}
| ^
checkRd: (-1) HAPT.Rd:505: Lost braces
505 | \item{\samp{498}{X.0.999909203}}{a numeric vector}
| ^
checkRd: (-1) HAPT.Rd:506: Lost braces
506 | \item{\samp{499}{X.0.999892923}}{a numeric vector}
| ^
checkRd: (-1) HAPT.Rd:507: Lost braces
507 | \item{\samp{500}{X.0.99944433}}{a numeric vector}
| ^
checkRd: (-1) HAPT.Rd:508: Lost braces
508 | \item{\samp{501}{X.0.999957631}}{a numeric vector}
| ^
checkRd: (-1) HAPT.Rd:509: Lost braces
509 | \item{\samp{502}{X.0.99995875}}{a numeric vector}
| ^
checkRd: (-1) HAPT.Rd:510: Lost braces
510 | \item{\samp{503}{X.0.951549871}}{a numeric vector}
| ^
checkRd: (-1) HAPT.Rd:511: Lost braces
511 | \item{\samp{504}{X.0.966537569}}{a numeric vector}
| ^
checkRd: (-1) HAPT.Rd:512: Lost braces
512 | \item{\samp{505}{X.0.948523894}}{a numeric vector}
| ^
checkRd: (-1) HAPT.Rd:513: Lost braces
513 | \item{\samp{506}{X.0.981574846}}{a numeric vector}
| ^
checkRd: (-1) HAPT.Rd:514: Lost braces
514 | \item{\samp{507}{X.0.921602884}}{a numeric vector}
| ^
checkRd: (-1) HAPT.Rd:515: Lost braces
515 | \item{\samp{508}{X.0.951549871.1}}{a numeric vector}
| ^
checkRd: (-1) HAPT.Rd:516: Lost braces
516 | \item{\samp{509}{X.0.998989478}}{a numeric vector}
| ^
checkRd: (-1) HAPT.Rd:517: Lost braces
517 | \item{\samp{510}{X.0.972006561}}{a numeric vector}
| ^
checkRd: (-1) HAPT.Rd:518: Lost braces
518 | \item{\samp{511}{X.0.646376446}}{a numeric vector}
| ^
checkRd: (-1) HAPT.Rd:519: Lost braces
519 | \item{\samp{512}{X.0.842105263}}{a numeric vector}
| ^
checkRd: (-1) HAPT.Rd:520: Lost braces
520 | \item{\samp{513}{X.0.061629034}}{a numeric vector}
| ^
checkRd: (-1) HAPT.Rd:521: Lost braces
521 | \item{\samp{514}{X.0.446120233}}{a numeric vector}
| ^
checkRd: (-1) HAPT.Rd:522: Lost braces
522 | \item{\samp{515}{X.0.797046006}}{a numeric vector}
| ^
checkRd: (-1) HAPT.Rd:523: Lost braces
523 | \item{\samp{516}{X.0.993610272}}{a numeric vector}
| ^
checkRd: (-1) HAPT.Rd:524: Lost braces
524 | \item{\samp{517}{X.0.994226058}}{a numeric vector}
| ^
checkRd: (-1) HAPT.Rd:525: Lost braces
525 | \item{\samp{518}{X.0.992838651}}{a numeric vector}
| ^
checkRd: (-1) HAPT.Rd:526: Lost braces
526 | \item{\samp{519}{X.0.993778052}}{a numeric vector}
| ^
checkRd: (-1) HAPT.Rd:527: Lost braces
527 | \item{\samp{520}{X.0.988171896}}{a numeric vector}
| ^
checkRd: (-1) HAPT.Rd:528: Lost braces
528 | \item{\samp{521}{X.0.993610272.1}}{a numeric vector}
| ^
checkRd: (-1) HAPT.Rd:529: Lost braces
529 | \item{\samp{522}{X.0.999918116}}{a numeric vector}
| ^
checkRd: (-1) HAPT.Rd:530: Lost braces
530 | \item{\samp{523}{X.0.991735905}}{a numeric vector}
| ^
checkRd: (-1) HAPT.Rd:531: Lost braces
531 | \item{\samp{524}{X.1.13}}{a numeric vector}
| ^
checkRd: (-1) HAPT.Rd:532: Lost braces
532 | \item{\samp{525}{X.0.936507937}}{a numeric vector}
| ^
checkRd: (-1) HAPT.Rd:533: Lost braces
533 | \item{\samp{526}{X0.349260344}}{a numeric vector}
| ^
checkRd: (-1) HAPT.Rd:534: Lost braces
534 | \item{\samp{527}{X.0.517126845}}{a numeric vector}
| ^
checkRd: (-1) HAPT.Rd:535: Lost braces
535 | \item{\samp{528}{X.0.801005832}}{a numeric vector}
| ^
checkRd: (-1) HAPT.Rd:536: Lost braces
536 | \item{\samp{529}{X.0.980134852}}{a numeric vector}
| ^
checkRd: (-1) HAPT.Rd:537: Lost braces
537 | \item{\samp{530}{X.0.961300846}}{a numeric vector}
| ^
checkRd: (-1) HAPT.Rd:538: Lost braces
538 | \item{\samp{531}{X.0.974128989}}{a numeric vector}
| ^
checkRd: (-1) HAPT.Rd:539: Lost braces
539 | \item{\samp{532}{X.0.956012879}}{a numeric vector}
| ^
checkRd: (-1) HAPT.Rd:540: Lost braces
540 | \item{\samp{533}{X.0.989893752}}{a numeric vector}
| ^
checkRd: (-1) HAPT.Rd:541: Lost braces
541 | \item{\samp{534}{X.0.980134852.1}}{a numeric vector}
| ^
checkRd: (-1) HAPT.Rd:542: Lost braces
542 | \item{\samp{535}{X.0.999240352}}{a numeric vector}
| ^
checkRd: (-1) HAPT.Rd:543: Lost braces
543 | \item{\samp{536}{X.0.992673389}}{a numeric vector}
| ^
checkRd: (-1) HAPT.Rd:544: Lost braces
544 | \item{\samp{537}{X.0.701291408}}{a numeric vector}
| ^
checkRd: (-1) HAPT.Rd:545: Lost braces
545 | \item{\samp{538}{X.1.14}}{a numeric vector}
| ^
checkRd: (-1) HAPT.Rd:546: Lost braces
546 | \item{\samp{539}{X.0.132479997}}{a numeric vector}
| ^
checkRd: (-1) HAPT.Rd:547: Lost braces
547 | \item{\samp{540}{X0.565697089}}{a numeric vector}
| ^
checkRd: (-1) HAPT.Rd:548: Lost braces
548 | \item{\samp{541}{X0.363477518}}{a numeric vector}
| ^
checkRd: (-1) HAPT.Rd:549: Lost braces
549 | \item{\samp{542}{X.0.991994064}}{a numeric vector}
| ^
checkRd: (-1) HAPT.Rd:550: Lost braces
550 | \item{\samp{543}{X.0.990877165}}{a numeric vector}
| ^
checkRd: (-1) HAPT.Rd:551: Lost braces
551 | \item{\samp{544}{X.0.990169195}}{a numeric vector}
| ^
checkRd: (-1) HAPT.Rd:552: Lost braces
552 | \item{\samp{545}{X.0.992520987}}{a numeric vector}
| ^
checkRd: (-1) HAPT.Rd:553: Lost braces
553 | \item{\samp{546}{X.0.991044002}}{a numeric vector}
| ^
checkRd: (-1) HAPT.Rd:554: Lost braces
554 | \item{\samp{547}{X.0.991994064.1}}{a numeric vector}
| ^
checkRd: (-1) HAPT.Rd:555: Lost braces
555 | \item{\samp{548}{X.0.999936756}}{a numeric vector}
| ^
checkRd: (-1) HAPT.Rd:556: Lost braces
556 | \item{\samp{549}{X.0.990536925}}{a numeric vector}
| ^
checkRd: (-1) HAPT.Rd:557: Lost braces
557 | \item{\samp{550}{X.0.871305805}}{a numeric vector}
| ^
checkRd: (-1) HAPT.Rd:558: Lost braces
558 | \item{\samp{551}{X.1.15}}{a numeric vector}
| ^
checkRd: (-1) HAPT.Rd:559: Lost braces
559 | \item{\samp{552}{X.0.012235894}}{a numeric vector}
| ^
checkRd: (-1) HAPT.Rd:560: Lost braces
560 | \item{\samp{553}{X.0.314848353}}{a numeric vector}
| ^
checkRd: (-1) HAPT.Rd:561: Lost braces
561 | \item{\samp{554}{X.0.713307812}}{a numeric vector}
| ^
checkRd: (-1) HAPT.Rd:562: Lost braces
562 | \item{\samp{555}{X.0.112754341}}{a numeric vector}
| ^
checkRd: (-1) HAPT.Rd:563: Lost braces
563 | \item{\samp{556}{X0.030400372}}{a numeric vector}
| ^
checkRd: (-1) HAPT.Rd:564: Lost braces
564 | \item{\samp{557}{X.0.464761386}}{a numeric vector}
| ^
checkRd: (-1) HAPT.Rd:565: Lost braces
565 | \item{\samp{558}{X.0.018445884}}{a numeric vector}
| ^
checkRd: (-1) HAPT.Rd:566: Lost braces
566 | \item{\samp{559}{X.0.841558511}}{a numeric vector}
| ^
checkRd: (-1) HAPT.Rd:567: Lost braces
567 | \item{\samp{560}{X0.179912811}}{a numeric vector}
| ^
checkRd: (-1) HAPT.Rd:568: Lost braces
568 | \item{\samp{561}{X.0.051718416}}{a numeric vector}
| ^
Flavors: r-devel-linux-x86_64-debian-clang, r-devel-linux-x86_64-debian-gcc, r-devel-linux-x86_64-fedora-clang, r-devel-linux-x86_64-fedora-gcc, r-devel-macos-arm64, r-devel-macos-x86_64, r-devel-windows-x86_64, r-patched-linux-x86_64, r-release-linux-x86_64, r-release-macos-arm64, r-release-macos-x86_64, r-release-windows-x86_64
These binaries (installable software) and packages are in development.
They may not be fully stable and should be used with caution. We make no claims about them.
Health stats visible at Monitor.