Last updated on 2025-10-31 15:48:41 CET.
| Flavor | Version | Tinstall | Tcheck | Ttotal | Status | Flags | 
|---|---|---|---|---|---|---|
| r-devel-linux-x86_64-debian-clang | 1.0.2 | 16.57 | 71.87 | 88.44 | NOTE | |
| r-devel-linux-x86_64-debian-gcc | 1.0.2 | 12.12 | 51.03 | 63.15 | NOTE | |
| r-devel-linux-x86_64-fedora-clang | 1.0.2 | 54.00 | 95.02 | 149.02 | NOTE | |
| r-devel-linux-x86_64-fedora-gcc | 1.0.2 | 42.00 | 96.79 | 138.79 | NOTE | |
| r-devel-windows-x86_64 | 1.0.2 | 27.00 | 86.00 | 113.00 | NOTE | |
| r-patched-linux-x86_64 | 1.0.2 | 18.47 | 68.10 | 86.57 | NOTE | |
| r-release-linux-x86_64 | 1.0.2 | 18.80 | 68.37 | 87.17 | NOTE | |
| r-release-macos-arm64 | 1.0.2 | 12.00 | 37.00 | 49.00 | NOTE | |
| r-release-macos-x86_64 | 1.0.2 | 19.00 | 60.00 | 79.00 | NOTE | |
| r-release-windows-x86_64 | 1.0.2 | 29.00 | 88.00 | 117.00 | NOTE | |
| r-oldrel-macos-arm64 | 1.0.2 | 10.00 | 31.00 | 41.00 | NOTE | |
| r-oldrel-macos-x86_64 | 1.0.2 | 15.00 | 46.00 | 61.00 | NOTE | |
| r-oldrel-windows-x86_64 | 1.0.2 | 39.00 | 109.00 | 148.00 | NOTE | 
Version: 1.0.2
Check: CRAN incoming feasibility
Result: NOTE
  Maintainer: ‘Alberto Lopez Moreno <bertolomo@gmail.com>’
  
  No Authors@R field in DESCRIPTION.
  Please add one, modifying
    Authors@R: c(person(given = "Pilar",
                        family = "Munyoz",
                        role = "aut"),
                 person(given = c("Alberto", "Lopez"),
                        family = "Moreno",
                        role = c("aut", "cre"),
                        email = "bertolomo@gmail.com"))
  as necessary.
Flavors: r-devel-linux-x86_64-debian-clang, r-devel-linux-x86_64-debian-gcc
Version: 1.0.2
Check: Rd files
Result: NOTE
  checkRd: (-1) hbstm.Rd:43: Lost braces
      43 |         -\code{"all"}{: Save an object of class \code{Parameters}.}
         |                      ^
  checkRd: (-1) hbstm.Rd:45: Lost braces
      45 |         -\code{"Mu"}{: Save an object of class \code{Mu}.}
         |                     ^
  checkRd: (-1) hbstm.Rd:47: Lost braces
      47 |         -\code{"Mt"}{: Save an object of class \code{Mt}.}
         |                     ^
  checkRd: (-1) hbstm.Rd:49: Lost braces
      49 |         -\code{"Xt"}{: Save an object of class \code{Xt}.}
         |                     ^
  checkRd: (-1) hbstm.Rd:53: Lost braces
      53 |         -\code{time}{: A \code{"logical"} indicating whether the method shows the estimated time of execution.}
         |                     ^
  checkRd: (-1) hbstm.Rd:55: Lost braces
      55 |         -\code{timerem}{: A \code{"logical"} indicating whether the method shows the estimated remaining time of execution}
         |                        ^
  checkRd: (-1) hbstm.Rd:57: Lost braces
      57 |         -\code{seed}{: The seed to use in the function \code{"set.seed"} and set it to fit the model.}
         |                     ^
  checkRd: (-1) hbstm.fit.Rd:32: Lost braces
      32 |         -\code{"all"}{: Save an object of class \code{Parameters}.}
         |                      ^
  checkRd: (-1) hbstm.fit.Rd:34: Lost braces
      34 |         -\code{"Mu"}{: Save an object of class \code{Mu}.}
         |                     ^
  checkRd: (-1) hbstm.fit.Rd:36: Lost braces
      36 |         -\code{"Mt"}{: Save an object of class \code{Mt}.}
         |                     ^
  checkRd: (-1) hbstm.fit.Rd:38: Lost braces
      38 |         -\code{"Xt"}{: Save an object of class \code{Xt}.}
         |                     ^
  checkRd: (-1) plotFit.Rd:27: Lost braces
      27 |         \item{"Zt"}{: The data in a fixed temporal observation specified by the attribute code{time}.}
         |                                                                                               ^
  checkRd: (-1) plotFit.Rd:28: Lost braces
      28 |         \item{"EstZt"}{: The data estimation in a fixed temporal observation specified by the attribute code{time}.}
         |                                                                                                             ^
Flavors: r-devel-linux-x86_64-debian-clang, r-devel-linux-x86_64-debian-gcc, r-devel-linux-x86_64-fedora-clang, r-devel-linux-x86_64-fedora-gcc, r-devel-windows-x86_64, r-patched-linux-x86_64, r-release-linux-x86_64, r-release-macos-arm64, r-release-macos-x86_64, r-release-windows-x86_64, r-oldrel-macos-arm64, r-oldrel-macos-x86_64, r-oldrel-windows-x86_64
These binaries (installable software) and packages are in development.
They may not be fully stable and should be used with caution. We make no claims about them.
Health stats visible at Monitor.