Last updated on 2025-02-08 18:49:35 CET.
Flavor | Version | Tinstall | Tcheck | Ttotal | Status | Flags |
---|---|---|---|---|---|---|
r-devel-linux-x86_64-debian-clang | 1.0.2 | 21.17 | 69.27 | 90.44 | NOTE | |
r-devel-linux-x86_64-debian-gcc | 1.0.2 | 11.89 | 46.76 | 58.65 | NOTE | |
r-devel-linux-x86_64-fedora-clang | 1.0.2 | 159.83 | NOTE | |||
r-devel-linux-x86_64-fedora-gcc | 1.0.2 | 138.15 | NOTE | |||
r-devel-windows-x86_64 | 1.0.2 | 28.00 | 86.00 | 114.00 | NOTE | |
r-patched-linux-x86_64 | 1.0.2 | 19.51 | 64.54 | 84.05 | NOTE | |
r-release-linux-x86_64 | 1.0.2 | 20.10 | 64.80 | 84.90 | NOTE | |
r-release-macos-arm64 | 1.0.2 | 41.00 | NOTE | |||
r-release-macos-x86_64 | 1.0.2 | 61.00 | NOTE | |||
r-release-windows-x86_64 | 1.0.2 | 27.00 | 86.00 | 113.00 | NOTE | |
r-oldrel-macos-arm64 | 1.0.2 | 42.00 | OK | |||
r-oldrel-macos-x86_64 | 1.0.2 | 70.00 | OK | |||
r-oldrel-windows-x86_64 | 1.0.2 | 34.00 | 109.00 | 143.00 | OK |
Version: 1.0.2
Check: Rd files
Result: NOTE
checkRd: (-1) hbstm.Rd:43: Lost braces
43 | -\code{"all"}{: Save an object of class \code{Parameters}.}
| ^
checkRd: (-1) hbstm.Rd:45: Lost braces
45 | -\code{"Mu"}{: Save an object of class \code{Mu}.}
| ^
checkRd: (-1) hbstm.Rd:47: Lost braces
47 | -\code{"Mt"}{: Save an object of class \code{Mt}.}
| ^
checkRd: (-1) hbstm.Rd:49: Lost braces
49 | -\code{"Xt"}{: Save an object of class \code{Xt}.}
| ^
checkRd: (-1) hbstm.Rd:53: Lost braces
53 | -\code{time}{: A \code{"logical"} indicating whether the method shows the estimated time of execution.}
| ^
checkRd: (-1) hbstm.Rd:55: Lost braces
55 | -\code{timerem}{: A \code{"logical"} indicating whether the method shows the estimated remaining time of execution}
| ^
checkRd: (-1) hbstm.Rd:57: Lost braces
57 | -\code{seed}{: The seed to use in the function \code{"set.seed"} and set it to fit the model.}
| ^
checkRd: (-1) hbstm.fit.Rd:32: Lost braces
32 | -\code{"all"}{: Save an object of class \code{Parameters}.}
| ^
checkRd: (-1) hbstm.fit.Rd:34: Lost braces
34 | -\code{"Mu"}{: Save an object of class \code{Mu}.}
| ^
checkRd: (-1) hbstm.fit.Rd:36: Lost braces
36 | -\code{"Mt"}{: Save an object of class \code{Mt}.}
| ^
checkRd: (-1) hbstm.fit.Rd:38: Lost braces
38 | -\code{"Xt"}{: Save an object of class \code{Xt}.}
| ^
checkRd: (-1) plotFit.Rd:27: Lost braces
27 | \item{"Zt"}{: The data in a fixed temporal observation specified by the attribute code{time}.}
| ^
checkRd: (-1) plotFit.Rd:28: Lost braces
28 | \item{"EstZt"}{: The data estimation in a fixed temporal observation specified by the attribute code{time}.}
| ^
Flavors: r-devel-linux-x86_64-debian-clang, r-devel-linux-x86_64-debian-gcc, r-devel-linux-x86_64-fedora-clang, r-devel-linux-x86_64-fedora-gcc, r-devel-windows-x86_64, r-patched-linux-x86_64, r-release-linux-x86_64, r-release-macos-arm64, r-release-macos-x86_64, r-release-windows-x86_64
These binaries (installable software) and packages are in development.
They may not be fully stable and should be used with caution. We make no claims about them.
Health stats visible at Monitor.