Last updated on 2025-10-10 05:50:03 CEST.
Flavor | Version | Tinstall | Tcheck | Ttotal | Status | Flags |
---|---|---|---|---|---|---|
r-devel-linux-x86_64-debian-clang | 1.2 | 68.82 | 23.17 | 91.99 | WARN | |
r-devel-linux-x86_64-debian-gcc | 1.2 | 36.62 | 18.69 | 55.31 | WARN | |
r-devel-linux-x86_64-fedora-clang | 1.2 | 178.01 | WARN | |||
r-devel-linux-x86_64-fedora-gcc | 1.2 | 139.64 | WARN | |||
r-devel-windows-x86_64 | 1.2 | 79.00 | 61.00 | 140.00 | WARN | |
r-patched-linux-x86_64 | 1.2 | 59.49 | 22.17 | 81.66 | WARN | |
r-release-linux-x86_64 | 1.2 | 62.13 | 22.12 | 84.25 | WARN | |
r-release-macos-arm64 | 1.2 | 42.00 | NOTE | |||
r-release-macos-x86_64 | 1.2 | 54.00 | NOTE | |||
r-release-windows-x86_64 | 1.2 | 79.00 | 58.00 | 137.00 | WARN | |
r-oldrel-macos-arm64 | 1.2 | 39.00 | NOTE | |||
r-oldrel-macos-x86_64 | 1.2 | 43.00 | NOTE | |||
r-oldrel-windows-x86_64 | 1.2 | 92.00 | 67.00 | 159.00 | WARN |
Version: 1.2
Check: whether package can be installed
Result: WARN
Found the following significant warnings:
core_minimise_epl.cpp:45:33: warning: 'min' is deprecated: use .index_min() instead [-Wdeprecated-declarations]
See ‘/home/hornik/tmp/R.check/r-devel-clang/Work/PKGS/GreedyEPL.Rcheck/00install.out’ for details.
* used C compiler: ‘Debian clang version 19.1.7 (7)’
* used C++ compiler: ‘Debian clang version 19.1.7 (7)’
Flavor: r-devel-linux-x86_64-debian-clang
Version: 1.2
Check: Rd files
Result: NOTE
checkRd: (-1) MinimiseEPL.Rd:17: Lost braces in \itemize; meant \describe ?
checkRd: (-1) MinimiseEPL.Rd:18: Lost braces in \itemize; meant \describe ?
checkRd: (-1) MinimiseEPL.Rd:19: Lost braces in \itemize; meant \describe ?
checkRd: (-1) MinimiseEPL.Rd:20: Lost braces in \itemize; meant \describe ?
Flavors: r-devel-linux-x86_64-debian-clang, r-devel-linux-x86_64-debian-gcc, r-devel-linux-x86_64-fedora-clang, r-devel-linux-x86_64-fedora-gcc, r-devel-windows-x86_64, r-patched-linux-x86_64, r-release-linux-x86_64, r-release-macos-arm64, r-release-macos-x86_64, r-release-windows-x86_64, r-oldrel-macos-arm64, r-oldrel-macos-x86_64, r-oldrel-windows-x86_64
Version: 1.2
Check: whether package can be installed
Result: WARN
Found the following significant warnings:
core_minimise_epl.cpp:45:36: warning: ‘eT arma::Mat<eT>::min(arma::uword&) const [with eT = double; arma::uword = unsigned int]’ is deprecated: use .index_min() instead [-Wdeprecated-declarations]
See ‘/home/hornik/tmp/R.check/r-devel-gcc/Work/PKGS/GreedyEPL.Rcheck/00install.out’ for details.
* used C compiler: ‘gcc-15 (Debian 15.2.0-4) 15.2.0’
* used C++ compiler: ‘g++-15 (Debian 15.2.0-4) 15.2.0’
Flavor: r-devel-linux-x86_64-debian-gcc
Version: 1.2
Check: whether package can be installed
Result: WARN
Found the following significant warnings:
core_minimise_epl.cpp:45:33: warning: 'min' is deprecated: use .index_min() instead [-Wdeprecated-declarations]
See ‘/data/gannet/ripley/R/packages/tests-clang/GreedyEPL.Rcheck/00install.out’ for details.
* used C compiler: ‘clang version 21.1.2’
* used C++ compiler: ‘clang version 21.1.2’
Flavor: r-devel-linux-x86_64-fedora-clang
Version: 1.2
Check: whether package can be installed
Result: WARN
Found the following significant warnings:
core_minimise_epl.cpp:45:36: warning: ‘eT arma::Mat<eT>::min(arma::uword&) const [with eT = double; arma::uword = unsigned int]’ is deprecated: use .index_min() instead [-Wdeprecated-declarations]
See ‘/data/gannet/ripley/R/packages/tests-devel/GreedyEPL.Rcheck/00install.out’ for details.
* used C compiler: ‘gcc (GCC) 15.1.1 20250521 (Red Hat 15.1.1-2)’
* used C++ compiler: ‘g++ (GCC) 15.1.1 20250521 (Red Hat 15.1.1-2)’
Flavor: r-devel-linux-x86_64-fedora-gcc
Version: 1.2
Check: whether package can be installed
Result: WARN
Found the following significant warnings:
core_minimise_epl.cpp:45:36: warning: 'eT arma::Mat<eT>::min(arma::uword&) const [with eT = double; arma::uword = unsigned int]' is deprecated: use .index_min() instead [-Wdeprecated-declarations]
See 'd:/Rcompile/CRANpkg/local/4.6/GreedyEPL.Rcheck/00install.out' for details.
* used C compiler: 'gcc.exe (GCC) 14.2.0'
* used C++ compiler: 'g++.exe (GCC) 14.2.0'
Flavor: r-devel-windows-x86_64
Version: 1.2
Check: whether package can be installed
Result: WARN
Found the following significant warnings:
core_minimise_epl.cpp:45:36: warning: ‘eT arma::Mat<eT>::min(arma::uword&) const [with eT = double; arma::uword = unsigned int]’ is deprecated: use .index_min() instead [-Wdeprecated-declarations]
See ‘/home/hornik/tmp/R.check/r-patched-gcc/Work/PKGS/GreedyEPL.Rcheck/00install.out’ for details.
* used C compiler: ‘gcc-14 (Debian 14.3.0-8) 14.3.0’
* used C++ compiler: ‘g++-14 (Debian 14.3.0-8) 14.3.0’
Flavor: r-patched-linux-x86_64
Version: 1.2
Check: whether package can be installed
Result: WARN
Found the following significant warnings:
core_minimise_epl.cpp:45:36: warning: ‘eT arma::Mat<eT>::min(arma::uword&) const [with eT = double; arma::uword = unsigned int]’ is deprecated: use .index_min() instead [-Wdeprecated-declarations]
See ‘/home/hornik/tmp/R.check/r-release-gcc/Work/PKGS/GreedyEPL.Rcheck/00install.out’ for details.
* used C compiler: ‘gcc-14 (Debian 14.3.0-8) 14.3.0’
* used C++ compiler: ‘g++-14 (Debian 14.3.0-8) 14.3.0’
Flavor: r-release-linux-x86_64
Version: 1.2
Check: whether package can be installed
Result: WARN
Found the following significant warnings:
core_minimise_epl.cpp:45:36: warning: 'eT arma::Mat<eT>::min(arma::uword&) const [with eT = double; arma::uword = unsigned int]' is deprecated: use .index_min() instead [-Wdeprecated-declarations]
See 'd:/Rcompile/CRANpkg/local/4.5/GreedyEPL.Rcheck/00install.out' for details.
* used C compiler: 'gcc.exe (GCC) 14.2.0'
* used C++ compiler: 'g++.exe (GCC) 14.2.0'
Flavor: r-release-windows-x86_64
Version: 1.2
Check: whether package can be installed
Result: WARN
Found the following significant warnings:
core_minimise_epl.cpp:45:36: warning: 'eT arma::Mat<eT>::min(arma::uword&) const [with eT = double; arma::uword = unsigned int]' is deprecated: use .index_min() instead [-Wdeprecated-declarations]
See 'd:/Rcompile/CRANpkg/local/4.4/GreedyEPL.Rcheck/00install.out' for details.
* used C compiler: 'gcc.exe (GCC) 13.3.0'
* used C++ compiler: 'g++.exe (GCC) 13.3.0'
Flavor: r-oldrel-windows-x86_64
These binaries (installable software) and packages are in development.
They may not be fully stable and should be used with caution. We make no claims about them.
Health stats visible at Monitor.