CRAN Package Check Results for Package GramQuad

Last updated on 2025-05-17 15:50:44 CEST.

Flavor Version Tinstall Tcheck Ttotal Status Flags
r-devel-linux-x86_64-debian-clang 0.1.1 1.59 18.56 20.15 NOTE
r-devel-linux-x86_64-debian-gcc 0.1.1 1.44 15.55 16.99 NOTE
r-devel-linux-x86_64-fedora-clang 0.1.1 31.19 OK
r-devel-linux-x86_64-fedora-gcc 0.1.1 29.57 OK
r-devel-windows-x86_64 0.1.1 2.00 44.00 46.00 OK
r-patched-linux-x86_64 0.1.1 1.60 17.90 19.50 OK
r-release-linux-x86_64 0.1.1 1.51 17.83 19.34 OK
r-release-macos-arm64 0.1.1 17.00 OK
r-release-macos-x86_64 0.1.1 25.00 OK
r-release-windows-x86_64 0.1.1 4.00 46.00 50.00 OK
r-oldrel-macos-arm64 0.1.1 16.00 OK
r-oldrel-macos-x86_64 0.1.1 20.00 OK
r-oldrel-windows-x86_64 0.1.1 2.00 45.00 47.00 OK

Check Details

Version: 0.1.1
Check: CRAN incoming feasibility
Result: NOTE Maintainer: ‘Iago Giné-Vázquez <iago.gin-vaz@protonmail.com>’ The Description field contains <arXiv:2106.14875> [math.NA] 28 Jun 2021, by Irfan Muhammad [School of Please refer to arXiv e-prints via their arXiv DOI <doi:10.48550/arXiv.YYMM.NNNNN>. Flavors: r-devel-linux-x86_64-debian-clang, r-devel-linux-x86_64-debian-gcc

These binaries (installable software) and packages are in development.
They may not be fully stable and should be used with caution. We make no claims about them.
Health stats visible at Monitor.