CRAN Package Check Results for Package GlarmaVarSel

Last updated on 2025-05-15 07:49:40 CEST.

Flavor Version Tinstall Tcheck Ttotal Status Flags
r-devel-linux-x86_64-debian-clang 1.0 9.79 108.46 118.25 NOTE
r-devel-linux-x86_64-debian-gcc 1.0 7.19 75.74 82.93 NOTE
r-devel-linux-x86_64-fedora-clang 1.0 189.06 OK
r-devel-linux-x86_64-fedora-gcc 1.0 192.29 OK
r-devel-windows-x86_64 1.0 10.00 109.00 119.00 OK
r-patched-linux-x86_64 1.0 9.60 103.55 113.15 OK
r-release-linux-x86_64 1.0 9.32 102.55 111.87 OK
r-release-macos-arm64 1.0 OK
r-release-macos-x86_64 1.0 104.00 OK
r-release-windows-x86_64 1.0 10.00 109.00 119.00 OK
r-oldrel-macos-arm64 1.0 53.00 OK
r-oldrel-macos-x86_64 1.0 85.00 OK
r-oldrel-windows-x86_64 1.0 14.00 141.00 155.00 NOTE

Check Details

Version: 1.0
Check: CRAN incoming feasibility
Result: NOTE Maintainer: ‘Marina Gomtsyan <marina.gomtsyan@agroparistech.fr>’ No Authors@R field in DESCRIPTION. Please add one, modifying Authors@R: c(person(given = "M.", family = "Gomtsyan", role = "aut"), person(given = "C.", family = "Levy-Leduc", role = "aut"), person(given = "S.", family = "Ouadah", role = "aut"), person(given = "L.", family = "Sansonnet", role = "aut"), person(given = "Marina", family = "Gomtsyan", role = "cre", email = "marina.gomtsyan@agroparistech.fr")) as necessary. The Description field contains (2020), <arXiv:2007.08623v1>. Please refer to arXiv e-prints via their arXiv DOI <doi:10.48550/arXiv.YYMM.NNNNN>. Flavors: r-devel-linux-x86_64-debian-clang, r-devel-linux-x86_64-debian-gcc

Version: 1.0
Check: package dependencies
Result: NOTE Package suggested but not available for checking: 'doMC' Flavor: r-oldrel-windows-x86_64

These binaries (installable software) and packages are in development.
They may not be fully stable and should be used with caution. We make no claims about them.
Health stats visible at Monitor.