Last updated on 2025-05-03 22:49:54 CEST.
Flavor | Version | Tinstall | Tcheck | Ttotal | Status | Flags |
---|---|---|---|---|---|---|
r-devel-linux-x86_64-debian-clang | 0.1.1 | 23.34 | 32.41 | 55.75 | NOTE | |
r-devel-linux-x86_64-debian-gcc | 0.1.1 | 17.27 | 24.41 | 41.68 | NOTE | |
r-devel-linux-x86_64-fedora-clang | 0.1.1 | 91.12 | OK | |||
r-devel-linux-x86_64-fedora-gcc | 0.1.1 | 95.30 | OK | |||
r-devel-windows-x86_64 | 0.1.1 | 26.00 | 69.00 | 95.00 | OK | |
r-patched-linux-x86_64 | 0.1.1 | 22.66 | 30.70 | 53.36 | OK | |
r-release-linux-x86_64 | OK | |||||
r-release-macos-arm64 | 0.1.1 | 44.00 | OK | |||
r-release-macos-x86_64 | 0.1.1 | 44.00 | OK | |||
r-release-windows-x86_64 | 0.1.1 | 29.00 | 75.00 | 104.00 | OK | |
r-oldrel-macos-arm64 | 0.1.1 | 25.00 | OK | |||
r-oldrel-macos-x86_64 | 0.1.1 | 38.00 | OK | |||
r-oldrel-windows-x86_64 | 0.1.1 | 31.00 | 83.00 | 114.00 | OK |
Version: 0.1.1
Check: CRAN incoming feasibility
Result: NOTE
Maintainer: ‘Dao Nguyen <dxnguyen@go.olemiss.edu>’
No Authors@R field in DESCRIPTION.
Please add one, modifying
Authors@R: c(person(given = "Dao",
family = "Nguyen",
role = c("aut", "cre"),
email = "dxnguyen@go.olemiss.edu"),
person(given = "Xin",
family = "Dang",
role = "aut"))
as necessary.
The Description field contains
Nguyen, D., Chen, Y. and Zhang, J., (2018) <arXiv:1809.09793>.
Please refer to arXiv e-prints via their arXiv DOI <doi:10.48550/arXiv.YYMM.NNNNN>.
Flavors: r-devel-linux-x86_64-debian-clang, r-devel-linux-x86_64-debian-gcc
These binaries (installable software) and packages are in development.
They may not be fully stable and should be used with caution. We make no claims about them.
Health stats visible at Monitor.