Last updated on 2025-05-07 21:53:46 CEST.
Flavor | Version | Tinstall | Tcheck | Ttotal | Status | Flags |
---|---|---|---|---|---|---|
r-devel-linux-x86_64-debian-clang | 0.2.15 | 194.06 | 326.26 | 520.32 | OK | |
r-devel-linux-x86_64-debian-gcc | 0.2.15 | 128.11 | 210.86 | 338.97 | ERROR | |
r-devel-linux-x86_64-fedora-clang | 0.2.15 | 931.34 | OK | |||
r-devel-linux-x86_64-fedora-gcc | 0.2.15 | 886.56 | OK | |||
r-devel-windows-x86_64 | 0.2.15 | 219.00 | 323.00 | 542.00 | OK | |
r-patched-linux-x86_64 | 0.2.15 | 180.59 | 301.79 | 482.38 | OK | |
r-release-linux-x86_64 | 0.2.15 | 180.57 | 314.94 | 495.51 | OK | |
r-release-macos-arm64 | 0.2.15 | 162.00 | OK | |||
r-release-macos-x86_64 | 0.2.15 | 314.00 | OK | |||
r-release-windows-x86_64 | 0.2.15 | 219.00 | 325.00 | 544.00 | OK | |
r-oldrel-macos-arm64 | 0.2.15 | 199.00 | NOTE | |||
r-oldrel-macos-x86_64 | 0.2.15 | 382.00 | NOTE | |||
r-oldrel-windows-x86_64 | 0.2.15 | 257.00 | 427.00 | 684.00 | OK |
Version: 0.2.15
Check: tests
Result: ERROR
Running ‘testthat.R’ [103s/125s]
Running the tests in ‘tests/testthat.R’ failed.
Complete output:
> library(testthat)
> library(GauPro)
Loading required package: mixopt
Loading required package: dplyr
Attaching package: 'dplyr'
The following object is masked from 'package:testthat':
matches
The following objects are masked from 'package:stats':
filter, lag
The following objects are masked from 'package:base':
intersect, setdiff, setequal, union
Loading required package: ggplot2
Loading required package: splitfngr
Loading required package: numDeriv
Loading required package: rmarkdown
Loading required package: tidyr
Attaching package: 'tidyr'
The following object is masked from 'package:testthat':
matches
>
> test_check("GauPro")
[ FAIL 1 | WARN 0 | SKIP 0 | PASS 3373 ]
══ Failed tests ════════════════════════════════════════════════════════════════
── Failure ('test_kernel_model_and_kernels.R:533:9'): Cts kernels 2D ───────────
12 Product !any(is.na(gpgradX)) is not TRUE
`actual`: FALSE
`expected`: TRUE
[ FAIL 1 | WARN 0 | SKIP 0 | PASS 3373 ]
Error: Test failures
Execution halted
Flavor: r-devel-linux-x86_64-debian-gcc
Version: 0.2.15
Check: installed package size
Result: NOTE
installed size is 9.4Mb
sub-directories of 1Mb or more:
R 2.0Mb
libs 6.5Mb
Flavors: r-oldrel-macos-arm64, r-oldrel-macos-x86_64
These binaries (installable software) and packages are in development.
They may not be fully stable and should be used with caution. We make no claims about them.
Health stats visible at Monitor.