Last updated on 2025-02-23 15:49:44 CET.
Flavor | Version | Tinstall | Tcheck | Ttotal | Status | Flags |
---|---|---|---|---|---|---|
r-devel-linux-x86_64-debian-clang | 1.4.6 | 13.30 | 78.06 | 91.36 | OK | |
r-devel-linux-x86_64-debian-gcc | 1.4.6 | 9.72 | 56.67 | 66.39 | OK | |
r-devel-linux-x86_64-fedora-clang | 1.4.6 | 1897.89 | ERROR | |||
r-devel-linux-x86_64-fedora-gcc | 1.4.6 | 1889.08 | ERROR | |||
r-devel-macos-arm64 | 1.4.6 | 49.00 | OK | |||
r-devel-macos-x86_64 | 1.4.6 | 97.00 | OK | |||
r-devel-windows-x86_64 | 1.4.6 | 14.00 | 119.00 | 133.00 | OK | |
r-patched-linux-x86_64 | 1.4.6 | 12.64 | 73.25 | 85.89 | OK | |
r-release-linux-x86_64 | 1.4.6 | 13.35 | 73.34 | 86.69 | OK | |
r-release-macos-arm64 | 1.4.6 | 50.00 | OK | |||
r-release-macos-x86_64 | 1.4.6 | 76.00 | OK | |||
r-release-windows-x86_64 | 1.4.6 | 16.00 | 119.00 | 135.00 | OK | |
r-oldrel-macos-arm64 | 1.4.6 | 58.00 | OK | |||
r-oldrel-macos-x86_64 | 1.4.6 | 131.00 | OK | |||
r-oldrel-windows-x86_64 | 1.4.6 | 18.00 | 136.00 | 154.00 | OK |
Version: 1.4.6
Check: examples
Result: ERROR
Running examples in ‘GUILDS-Ex.R’ failed
The error most likely occurred in:
> ### Name: maxLikelihood.Guilds.Conditional
> ### Title: Maximization of the loglikelihood under the Guilds Model,
> ### conditioned on guild size.
> ### Aliases: maxLikelihood.Guilds.Conditional
>
> ### ** Examples
>
> theta = 20
> alpha = 0.1
> initParams <- c(theta, alpha)
> maxLikelihood.Guilds.Conditional(initParams,
+ model = "D0",
+ sadx = 1:20,
+ sady = 1:20,
+ verbose = TRUE)
Error in if (fnew <= fmin) { : missing value where TRUE/FALSE needed
Calls: maxLikelihood.Guilds.Conditional ... eval_f -> conditional.LogLik -> logLikguilds -> <Anonymous>
Execution halted
Flavors: r-devel-linux-x86_64-fedora-clang, r-devel-linux-x86_64-fedora-gcc
Version: 1.4.6
Check: re-building of vignette outputs
Result: ERROR
Error(s) in re-building vignettes:
--- re-building ‘GUILDS.Rmd’ using rmarkdown
** Processing: /data/gannet/ripley/R/packages/tests-clang/GUILDS.Rcheck/vign_test/GUILDS/vignettes/GUILDS_files/figure-html/unnamed-chunk-1-1.png
576x288 pixels, 8 bits/pixel, 246 colors in palette
Reducing image to 8 bits/pixel, grayscale
Input IDAT size = 2947 bytes
Input file size = 3775 bytes
Trying:
zc = 9 zm = 8 zs = 0 f = 0 IDAT size = 2454
zc = 9 zm = 8 zs = 1 f = 0 IDAT size = 2452
zc = 1 zm = 8 zs = 2 f = 0
zc = 9 zm = 8 zs = 3 f = 0
zc = 9 zm = 8 zs = 0 f = 5
zc = 9 zm = 8 zs = 1 f = 5
zc = 1 zm = 8 zs = 2 f = 5
zc = 9 zm = 8 zs = 3 f = 5
Selecting parameters:
zc = 9 zm = 8 zs = 1 f = 0 IDAT size = 2452
Output IDAT size = 2452 bytes (495 bytes decrease)
Output file size = 2530 bytes (1245 bytes = 32.98% decrease)
** Processing: /data/gannet/ripley/R/packages/tests-clang/GUILDS.Rcheck/vign_test/GUILDS/vignettes/GUILDS_files/figure-html/unnamed-chunk-2-1.png
576x288 pixels, 8 bits/pixel, 255 colors in palette
Reducing image to 8 bits/pixel, grayscale
Input IDAT size = 4642 bytes
Input file size = 5497 bytes
Trying:
zc = 9 zm = 8 zs = 0 f = 0 IDAT size = 3998
zc = 9 zm = 8 zs = 1 f = 0 IDAT size = 3970
zc = 1 zm = 8 zs = 2 f = 0
zc = 9 zm = 8 zs = 3 f = 0
zc = 9 zm = 8 zs = 0 f = 5
zc = 9 zm = 8 zs = 1 f = 5
zc = 1 zm = 8 zs = 2 f = 5
zc = 9 zm = 8 zs = 3 f = 5
Selecting parameters:
zc = 9 zm = 8 zs = 1 f = 0 IDAT size = 3970
Output IDAT size = 3970 bytes (672 bytes decrease)
Output file size = 4048 bytes (1449 bytes = 26.36% decrease)
Flavor: r-devel-linux-x86_64-fedora-clang
Version: 1.4.6
Check: re-building of vignette outputs
Result: ERROR
Error(s) in re-building vignettes:
--- re-building ‘GUILDS.Rmd’ using rmarkdown
** Processing: /data/gannet/ripley/R/packages/tests-devel/GUILDS.Rcheck/vign_test/GUILDS/vignettes/GUILDS_files/figure-html/unnamed-chunk-1-1.png
576x288 pixels, 8 bits/pixel, 246 colors in palette
Reducing image to 8 bits/pixel, grayscale
Input IDAT size = 2947 bytes
Input file size = 3775 bytes
Trying:
zc = 9 zm = 8 zs = 0 f = 0 IDAT size = 2454
zc = 9 zm = 8 zs = 1 f = 0 IDAT size = 2452
zc = 1 zm = 8 zs = 2 f = 0
zc = 9 zm = 8 zs = 3 f = 0
zc = 9 zm = 8 zs = 0 f = 5
zc = 9 zm = 8 zs = 1 f = 5
zc = 1 zm = 8 zs = 2 f = 5
zc = 9 zm = 8 zs = 3 f = 5
Selecting parameters:
zc = 9 zm = 8 zs = 1 f = 0 IDAT size = 2452
Output IDAT size = 2452 bytes (495 bytes decrease)
Output file size = 2530 bytes (1245 bytes = 32.98% decrease)
** Processing: /data/gannet/ripley/R/packages/tests-devel/GUILDS.Rcheck/vign_test/GUILDS/vignettes/GUILDS_files/figure-html/unnamed-chunk-2-1.png
576x288 pixels, 8 bits/pixel, 255 colors in palette
Reducing image to 8 bits/pixel, grayscale
Input IDAT size = 4642 bytes
Input file size = 5497 bytes
Trying:
zc = 9 zm = 8 zs = 0 f = 0 IDAT size = 3998
zc = 9 zm = 8 zs = 1 f = 0 IDAT size = 3970
zc = 1 zm = 8 zs = 2 f = 0
zc = 9 zm = 8 zs = 3 f = 0
zc = 9 zm = 8 zs = 0 f = 5
zc = 9 zm = 8 zs = 1 f = 5
zc = 1 zm = 8 zs = 2 f = 5
zc = 9 zm = 8 zs = 3 f = 5
Selecting parameters:
zc = 9 zm = 8 zs = 1 f = 0 IDAT size = 3970
Output IDAT size = 3970 bytes (672 bytes decrease)
Output file size = 4048 bytes (1449 bytes = 26.36% decrease)
Flavor: r-devel-linux-x86_64-fedora-gcc
These binaries (installable software) and packages are in development.
They may not be fully stable and should be used with caution. We make no claims about them.
Health stats visible at Monitor.