Last updated on 2024-05-02 08:01:44 CEST.
Flavor | Version | Tinstall | Tcheck | Ttotal | Status | Flags |
---|---|---|---|---|---|---|
r-devel-linux-x86_64-debian-clang | 0.1.3 | 19.81 | 292.93 | 312.74 | NOTE | |
r-devel-linux-x86_64-debian-gcc | 0.1.3 | 18.04 | 205.87 | 223.91 | NOTE | |
r-devel-linux-x86_64-fedora-clang | 0.1.3 | 376.70 | NOTE | |||
r-devel-linux-x86_64-fedora-gcc | 0.1.3 | 373.87 | NOTE | |||
r-devel-windows-x86_64 | 0.1.3 | 18.00 | 204.00 | 222.00 | NOTE | |
r-patched-linux-x86_64 | 0.1.3 | 14.54 | 268.98 | 283.52 | NOTE | |
r-release-linux-x86_64 | 0.1.3 | 14.31 | 269.14 | 283.45 | NOTE | |
r-release-macos-arm64 | 0.1.3 | 103.00 | NOTE | |||
r-release-macos-x86_64 | 0.1.3 | 198.00 | OK | |||
r-release-windows-x86_64 | 0.1.3 | 17.00 | 197.00 | 214.00 | NOTE | |
r-oldrel-macos-arm64 | 0.1.3 | 106.00 | NOTE | |||
r-oldrel-macos-x86_64 | 0.1.3 | 253.00 | NOTE | |||
r-oldrel-windows-x86_64 | 0.1.3 | 24.00 | 266.00 | 290.00 | OK |
Version: 0.1.3
Check: Rd files
Result: NOTE
checkRd: (-1) geneSelection.Rd:71: Lost braces; missing escapes or markup?
71 | performs the vector magnitude in the [L_{p}] norm (as well as k powers
| ^
checkRd: (-1) lp_norm_k_powers_surv.Rd:35: Lost braces; missing escapes or markup?
35 | the vector magnitude in the [L_{p}] norm (as well
| ^
Flavors: r-devel-linux-x86_64-debian-clang, r-devel-linux-x86_64-debian-gcc, r-devel-linux-x86_64-fedora-clang, r-devel-linux-x86_64-fedora-gcc, r-devel-windows-x86_64, r-patched-linux-x86_64, r-release-linux-x86_64, r-release-macos-arm64, r-release-windows-x86_64
Version: 0.1.3
Check: installed package size
Result: NOTE
installed size is 5.0Mb
sub-directories of 1Mb or more:
data 3.4Mb
doc 1.3Mb
Flavors: r-devel-linux-x86_64-fedora-clang, r-oldrel-macos-arm64, r-oldrel-macos-x86_64
Version: 0.1.3
Check: dependencies in R code
Result: NOTE
Namespace in Imports field not imported from: ‘devtools’
All declared Imports should be used.
Flavors: r-devel-linux-x86_64-fedora-clang, r-devel-linux-x86_64-fedora-gcc
These binaries (installable software) and packages are in development.
They may not be fully stable and should be used with caution. We make no claims about them.
Health stats visible at Monitor.