Last updated on 2025-10-10 09:50:31 CEST.
Flavor | Version | Tinstall | Tcheck | Ttotal | Status | Flags |
---|---|---|---|---|---|---|
r-devel-linux-x86_64-debian-clang | 4.2-1 | 63.31 | 83.57 | 146.88 | WARN | |
r-devel-linux-x86_64-debian-gcc | 4.2-1 | 44.74 | 61.99 | 106.73 | WARN | |
r-devel-linux-x86_64-fedora-clang | 4.2-1 | 250.11 | WARN | |||
r-devel-linux-x86_64-fedora-gcc | 4.2-1 | 245.30 | WARN | |||
r-devel-windows-x86_64 | 4.2-1 | 80.00 | 107.00 | 187.00 | WARN | |
r-patched-linux-x86_64 | 4.2-1 | 69.36 | 78.11 | 147.47 | WARN | |
r-release-linux-x86_64 | 4.2-1 | 68.77 | 78.19 | 146.96 | WARN | |
r-release-macos-arm64 | 4.2-1 | 65.00 | OK | |||
r-release-macos-x86_64 | 4.2-1 | 97.00 | OK | |||
r-release-windows-x86_64 | 4.2-1 | 82.00 | 111.00 | 193.00 | WARN | |
r-oldrel-macos-arm64 | 4.2-1 | 57.00 | OK | |||
r-oldrel-macos-x86_64 | 4.2-1 | 88.00 | NOTE | |||
r-oldrel-windows-x86_64 | 4.2-1 | 95.00 | 139.00 | 234.00 | WARN |
Version: 4.2-1
Check: CRAN incoming feasibility
Result: NOTE
Maintainer: ‘Claudio Agostinelli <claudio.agostinelli@unitn.it>’
No Authors@R field in DESCRIPTION.
Please add one, modifying
Authors@R: c(person(given = "Andy",
family = "Leung",
role = "aut"),
person(given = "Mike",
family = "Danilov",
role = "aut"),
person(given = "Victor",
family = "Yohai",
role = "aut"),
person(given = "Ruben",
family = "Zamar",
role = "aut"),
person(given = "Claudio",
family = "Agostinelli",
role = "cre",
email = "claudio.agostinelli@unitn.it"))
as necessary.
Flavors: r-devel-linux-x86_64-debian-clang, r-devel-linux-x86_64-debian-gcc
Version: 4.2-1
Check: whether package can be installed
Result: WARN
Found the following significant warnings:
emve.cpp:226:45: warning: 'max' is deprecated: use .index_max() instead [-Wdeprecated-declarations]
emve.cpp:308:37: warning: 'min' is deprecated: use .index_min() instead [-Wdeprecated-declarations]
See ‘/home/hornik/tmp/R.check/r-devel-clang/Work/PKGS/GSE.Rcheck/00install.out’ for details.
* used C compiler: ‘Debian clang version 19.1.7 (7)’
* used C++ compiler: ‘Debian clang version 19.1.7 (7)’
Flavor: r-devel-linux-x86_64-debian-clang
Version: 4.2-1
Check: whether package can be installed
Result: WARN
Found the following significant warnings:
emve.cpp:226:48: warning: ‘eT arma::Mat<eT>::max(arma::uword&) const [with eT = double; arma::uword = unsigned int]’ is deprecated: use .index_max() instead [-Wdeprecated-declarations]
emve.cpp:308:40: warning: ‘eT arma::Mat<eT>::min(arma::uword&) const [with eT = double; arma::uword = unsigned int]’ is deprecated: use .index_min() instead [-Wdeprecated-declarations]
See ‘/home/hornik/tmp/R.check/r-devel-gcc/Work/PKGS/GSE.Rcheck/00install.out’ for details.
* used C compiler: ‘gcc-15 (Debian 15.2.0-4) 15.2.0’
* used C++ compiler: ‘g++-15 (Debian 15.2.0-4) 15.2.0’
Flavor: r-devel-linux-x86_64-debian-gcc
Version: 4.2-1
Check: whether package can be installed
Result: WARN
Found the following significant warnings:
emve.cpp:226:45: warning: 'max' is deprecated: use .index_max() instead [-Wdeprecated-declarations]
emve.cpp:308:37: warning: 'min' is deprecated: use .index_min() instead [-Wdeprecated-declarations]
See ‘/data/gannet/ripley/R/packages/tests-clang/GSE.Rcheck/00install.out’ for details.
* used C compiler: ‘clang version 21.1.2’
* used C++ compiler: ‘clang version 21.1.2’
Flavor: r-devel-linux-x86_64-fedora-clang
Version: 4.2-1
Check: whether package can be installed
Result: WARN
Found the following significant warnings:
emve.cpp:226:48: warning: ‘eT arma::Mat<eT>::max(arma::uword&) const [with eT = double; arma::uword = unsigned int]’ is deprecated: use .index_max() instead [-Wdeprecated-declarations]
emve.cpp:308:40: warning: ‘eT arma::Mat<eT>::min(arma::uword&) const [with eT = double; arma::uword = unsigned int]’ is deprecated: use .index_min() instead [-Wdeprecated-declarations]
See ‘/data/gannet/ripley/R/packages/tests-devel/GSE.Rcheck/00install.out’ for details.
* used C compiler: ‘gcc (GCC) 15.1.1 20250521 (Red Hat 15.1.1-2)’
* used C++ compiler: ‘g++ (GCC) 15.1.1 20250521 (Red Hat 15.1.1-2)’
Flavor: r-devel-linux-x86_64-fedora-gcc
Version: 4.2-1
Check: whether package can be installed
Result: WARN
Found the following significant warnings:
emve.cpp:226:48: warning: 'eT arma::Mat<eT>::max(arma::uword&) const [with eT = double; arma::uword = unsigned int]' is deprecated: use .index_max() instead [-Wdeprecated-declarations]
emve.cpp:308:40: warning: 'eT arma::Mat<eT>::min(arma::uword&) const [with eT = double; arma::uword = unsigned int]' is deprecated: use .index_min() instead [-Wdeprecated-declarations]
See 'd:/Rcompile/CRANpkg/local/4.6/GSE.Rcheck/00install.out' for details.
* used C compiler: 'gcc.exe (GCC) 14.2.0'
* used C++ compiler: 'g++.exe (GCC) 14.2.0'
Flavor: r-devel-windows-x86_64
Version: 4.2-1
Check: whether package can be installed
Result: WARN
Found the following significant warnings:
emve.cpp:226:48: warning: ‘eT arma::Mat<eT>::max(arma::uword&) const [with eT = double; arma::uword = unsigned int]’ is deprecated: use .index_max() instead [-Wdeprecated-declarations]
emve.cpp:308:40: warning: ‘eT arma::Mat<eT>::min(arma::uword&) const [with eT = double; arma::uword = unsigned int]’ is deprecated: use .index_min() instead [-Wdeprecated-declarations]
See ‘/home/hornik/tmp/R.check/r-patched-gcc/Work/PKGS/GSE.Rcheck/00install.out’ for details.
* used C compiler: ‘gcc-14 (Debian 14.3.0-8) 14.3.0’
* used C++ compiler: ‘g++-14 (Debian 14.3.0-8) 14.3.0’
Flavor: r-patched-linux-x86_64
Version: 4.2-1
Check: whether package can be installed
Result: WARN
Found the following significant warnings:
emve.cpp:226:48: warning: ‘eT arma::Mat<eT>::max(arma::uword&) const [with eT = double; arma::uword = unsigned int]’ is deprecated: use .index_max() instead [-Wdeprecated-declarations]
emve.cpp:308:40: warning: ‘eT arma::Mat<eT>::min(arma::uword&) const [with eT = double; arma::uword = unsigned int]’ is deprecated: use .index_min() instead [-Wdeprecated-declarations]
See ‘/home/hornik/tmp/R.check/r-release-gcc/Work/PKGS/GSE.Rcheck/00install.out’ for details.
* used C compiler: ‘gcc-14 (Debian 14.3.0-8) 14.3.0’
* used C++ compiler: ‘g++-14 (Debian 14.3.0-8) 14.3.0’
Flavor: r-release-linux-x86_64
Version: 4.2-1
Check: whether package can be installed
Result: WARN
Found the following significant warnings:
emve.cpp:226:48: warning: 'eT arma::Mat<eT>::max(arma::uword&) const [with eT = double; arma::uword = unsigned int]' is deprecated: use .index_max() instead [-Wdeprecated-declarations]
emve.cpp:308:40: warning: 'eT arma::Mat<eT>::min(arma::uword&) const [with eT = double; arma::uword = unsigned int]' is deprecated: use .index_min() instead [-Wdeprecated-declarations]
See 'd:/Rcompile/CRANpkg/local/4.5/GSE.Rcheck/00install.out' for details.
* used C compiler: 'gcc.exe (GCC) 14.2.0'
* used C++ compiler: 'g++.exe (GCC) 14.2.0'
Flavor: r-release-windows-x86_64
Version: 4.2-1
Check: installed package size
Result: NOTE
installed size is 5.2Mb
sub-directories of 1Mb or more:
libs 4.6Mb
Flavor: r-oldrel-macos-x86_64
Version: 4.2-1
Check: whether package can be installed
Result: WARN
Found the following significant warnings:
emve.cpp:226:48: warning: 'eT arma::Mat<eT>::max(arma::uword&) const [with eT = double; arma::uword = unsigned int]' is deprecated: use .index_max() instead [-Wdeprecated-declarations]
emve.cpp:308:40: warning: 'eT arma::Mat<eT>::min(arma::uword&) const [with eT = double; arma::uword = unsigned int]' is deprecated: use .index_min() instead [-Wdeprecated-declarations]
See 'd:/Rcompile/CRANpkg/local/4.4/GSE.Rcheck/00install.out' for details.
* used C compiler: 'gcc.exe (GCC) 13.3.0'
* used C++ compiler: 'g++.exe (GCC) 13.3.0'
Flavor: r-oldrel-windows-x86_64
These binaries (installable software) and packages are in development.
They may not be fully stable and should be used with caution. We make no claims about them.
Health stats visible at Monitor.