CRAN Package Check Results for Package GRS.test

Last updated on 2025-05-15 07:49:40 CEST.

Flavor Version Tinstall Tcheck Ttotal Status Flags
r-devel-linux-x86_64-debian-clang 1.2 2.57 36.68 39.25 NOTE
r-devel-linux-x86_64-debian-gcc 1.2 1.91 25.87 27.78 NOTE
r-devel-linux-x86_64-fedora-clang 1.2 64.37 NOTE
r-devel-linux-x86_64-fedora-gcc 1.2 62.08 NOTE
r-devel-windows-x86_64 1.2 3.00 55.00 58.00 NOTE
r-patched-linux-x86_64 1.2 2.76 36.21 38.97 NOTE
r-release-linux-x86_64 1.2 2.50 34.57 37.07 NOTE
r-release-macos-arm64 1.2 NOTE
r-release-macos-x86_64 1.2 39.00 NOTE
r-release-windows-x86_64 1.2 4.00 56.00 60.00 NOTE
r-oldrel-macos-arm64 1.2 21.00 NOTE
r-oldrel-macos-x86_64 1.2 33.00 NOTE
r-oldrel-windows-x86_64 1.2 3.00 56.00 59.00 NOTE

Check Details

Version: 1.2
Check: CRAN incoming feasibility
Result: NOTE Maintainer: ‘Jae H. Kim <jaekim8080@gmail.com>’ No Authors@R field in DESCRIPTION. Please add one, modifying Authors@R: person(given = c("Jae", "H."), family = "Kim", role = c("aut", "cre"), email = "jaekim8080@gmail.com") as necessary. File 'R/GRS.test-internal.R' sets .Random.seed. This is usually neither needed nor wanted. Flavors: r-devel-linux-x86_64-debian-clang, r-devel-linux-x86_64-debian-gcc

Version: 1.2
Check: Rd files
Result: NOTE checkRd: (-1) GRS.Powerfunc.Rd:22: Lost braces 22 | {Power: }{Matrix of power values plotted} | ^ Flavors: r-devel-linux-x86_64-debian-clang, r-devel-linux-x86_64-debian-gcc, r-devel-linux-x86_64-fedora-clang, r-devel-linux-x86_64-fedora-gcc, r-devel-windows-x86_64, r-patched-linux-x86_64, r-release-linux-x86_64, r-release-macos-arm64, r-release-macos-x86_64, r-release-windows-x86_64, r-oldrel-macos-arm64, r-oldrel-macos-x86_64, r-oldrel-windows-x86_64

These binaries (installable software) and packages are in development.
They may not be fully stable and should be used with caution. We make no claims about them.
Health stats visible at Monitor.