CRAN Package Check Results for Package GPvecchia

Last updated on 2025-05-15 11:50:02 CEST.

Flavor Version Tinstall Tcheck Ttotal Status Flags
r-devel-linux-x86_64-debian-clang 0.1.7 86.15 67.65 153.80 NOTE
r-devel-linux-x86_64-debian-gcc 0.1.7 60.43 50.11 110.54 NOTE
r-devel-linux-x86_64-fedora-clang 0.1.7 297.85 OK
r-devel-linux-x86_64-fedora-gcc 0.1.7 291.81 OK
r-devel-windows-x86_64 0.1.7 98.00 93.00 191.00 OK
r-patched-linux-x86_64 0.1.7 85.89 54.19 140.08 OK
r-release-linux-x86_64 0.1.7 82.10 53.59 135.69 OK
r-release-macos-arm64 0.1.7 78.00 OK
r-release-macos-x86_64 0.1.7 137.00 OK
r-release-windows-x86_64 0.1.7 100.00 92.00 192.00 OK
r-oldrel-macos-arm64 0.1.7 61.00 NOTE
r-oldrel-macos-x86_64 0.1.7 80.00 NOTE
r-oldrel-windows-x86_64 0.1.7 115.00 115.00 230.00 OK

Check Details

Version: 0.1.7
Check: CRAN incoming feasibility
Result: NOTE Maintainer: ‘Marcin Jurek <marcinjurek1988@gmail.com>’ The Description field contains more detail in Katzfuss and Guinness (2017) <arXiv:1708.06302>. Package decomposition (IC0), based on Schaefer et al. (2019) <arXiv:1706.02205> and MaxMin ordering proposed in Guinness (2018) <arXiv:1609.05372>. Please refer to arXiv e-prints via their arXiv DOI <doi:10.48550/arXiv.YYMM.NNNNN>. Flavors: r-devel-linux-x86_64-debian-clang, r-devel-linux-x86_64-debian-gcc

Version: 0.1.7
Check: installed package size
Result: NOTE installed size is 5.7Mb sub-directories of 1Mb or more: libs 5.2Mb Flavors: r-oldrel-macos-arm64, r-oldrel-macos-x86_64

These binaries (installable software) and packages are in development.
They may not be fully stable and should be used with caution. We make no claims about them.
Health stats visible at Monitor.